Warning: file(http://www.wunderground.com/climate/extremes.asp): failed to open stream: HTTP request failed! HTTP/1.0 500 Internal Server Error in /homepages/6/d330860172/htdocs/usaextremes.php on line 55

Warning: implode(): Invalid arguments passed in /homepages/6/d330860172/htdocs/usaextremes.php on line 55

NOAA Style Climate Reports for Lebanon, TN

NOAA style reports

NOAA-style Climate Reports

2018: Jan | Feb | Mar | Apr | May | Jun | Jul | Aug | Sep | Oct | Nov | Dec 
2017: Jan | Feb | Mar | Apr | May | Jun | Jul | Aug | Sep | Oct | Nov | Dec 
2016: Jan | Feb | Mar | Apr | May | Jun | Jul | Aug | Sep | Oct | Nov | Dec 
2015: Jan | Feb | Mar | Apr | May | Jun | Jul | Aug | Sep | Oct | Nov | Dec 
2014: Jan | Feb | Mar | Apr | May | Jun | Jul | Aug | Sep | Oct | Nov | Dec 
2013: Jan | Feb | Mar | Apr | May | Jun | Jul | Aug | Sep | Oct | Nov | Dec 
2012: Jan | Feb | Mar | Apr | May | Jun | Jul | Aug | Sep | Oct | Nov | Dec 
2011: Jan | Feb | Mar | Apr | May | Jun | Jul | Aug | Sep | Oct | Nov | Dec 
2010: Jan | Feb | Mar | Apr | May | Jun | Jul | Aug | Sep | Oct | Nov | Dec 
2009: Jan | Feb | Mar | Apr | May | Jun | Jul | Aug | Sep | Oct | Nov | Dec 
2008: Jan | Feb | Mar | Apr | May | Jun | Jul | Aug | Sep | Oct | Nov | Dec 
2007: Jan | Feb | Mar | Apr | May | Jun | Jul | Aug | Sep | Oct | Nov | Dec 
2006: Jan | Feb | Mar | Apr | May | Jun | Jul | Aug | Sep | Oct | Nov | Dec 
2005: Jan | Feb | Mar | Apr | May | Jun | Jul | Aug | Sep | Oct | Nov | Dec 
2004: Jan | Feb | Mar | Apr | May | Jun | Jul | Aug | Sep | Oct | Nov | Dec 
2003: Jan | Feb | Mar | Apr | May | Jun | Jul | Aug | Sep | Oct | Nov | Dec 
2002: Jan | Feb | Mar | Apr | May | Jun | Jul | Aug | Sep | Oct | Nov | Dec 
2001: Jan | Feb | Mar | Apr | May | Jun | Jul | Aug | Sep | Oct | Nov | Dec 
2000: Jan | Feb | Mar | Apr | May | Jun | Jul | Aug | Sep | Oct | Nov | Dec 
1999: Jan | Feb | Mar | Apr | May | Jun | Jul | Aug | Sep | Oct | Nov | Dec 
1998: Jan | Feb | Mar | Apr | May | Jun | Jul | Aug | Sep | Oct | Nov | Dec 
1997: Jan | Feb | Mar | Apr | May | Jun | Jul | Aug | Sep | Oct | Nov | Dec 
1996: Jan | Feb | Mar | Apr | May | Jun | Jul | Aug | Sep | Oct | Nov | Dec 
1995: Jan | Feb | Mar | Apr | May | Jun | Jul | Aug | Sep | Oct | Nov | Dec 

Report for 2004 11
MONTHLY CLIMATOLOGICAL SUMMARY for NOV. 2004 NAME: HornSpri CITY: Lebanon STATE: TN ELEV: 612 ft LAT: 36 14' 05" N LONG: 86 22' 55" W TEMPERATURE (F), RAIN (in), WIND SPEED (mph) HEAT COOL AVG MEAN DEG DEG WIND DOM DAY TEMP HIGH TIME LOW TIME DAYS DAYS RAIN SPEED HIGH TIME DIR ------------------------------------------------------------------------------------ 1 72.3 81.2 13:04 63.4 0:01 0.0 7.3 0.00 4.2 24.0 13:56 S 2 66.4 76.1 9:53 56.7 23:54 0.0 1.4 0.04 3.5 19.0 11:42 S 3 60.5 66.6 23:51 54.5 6:24 4.5 0.0 0.24 2.4 19.0 9:24 NE 4 58.7 66.9 0:18 50.5 23:38 6.3 0.0 1.02 5.5 26.0 2:26 WSW 5 46.8 57.8 14:42 35.9 23:36 18.2 0.0 0.00 1.7 13.0 10:56 NNW 6 52.0 67.4 12:46 36.5 0:01 13.0 0.0 0.00 1.6 18.0 14:08 WSW 7 61.6 73.3 15:25 49.9 6:28 3.4 0.0 0.00 2.4 19.0 19:58 SSW 8 47.0 58.4 12:34 35.6 00:00 18.0 0.0 0.00 2.4 19.0 10:14 NNE 9 47.2 61.0 14:41 33.4 3:23 17.8 0.0 0.00 0.8 12.0 10:58 ENE 10 51.3 64.3 14:12 38.2 6:11 13.8 0.0 0.00 1.5 19.0 10:31 SSE 11 55.7 63.2 11:48 48.2 0:43 9.3 0.0 0.41 1.9 17.0 9:21 SSE 12 51.2 56.9 0:59 45.5 00:00 13.8 0.0 0.00 4.5 24.0 21:23 N 13 46.7 56.3 14:37 37.0 6:23 18.3 0.0 0.00 4.7 22.0 8:33 NE 14 48.5 61.8 13:15 35.3 6:53 16.5 0.0 0.00 0.7 10.0 0:05 ENE 15 45.7 61.3 13:15 30.0 6:04 19.3 0.0 0.00 0.2 6.0 11:01 NW 16 47.3 58.4 13:42 36.3 1:03 17.7 0.0 0.00 0.1 5.0 9:34 E 17 55.6 63.2 14:21 47.9 23:59 9.4 0.0 0.01 0.2 6.0 11:15 ESE 18 54.3 62.7 13:41 45.8 3:34 10.8 0.0 0.04 0.2 5.0 7:05 ESE 19 54.3 56.5 12:23 52.0 5:39 10.8 0.0 0.03 0.7 10.0 10:17 SSW 20 57.0 60.1 14:49 53.9 18:12 8.0 0.0 0.03 0.7 11.0 10:53 WSW 21 53.1 58.0 14:28 48.2 3:43 11.9 0.0 0.03 0.2 6.0 4:58 E 22 54.0 61.0 12:42 47.1 5:29 11.0 0.0 0.01 0.2 6.0 6:45 ESE 23 57.7 61.2 14:43 54.1 0:57 7.3 0.0 0.63 0.5 8.0 21:24 ESE 24 53.2 67.8 14:39 38.6 23:52 11.8 0.0 0.79 6.3 33.0 18:17 SSW 25 38.1 45.5 14:07 30.7 21:42 26.9 0.0 0.00 3.7 25.0 3:58 NW 26 43.6 56.0 14:52 31.2 3:27 21.4 0.0 0.00 2.4 21.0 23:07 SSE 27 47.0 49.4 11:58 44.5 16:48 18.0 0.0 0.24 5.1 35.0 13:55 SSE 28 41.0 48.5 15:03 33.4 7:18 24.0 0.0 0.00 1.2 13.0 0:16 NNW 29 48.3 57.3 14:20 39.2 2:29 16.8 0.0 0.09 0.8 10.0 12:13 ESE 30 52.8 60.2 18:18 45.5 23:50 12.2 0.0 2.62 4.1 32.0 23:27 WSW ------------------------------------------------------------------------------------- 52.3 81.2 1 30.0 15 390.0 8.7 6.23 2.1 35.0 27 SSE Max >= 90.0: 0 Max <= 32.0: 0 Min <= 32.0: 3 Min <= 0.0: 0 Max Rain: 2.62 ON 11/30/04 Days of Rain: 13 (>.01 in) 7 (>.1 in) 2 (>1 in) Heat Base: 65.0 Cool Base: 65.0 Method: (High + Low) / 2