Warning: file(http://www.wunderground.com/climate/extremes.asp): failed to open stream: HTTP request failed! HTTP/1.0 500 Internal Server Error in /homepages/6/d330860172/htdocs/usaextremes.php on line 55

Warning: implode(): Invalid arguments passed in /homepages/6/d330860172/htdocs/usaextremes.php on line 55

NOAA Style Climate Reports for Lebanon, TN

NOAA style reports

NOAA-style Climate Reports

2018: Jan | Feb | Mar | Apr | May | Jun | Jul | Aug | Sep | Oct | Nov | Dec 
2017: Jan | Feb | Mar | Apr | May | Jun | Jul | Aug | Sep | Oct | Nov | Dec 
2016: Jan | Feb | Mar | Apr | May | Jun | Jul | Aug | Sep | Oct | Nov | Dec 
2015: Jan | Feb | Mar | Apr | May | Jun | Jul | Aug | Sep | Oct | Nov | Dec 
2014: Jan | Feb | Mar | Apr | May | Jun | Jul | Aug | Sep | Oct | Nov | Dec 
2013: Jan | Feb | Mar | Apr | May | Jun | Jul | Aug | Sep | Oct | Nov | Dec 
2012: Jan | Feb | Mar | Apr | May | Jun | Jul | Aug | Sep | Oct | Nov | Dec 
2011: Jan | Feb | Mar | Apr | May | Jun | Jul | Aug | Sep | Oct | Nov | Dec 
2010: Jan | Feb | Mar | Apr | May | Jun | Jul | Aug | Sep | Oct | Nov | Dec 
2009: Jan | Feb | Mar | Apr | May | Jun | Jul | Aug | Sep | Oct | Nov | Dec 
2008: Jan | Feb | Mar | Apr | May | Jun | Jul | Aug | Sep | Oct | Nov | Dec 
2007: Jan | Feb | Mar | Apr | May | Jun | Jul | Aug | Sep | Oct | Nov | Dec 
2006: Jan | Feb | Mar | Apr | May | Jun | Jul | Aug | Sep | Oct | Nov | Dec 
2005: Jan | Feb | Mar | Apr | May | Jun | Jul | Aug | Sep | Oct | Nov | Dec 
2004: Jan | Feb | Mar | Apr | May | Jun | Jul | Aug | Sep | Oct | Nov | Dec 
2003: Jan | Feb | Mar | Apr | May | Jun | Jul | Aug | Sep | Oct | Nov | Dec 
2002: Jan | Feb | Mar | Apr | May | Jun | Jul | Aug | Sep | Oct | Nov | Dec 
2001: Jan | Feb | Mar | Apr | May | Jun | Jul | Aug | Sep | Oct | Nov | Dec 
2000: Jan | Feb | Mar | Apr | May | Jun | Jul | Aug | Sep | Oct | Nov | Dec 
1999: Jan | Feb | Mar | Apr | May | Jun | Jul | Aug | Sep | Oct | Nov | Dec 
1998: Jan | Feb | Mar | Apr | May | Jun | Jul | Aug | Sep | Oct | Nov | Dec 
1997: Jan | Feb | Mar | Apr | May | Jun | Jul | Aug | Sep | Oct | Nov | Dec 
1996: Jan | Feb | Mar | Apr | May | Jun | Jul | Aug | Sep | Oct | Nov | Dec 
1995: Jan | Feb | Mar | Apr | May | Jun | Jul | Aug | Sep | Oct | Nov | Dec 

Report for 2004 12
MONTHLY CLIMATOLOGICAL SUMMARY for DEC. 2004 NAME: HornSpri CITY: Lebanon STATE: TN ELEV: 612 ft LAT: 36 14' 05" N LONG: 86 22' 55" W TEMPERATURE (F), RAIN (in), WIND SPEED (mph) HEAT COOL AVG MEAN DEG DEG WIND DOM DAY TEMP HIGH TIME LOW TIME DAYS DAYS RAIN SPEED HIGH TIME DIR ------------------------------------------------------------------------------------ 1 38.3 46.5 13:43 30.1 23:56 26.7 0.0 0.00 2.8 28.0 0:25 W 2 37.5 51.0 14:47 24.1 6:38 27.5 0.0 0.00 1.4 14.0 13:33 WSW 3 38.4 50.1 14:25 26.7 6:42 26.6 0.0 0.00 0.3 10.0 14:33 WSW 4 41.4 55.9 14:11 26.9 5:02 23.6 0.0 0.00 1.0 14.0 12:32 SW 5 44.3 58.3 11:11 30.3 6:21 20.7 0.0 0.42 1.3 14.0 22:52 SSE 6 57.6 62.4 13:17 52.8 0:01 7.4 0.0 0.86 3.1 18.0 10:20 SSW 7 54.8 67.1 13:07 42.6 23:49 10.2 0.0 1.02 6.8 32.0 12:20 W 8 46.3 58.0 14:43 34.6 7:06 18.7 0.0 0.04 0.4 9.0 00:00 ESE 9 53.0 58.9 13:25 47.1 1:09 12.0 0.0 1.12 2.1 27.0 7:44 WSW 10 47.8 54.5 12:07 41.1 23:51 17.2 0.0 0.11 4.5 24.0 16:58 W 11 40.3 42.3 14:05 38.3 23:41 24.7 0.0 0.06 3.9 21.0 14:10 WNW 12 42.3 49.9 14:36 34.6 6:12 22.8 0.0 0.00 2.4 18.0 12:55 WSW 13 38.2 46.1 0:38 30.3 23:53 26.8 0.0 0.00 6.5 27.0 12:16 NNW 14 27.0 30.3 0:01 23.8 21:03 38.0 0.0 0.00 4.6 20.0 2:52 NNW 15 27.3 38.9 15:13 15.6 6:37 37.8 0.0 0.00 0.4 8.0 9:18 ESE 16 34.8 49.8 14:00 19.7 0:41 30.3 0.0 0.00 1.3 16.0 13:11 WSW 17 37.1 49.5 13:23 24.7 6:47 27.9 0.0 0.00 0.5 10.0 12:28 WSW 18 38.0 53.1 13:56 23.0 7:10 27.0 0.0 0.01 2.2 21.0 13:37 SW 19 26.6 39.1 3:44 14.1 23:40 38.4 0.0 0.00 6.7 31.0 12:37 NNW 20 24.4 37.0 23:57 11.7 2:27 40.7 0.0 0.00 3.5 21.0 22:38 SSW 21 45.7 54.5 18:20 36.9 0:01 19.3 0.0 0.01 5.2 24.0 0:36 SSW 22 41.6 51.9 2:07 31.3 22:41 23.4 0.0 1.78 3.5 19.0 21:33 N 23 24.0 32.2 0:01 15.7 23:56 41.0 0.0 0.14 0.0 0.0 --- --- 24 18.9 24.2 14:10 13.6 4:50 46.1 0.0 0.01 0.0 0.0 --- --- 25 22.7 33.1 13:08 12.3 3:32 42.3 0.0 0.00 0.2 7.0 13:33 N 26 27.4 36.6 13:42 18.3 4:36 37.6 0.0 0.00 1.0 12.0 15:09 NNW 27 28.5 37.5 14:15 19.5 7:12 36.5 0.0 0.00 1.5 12.0 0:45 NE 28 37.1 53.1 14:28 21.1 6:40 27.9 0.0 0.00 2.4 19.0 10:20 SSW 29 47.8 55.6 13:59 40.1 0:01 17.2 0.0 0.00 3.6 16.0 14:10 SSW 30 56.0 63.7 12:23 48.2 1:03 9.0 0.0 0.00 4.5 18.0 12:42 SSW 31 58.1 64.8 13:49 51.4 5:38 6.9 0.0 0.02 4.1 21.0 9:47 SSW ------------------------------------------------------------------------------------- 38.8 67.1 7 11.7 20 811.8 0.0 5.60 2.6 32.0 7 SSW Max >= 90.0: 0 Max <= 32.0: 2 Min <= 32.0: 20 Min <= 0.0: 0 Max Rain: 1.78 ON 12/22/04 Days of Rain: 10 (>.01 in) 7 (>.1 in) 3 (>1 in) Heat Base: 65.0 Cool Base: 65.0 Method: (High + Low) / 2