Warning: file(http://www.wunderground.com/climate/extremes.asp): failed to open stream: HTTP request failed! HTTP/1.0 500 Internal Server Error in /homepages/6/d330860172/htdocs/usaextremes.php on line 55

Warning: implode(): Invalid arguments passed in /homepages/6/d330860172/htdocs/usaextremes.php on line 55

NOAA Style Climate Reports for Lebanon, TN

NOAA style reports

NOAA-style Climate Reports

2018: Jan | Feb | Mar | Apr | May | Jun | Jul | Aug | Sep | Oct | Nov | Dec 
2017: Jan | Feb | Mar | Apr | May | Jun | Jul | Aug | Sep | Oct | Nov | Dec 
2016: Jan | Feb | Mar | Apr | May | Jun | Jul | Aug | Sep | Oct | Nov | Dec 
2015: Jan | Feb | Mar | Apr | May | Jun | Jul | Aug | Sep | Oct | Nov | Dec 
2014: Jan | Feb | Mar | Apr | May | Jun | Jul | Aug | Sep | Oct | Nov | Dec 
2013: Jan | Feb | Mar | Apr | May | Jun | Jul | Aug | Sep | Oct | Nov | Dec 
2012: Jan | Feb | Mar | Apr | May | Jun | Jul | Aug | Sep | Oct | Nov | Dec 
2011: Jan | Feb | Mar | Apr | May | Jun | Jul | Aug | Sep | Oct | Nov | Dec 
2010: Jan | Feb | Mar | Apr | May | Jun | Jul | Aug | Sep | Oct | Nov | Dec 
2009: Jan | Feb | Mar | Apr | May | Jun | Jul | Aug | Sep | Oct | Nov | Dec 
2008: Jan | Feb | Mar | Apr | May | Jun | Jul | Aug | Sep | Oct | Nov | Dec 
2007: Jan | Feb | Mar | Apr | May | Jun | Jul | Aug | Sep | Oct | Nov | Dec 
2006: Jan | Feb | Mar | Apr | May | Jun | Jul | Aug | Sep | Oct | Nov | Dec 
2005: Jan | Feb | Mar | Apr | May | Jun | Jul | Aug | Sep | Oct | Nov | Dec 
2004: Jan | Feb | Mar | Apr | May | Jun | Jul | Aug | Sep | Oct | Nov | Dec 
2003: Jan | Feb | Mar | Apr | May | Jun | Jul | Aug | Sep | Oct | Nov | Dec 
2002: Jan | Feb | Mar | Apr | May | Jun | Jul | Aug | Sep | Oct | Nov | Dec 
2001: Jan | Feb | Mar | Apr | May | Jun | Jul | Aug | Sep | Oct | Nov | Dec 
2000: Jan | Feb | Mar | Apr | May | Jun | Jul | Aug | Sep | Oct | Nov | Dec 
1999: Jan | Feb | Mar | Apr | May | Jun | Jul | Aug | Sep | Oct | Nov | Dec 
1998: Jan | Feb | Mar | Apr | May | Jun | Jul | Aug | Sep | Oct | Nov | Dec 
1997: Jan | Feb | Mar | Apr | May | Jun | Jul | Aug | Sep | Oct | Nov | Dec 
1996: Jan | Feb | Mar | Apr | May | Jun | Jul | Aug | Sep | Oct | Nov | Dec 
1995: Jan | Feb | Mar | Apr | May | Jun | Jul | Aug | Sep | Oct | Nov | Dec 

Report for 2005 01
MONTHLY CLIMATOLOGICAL SUMMARY for JAN. 2005 NAME: HornSpri CITY: Lebanon STATE: TN ELEV: 612 ft LAT: 36 14' 05" N LONG: 86 22' 55" W TEMPERATURE (F), RAIN (in), WIND SPEED (mph) HEAT COOL AVG MEAN DEG DEG WIND DOM DAY TEMP HIGH TIME LOW TIME DAYS DAYS RAIN SPEED HIGH TIME DIR ------------------------------------------------------------------------------------ 1 59.8 67.9 12:32 51.7 2:52 5.2 0.0 0.00 1.5 17.0 10:04 SSW 2 60.2 65.3 13:45 55.1 3:06 4.8 0.0 0.49 2.2 17.0 11:23 SSW 3 61.4 64.7 13:21 58.1 4:24 3.6 0.0 0.02 3.9 20.0 12:31 SSW 4 58.6 61.8 8:48 55.4 23:46 6.4 0.0 0.06 2.6 14.0 11:07 SSW 5 58.0 62.0 10:50 54.1 3:22 7.0 0.0 0.05 5.4 22.0 18:48 SSW 6 48.8 62.9 1:09 34.6 23:56 16.3 0.0 0.57 4.6 31.0 1:50 WSW 7 42.2 49.9 23:14 34.4 1:51 22.8 0.0 1.75 1.2 14.0 16:34 E 8 44.7 49.6 0:42 39.8 23:43 20.3 0.0 0.00 2.3 25.0 1:48 NNW 9 47.2 55.3 15:28 39.1 6:36 17.8 0.0 0.00 2.1 14.0 18:10 SSW 10 53.6 58.3 23:45 48.9 4:43 11.4 0.0 0.00 1.1 12.0 22:04 SW 11 59.5 61.8 14:56 57.2 1:58 5.5 0.0 0.33 3.5 15.0 12:22 SSW 12 63.6 66.9 14:55 60.2 0:08 1.4 0.0 0.00 5.5 19.0 15:53 SSW 13 53.0 67.9 9:04 38.0 22:01 12.0 0.0 0.75 7.3 31.0 8:19 SSW 14 32.7 38.3 0:01 27.0 21:33 32.3 0.0 0.00 3.9 21.0 4:31 N 15 35.3 44.1 15:17 26.4 7:01 29.8 0.0 0.00 2.1 17.0 10:08 N 16 25.8 31.9 0:01 19.7 23:55 39.2 0.0 0.00 4.9 22.0 15:31 NNW 17 19.7 26.1 15:47 13.3 7:14 45.3 0.0 0.00 3.1 17.0 12:00 N 18 20.3 29.5 15:55 11.1 7:10 44.7 0.0 0.00 1.2 10.0 0:46 N 19 37.8 49.9 13:57 25.8 0:01 27.2 0.0 0.00 4.2 25.0 10:50 SW 20 41.5 55.7 16:27 27.2 0:03 23.5 0.0 0.00 1.4 12.0 18:29 WSW 21 39.7 48.3 0:01 31.0 22:43 25.3 0.0 0.00 2.2 16.0 4:37 N 22 36.5 54.8 6:48 18.1 19:53 28.5 0.0 0.00 8.5 37.0 16:06 NW 23 19.9 26.6 15:46 13.1 23:15 45.2 0.0 0.00 4.4 25.0 1:28 N 24 29.4 46.1 15:53 12.8 0:12 35.6 0.0 0.00 2.4 24.0 13:42 SW 25 42.8 57.5 15:58 28.1 5:44 22.2 0.0 0.04 2.1 14.0 12:48 SSW 26 46.0 55.0 11:10 37.0 00:00 19.0 0.0 0.04 4.8 30.0 15:07 NNW 27 34.3 39.5 14:31 29.0 23:56 30.8 0.0 0.00 6.1 22.0 12:00 NE 28 38.8 49.8 13:41 27.8 2:51 26.2 0.0 0.10 2.6 18.0 14:29 SSE 29 36.4 38.8 13:22 34.0 0:05 28.6 0.0 0.27 0.9 9.0 3:16 ESE 30 36.9 38.3 15:56 35.6 7:10 28.1 0.0 0.00 1.5 12.0 15:03 NNW 31 39.0 41.8 12:09 36.2 2:58 26.0 0.0 0.00 0.9 11.0 1:54 NE ------------------------------------------------------------------------------------- 42.7 67.9 1 11.1 18 691.9 0.0 4.47 3.2 37.0 22 SSW Max >= 90.0: 0 Max <= 32.0: 4 Min <= 32.0: 14 Min <= 0.0: 0 Max Rain: 1.75 ON 01/07/05 Days of Rain: 12 (>.01 in) 6 (>.1 in) 1 (>1 in) Heat Base: 65.0 Cool Base: 65.0 Method: (High + Low) / 2