Warning: file(http://www.wunderground.com/climate/extremes.asp): failed to open stream: HTTP request failed! HTTP/1.0 500 Internal Server Error in /homepages/6/d330860172/htdocs/usaextremes.php on line 55

Warning: implode(): Invalid arguments passed in /homepages/6/d330860172/htdocs/usaextremes.php on line 55

NOAA Style Climate Reports for Lebanon, TN

NOAA style reports

NOAA-style Climate Reports

2018: Jan | Feb | Mar | Apr | May | Jun | Jul | Aug | Sep | Oct | Nov | Dec 
2017: Jan | Feb | Mar | Apr | May | Jun | Jul | Aug | Sep | Oct | Nov | Dec 
2016: Jan | Feb | Mar | Apr | May | Jun | Jul | Aug | Sep | Oct | Nov | Dec 
2015: Jan | Feb | Mar | Apr | May | Jun | Jul | Aug | Sep | Oct | Nov | Dec 
2014: Jan | Feb | Mar | Apr | May | Jun | Jul | Aug | Sep | Oct | Nov | Dec 
2013: Jan | Feb | Mar | Apr | May | Jun | Jul | Aug | Sep | Oct | Nov | Dec 
2012: Jan | Feb | Mar | Apr | May | Jun | Jul | Aug | Sep | Oct | Nov | Dec 
2011: Jan | Feb | Mar | Apr | May | Jun | Jul | Aug | Sep | Oct | Nov | Dec 
2010: Jan | Feb | Mar | Apr | May | Jun | Jul | Aug | Sep | Oct | Nov | Dec 
2009: Jan | Feb | Mar | Apr | May | Jun | Jul | Aug | Sep | Oct | Nov | Dec 
2008: Jan | Feb | Mar | Apr | May | Jun | Jul | Aug | Sep | Oct | Nov | Dec 
2007: Jan | Feb | Mar | Apr | May | Jun | Jul | Aug | Sep | Oct | Nov | Dec 
2006: Jan | Feb | Mar | Apr | May | Jun | Jul | Aug | Sep | Oct | Nov | Dec 
2005: Jan | Feb | Mar | Apr | May | Jun | Jul | Aug | Sep | Oct | Nov | Dec 
2004: Jan | Feb | Mar | Apr | May | Jun | Jul | Aug | Sep | Oct | Nov | Dec 
2003: Jan | Feb | Mar | Apr | May | Jun | Jul | Aug | Sep | Oct | Nov | Dec 
2002: Jan | Feb | Mar | Apr | May | Jun | Jul | Aug | Sep | Oct | Nov | Dec 
2001: Jan | Feb | Mar | Apr | May | Jun | Jul | Aug | Sep | Oct | Nov | Dec 
2000: Jan | Feb | Mar | Apr | May | Jun | Jul | Aug | Sep | Oct | Nov | Dec 
1999: Jan | Feb | Mar | Apr | May | Jun | Jul | Aug | Sep | Oct | Nov | Dec 
1998: Jan | Feb | Mar | Apr | May | Jun | Jul | Aug | Sep | Oct | Nov | Dec 
1997: Jan | Feb | Mar | Apr | May | Jun | Jul | Aug | Sep | Oct | Nov | Dec 
1996: Jan | Feb | Mar | Apr | May | Jun | Jul | Aug | Sep | Oct | Nov | Dec 
1995: Jan | Feb | Mar | Apr | May | Jun | Jul | Aug | Sep | Oct | Nov | Dec 

Report for 2005 02
MONTHLY CLIMATOLOGICAL SUMMARY for FEB. 2005 NAME: HornSpri CITY: Lebanon STATE: TN ELEV: 612 ft LAT: 36 14' 05" N LONG: 86 22' 55" W TEMPERATURE (F), RAIN (in), WIND SPEED (mph) HEAT COOL AVG MEAN DEG DEG WIND DOM DAY TEMP HIGH TIME LOW TIME DAYS DAYS RAIN SPEED HIGH TIME DIR ------------------------------------------------------------------------------------ 1 42.2 46.1 16:00 38.2 6:31 22.8 0.0 0.00 0.8 10.0 7:15 NE 2 40.8 43.2 12:09 38.5 2:20 24.2 0.0 0.35 0.7 8.0 13:36 ESE 3 34.6 40.9 15:47 28.2 23:34 30.4 0.0 0.01 1.4 13.0 8:45 NNW 4 37.0 48.9 15:50 25.1 4:33 28.0 0.0 0.00 0.5 11.0 12:22 E 5 42.1 58.4 16:03 25.8 6:41 22.9 0.0 0.00 0.6 10.0 14:38 ESE 6 50.3 63.5 13:21 37.0 3:28 14.8 0.0 0.00 1.5 17.0 10:45 SSE 7 48.4 58.0 11:45 38.8 3:00 16.6 0.0 0.59 2.4 21.0 21:22 S 8 55.3 62.3 13:44 48.2 5:43 9.8 0.0 0.00 0.5 8.0 14:56 SSW 9 42.7 50.1 10:05 35.3 00:00 22.3 0.0 0.00 3.3 21.0 15:55 NW 10 28.1 35.3 0:01 21.0 00:00 36.8 0.0 0.00 4.5 21.0 12:46 NW 11 33.9 50.5 14:54 17.3 4:37 31.1 0.0 0.00 1.7 18.0 14:56 WSW 12 45.3 62.4 14:15 28.2 6:42 19.7 0.0 0.00 1.8 17.0 14:18 WSW 13 49.0 54.2 21:10 43.8 5:12 16.0 0.0 0.80 4.3 21.0 22:56 S 14 55.3 66.4 14:27 44.1 22:46 9.8 0.0 0.02 4.9 22.0 11:49 SSW 15 53.0 66.8 14:19 39.1 5:17 12.0 0.0 0.00 3.0 20.0 11:43 SSW 16 48.7 58.9 4:40 38.5 23:56 16.3 0.0 0.00 4.0 25.0 6:07 NNW 17 36.4 46.8 13:40 26.0 23:58 28.6 0.0 0.00 3.7 25.0 12:04 NNW 18 38.8 55.0 14:11 22.5 2:40 26.3 0.0 0.00 1.4 24.0 14:08 W 19 36.5 44.8 15:46 28.1 4:11 28.5 0.0 0.00 0.7 10.0 20:54 ESE 20 46.2 50.2 23:57 42.2 3:16 18.8 0.0 1.52 4.7 25.0 13:49 SSW 21 55.0 65.5 14:51 44.5 23:56 10.0 0.0 1.02 3.4 21.0 15:06 NNW 22 46.3 53.9 14:33 38.8 23:29 18.7 0.0 0.00 2.5 16.0 15:32 N 23 44.8 51.7 15:11 37.9 3:29 20.2 0.0 0.00 3.2 14.0 1:18 NE 24 39.8 43.3 0:01 36.2 23:34 25.3 0.0 0.00 3.9 19.0 15:16 N 25 38.7 48.3 16:05 29.0 23:51 26.3 0.0 0.00 1.5 13.0 9:22 N 26 42.3 59.0 14:36 25.6 6:36 22.7 0.0 0.00 0.5 8.0 13:40 NE 27 45.2 55.7 12:46 34.7 6:44 19.8 0.0 0.06 1.6 14.0 12:57 ESE 28 36.8 45.2 11:29 28.4 23:57 28.2 0.0 0.49 2.8 27.0 15:15 WNW ------------------------------------------------------------------------------------- 43.3 66.8 15 17.3 11 606.8 0.0 4.86 2.4 27.0 28 NNW Max >= 90.0: 0 Max <= 32.0: 0 Min <= 32.0: 12 Min <= 0.0: 0 Max Rain: 1.52 ON 02/20/05 Days of Rain: 8 (>.01 in) 6 (>.1 in) 2 (>1 in) Heat Base: 65.0 Cool Base: 65.0 Method: (High + Low) / 2