Warning: file(http://www.wunderground.com/climate/extremes.asp): failed to open stream: HTTP request failed! HTTP/1.0 500 Internal Server Error in /homepages/6/d330860172/htdocs/usaextremes.php on line 55

Warning: implode(): Invalid arguments passed in /homepages/6/d330860172/htdocs/usaextremes.php on line 55

NOAA Style Climate Reports for Lebanon, TN

NOAA style reports

NOAA-style Climate Reports

2018: Jan | Feb | Mar | Apr | May | Jun | Jul | Aug | Sep | Oct | Nov | Dec 
2017: Jan | Feb | Mar | Apr | May | Jun | Jul | Aug | Sep | Oct | Nov | Dec 
2016: Jan | Feb | Mar | Apr | May | Jun | Jul | Aug | Sep | Oct | Nov | Dec 
2015: Jan | Feb | Mar | Apr | May | Jun | Jul | Aug | Sep | Oct | Nov | Dec 
2014: Jan | Feb | Mar | Apr | May | Jun | Jul | Aug | Sep | Oct | Nov | Dec 
2013: Jan | Feb | Mar | Apr | May | Jun | Jul | Aug | Sep | Oct | Nov | Dec 
2012: Jan | Feb | Mar | Apr | May | Jun | Jul | Aug | Sep | Oct | Nov | Dec 
2011: Jan | Feb | Mar | Apr | May | Jun | Jul | Aug | Sep | Oct | Nov | Dec 
2010: Jan | Feb | Mar | Apr | May | Jun | Jul | Aug | Sep | Oct | Nov | Dec 
2009: Jan | Feb | Mar | Apr | May | Jun | Jul | Aug | Sep | Oct | Nov | Dec 
2008: Jan | Feb | Mar | Apr | May | Jun | Jul | Aug | Sep | Oct | Nov | Dec 
2007: Jan | Feb | Mar | Apr | May | Jun | Jul | Aug | Sep | Oct | Nov | Dec 
2006: Jan | Feb | Mar | Apr | May | Jun | Jul | Aug | Sep | Oct | Nov | Dec 
2005: Jan | Feb | Mar | Apr | May | Jun | Jul | Aug | Sep | Oct | Nov | Dec 
2004: Jan | Feb | Mar | Apr | May | Jun | Jul | Aug | Sep | Oct | Nov | Dec 
2003: Jan | Feb | Mar | Apr | May | Jun | Jul | Aug | Sep | Oct | Nov | Dec 
2002: Jan | Feb | Mar | Apr | May | Jun | Jul | Aug | Sep | Oct | Nov | Dec 
2001: Jan | Feb | Mar | Apr | May | Jun | Jul | Aug | Sep | Oct | Nov | Dec 
2000: Jan | Feb | Mar | Apr | May | Jun | Jul | Aug | Sep | Oct | Nov | Dec 
1999: Jan | Feb | Mar | Apr | May | Jun | Jul | Aug | Sep | Oct | Nov | Dec 
1998: Jan | Feb | Mar | Apr | May | Jun | Jul | Aug | Sep | Oct | Nov | Dec 
1997: Jan | Feb | Mar | Apr | May | Jun | Jul | Aug | Sep | Oct | Nov | Dec 
1996: Jan | Feb | Mar | Apr | May | Jun | Jul | Aug | Sep | Oct | Nov | Dec 
1995: Jan | Feb | Mar | Apr | May | Jun | Jul | Aug | Sep | Oct | Nov | Dec 

Report for 2005 03
MONTHLY CLIMATOLOGICAL SUMMARY for MAR. 2005 NAME: HornSpri CITY: Lebanon STATE: TN ELEV: 612 ft LAT: 36 14' 05" N LONG: 86 22' 55" W TEMPERATURE (F), RAIN (in), WIND SPEED (mph) HEAT COOL AVG MEAN DEG DEG WIND DOM DAY TEMP HIGH TIME LOW TIME DAYS DAYS RAIN SPEED HIGH TIME DIR ------------------------------------------------------------------------------------ 1 28.2 33.7 16:11 22.7 23:59 36.8 0.0 0.02 4.7 24.0 10:49 WNW 2 32.1 45.8 16:03 18.4 5:42 32.9 0.0 0.00 1.3 14.0 10:51 NW 3 39.6 52.6 16:35 26.6 3:50 25.4 0.0 0.00 0.5 9.0 13:09 E 4 44.8 62.4 14:09 27.2 3:08 20.2 0.0 0.00 4.1 25.0 12:10 SW 5 43.0 53.9 11:55 32.1 23:58 22.0 0.0 0.01 5.0 25.0 8:40 NNW 6 44.8 62.0 15:58 27.6 6:09 20.2 0.0 0.00 2.1 16.0 11:17 SW 7 50.2 61.6 10:34 38.8 23:58 14.8 0.0 0.53 6.2 29.0 12:17 SSW 8 33.8 42.8 13:32 24.7 23:53 31.3 0.0 0.03 6.0 28.0 4:11 NNW 9 33.4 44.9 14:10 21.9 5:02 31.6 0.0 0.00 1.0 13.0 17:35 NNW 10 36.8 51.3 14:54 22.2 6:18 28.3 0.0 0.00 3.4 28.0 13:25 SW 11 40.6 44.2 8:16 37.0 13:47 24.4 0.0 0.00 5.2 26.0 11:29 WSW 12 56.2 75.1 16:17 37.2 0:44 8.8 0.0 0.00 6.1 28.0 11:47 WSW 13 45.3 54.2 12:26 36.3 6:26 19.8 0.0 0.00 4.6 19.0 18:48 N 14 41.3 52.3 15:02 30.3 00:00 23.7 0.0 0.00 3.7 20.0 12:40 N 15 38.4 49.8 13:59 27.0 3:02 26.6 0.0 0.01 3.9 21.0 19:39 N 16 37.4 42.3 14:29 32.5 6:38 27.6 0.0 0.13 5.2 24.0 13:59 NE 17 45.8 55.1 15:33 36.5 1:27 19.2 0.0 0.00 3.1 21.0 12:20 NE 18 42.5 57.6 15:10 27.5 5:30 22.5 0.0 0.00 1.7 19.0 11:54 SSW 19 50.8 58.7 13:53 42.8 1:37 14.3 0.0 0.00 4.9 22.0 10:15 SSW 20 45.9 59.6 15:29 32.2 6:10 19.1 0.0 0.00 1.0 12.0 11:36 N 21 49.9 65.3 15:41 34.4 5:03 15.1 0.0 0.00 2.4 16.0 12:45 NE 22 56.5 65.8 12:03 47.1 1:08 8.5 0.0 0.72 2.8 22.0 23:23 ESE 23 50.3 56.5 9:23 44.1 23:58 14.7 0.0 0.17 4.9 24.0 12:37 W 24 47.1 51.1 14:44 43.1 5:29 17.9 0.0 0.00 0.6 8.0 0:05 ESE 25 60.0 75.8 15:59 44.1 0:01 5.0 0.0 0.06 2.7 19.0 9:58 N 26 58.3 70.4 15:53 46.2 4:14 6.7 0.0 0.01 3.0 16.0 13:37 N 27 53.3 58.6 15:12 48.0 23:59 11.7 0.0 0.78 3.9 25.0 22:47 NE 28 44.0 48.5 17:10 39.5 23:01 21.0 0.0 0.32 2.7 19.0 12:50 W 29 54.0 72.8 16:23 35.2 5:41 11.0 0.0 0.06 0.6 11.0 13:23 SSE 30 63.7 76.5 15:21 50.8 4:05 1.3 0.0 0.30 3.8 20.0 9:57 SSW 31 60.0 72.7 16:09 47.3 23:59 5.0 0.0 0.17 1.5 15.0 2:26 NW ------------------------------------------------------------------------------------- 46.1 76.5 30 18.4 2 587.4 0.0 3.32 3.3 29.0 7 N Max >= 90.0: 0 Max <= 32.0: 0 Min <= 32.0: 11 Min <= 0.0: 0 Max Rain: 0.78 ON 03/27/05 Days of Rain: 12 (>.01 in) 8 (>.1 in) 0 (>1 in) Heat Base: 65.0 Cool Base: 65.0 Method: (High + Low) / 2