Warning: file(http://www.wunderground.com/climate/extremes.asp): failed to open stream: HTTP request failed! HTTP/1.0 500 Internal Server Error in /homepages/6/d330860172/htdocs/usaextremes.php on line 55

Warning: implode(): Invalid arguments passed in /homepages/6/d330860172/htdocs/usaextremes.php on line 55

NOAA Style Climate Reports for Lebanon, TN

NOAA style reports

NOAA-style Climate Reports

2018: Jan | Feb | Mar | Apr | May | Jun | Jul | Aug | Sep | Oct | Nov | Dec 
2017: Jan | Feb | Mar | Apr | May | Jun | Jul | Aug | Sep | Oct | Nov | Dec 
2016: Jan | Feb | Mar | Apr | May | Jun | Jul | Aug | Sep | Oct | Nov | Dec 
2015: Jan | Feb | Mar | Apr | May | Jun | Jul | Aug | Sep | Oct | Nov | Dec 
2014: Jan | Feb | Mar | Apr | May | Jun | Jul | Aug | Sep | Oct | Nov | Dec 
2013: Jan | Feb | Mar | Apr | May | Jun | Jul | Aug | Sep | Oct | Nov | Dec 
2012: Jan | Feb | Mar | Apr | May | Jun | Jul | Aug | Sep | Oct | Nov | Dec 
2011: Jan | Feb | Mar | Apr | May | Jun | Jul | Aug | Sep | Oct | Nov | Dec 
2010: Jan | Feb | Mar | Apr | May | Jun | Jul | Aug | Sep | Oct | Nov | Dec 
2009: Jan | Feb | Mar | Apr | May | Jun | Jul | Aug | Sep | Oct | Nov | Dec 
2008: Jan | Feb | Mar | Apr | May | Jun | Jul | Aug | Sep | Oct | Nov | Dec 
2007: Jan | Feb | Mar | Apr | May | Jun | Jul | Aug | Sep | Oct | Nov | Dec 
2006: Jan | Feb | Mar | Apr | May | Jun | Jul | Aug | Sep | Oct | Nov | Dec 
2005: Jan | Feb | Mar | Apr | May | Jun | Jul | Aug | Sep | Oct | Nov | Dec 
2004: Jan | Feb | Mar | Apr | May | Jun | Jul | Aug | Sep | Oct | Nov | Dec 
2003: Jan | Feb | Mar | Apr | May | Jun | Jul | Aug | Sep | Oct | Nov | Dec 
2002: Jan | Feb | Mar | Apr | May | Jun | Jul | Aug | Sep | Oct | Nov | Dec 
2001: Jan | Feb | Mar | Apr | May | Jun | Jul | Aug | Sep | Oct | Nov | Dec 
2000: Jan | Feb | Mar | Apr | May | Jun | Jul | Aug | Sep | Oct | Nov | Dec 
1999: Jan | Feb | Mar | Apr | May | Jun | Jul | Aug | Sep | Oct | Nov | Dec 
1998: Jan | Feb | Mar | Apr | May | Jun | Jul | Aug | Sep | Oct | Nov | Dec 
1997: Jan | Feb | Mar | Apr | May | Jun | Jul | Aug | Sep | Oct | Nov | Dec 
1996: Jan | Feb | Mar | Apr | May | Jun | Jul | Aug | Sep | Oct | Nov | Dec 
1995: Jan | Feb | Mar | Apr | May | Jun | Jul | Aug | Sep | Oct | Nov | Dec 

Report for 2005 04
MONTHLY CLIMATOLOGICAL SUMMARY for APR. 2005 NAME: HornSpri CITY: Lebanon STATE: TN ELEV: 612 ft LAT: 36 14' 05" N LONG: 86 22' 55" W TEMPERATURE (F), RAIN (in), WIND SPEED (mph) HEAT COOL AVG MEAN DEG DEG WIND DOM DAY TEMP HIGH TIME LOW TIME DAYS DAYS RAIN SPEED HIGH TIME DIR ------------------------------------------------------------------------------------ 1 50.0 54.5 6:09 45.4 20:17 15.0 0.0 0.95 4.2 24.0 17:44 NE 2 47.1 54.4 16:11 39.8 4:55 17.9 0.0 0.01 6.8 38.0 1:20 WNW 3 51.9 68.8 16:52 35.0 6:42 13.1 0.0 0.01 2.1 18.0 15:49 WNW 4 59.8 77.2 16:32 42.5 4:26 5.2 0.0 0.00 1.2 18.0 14:51 SSW 5 64.8 77.2 14:54 52.3 0:01 0.3 0.0 0.00 2.4 22.0 14:33 SSW 6 62.5 69.1 10:19 56.0 13:05 2.5 0.0 1.03 2.7 24.0 11:20 SSE 7 62.3 68.1 15:04 56.6 6:21 2.7 0.0 0.54 1.4 21.0 16:23 SSE 8 59.6 67.6 15:40 51.6 23:47 5.4 0.0 0.20 2.9 20.0 11:47 N 9 62.7 79.4 16:18 46.0 6:45 2.3 0.0 0.00 0.1 7.0 1:03 E 10 69.4 82.2 16:43 56.7 2:54 0.0 4.4 0.00 0.8 12.0 9:27 SW 11 67.8 76.1 13:20 59.6 5:32 0.0 2.8 0.00 1.0 17.0 23:28 ESE 12 63.0 73.5 16:40 52.5 23:59 2.0 0.0 0.12 2.2 24.0 16:42 WSW 13 56.6 65.5 16:02 47.7 2:35 8.4 0.0 0.04 2.5 19.0 16:59 N 14 57.9 70.1 16:34 45.8 6:43 7.1 0.0 0.01 2.2 18.0 14:58 N 15 57.3 74.7 15:52 39.9 6:21 7.7 0.0 0.00 0.9 14.0 16:56 N 16 59.5 76.1 17:01 42.9 6:18 5.5 0.0 0.00 0.3 8.0 10:54 WSW 17 61.9 79.6 16:33 44.3 6:32 3.1 0.0 0.00 0.5 12.0 12:30 W 18 68.2 80.5 16:48 55.9 6:25 0.0 3.2 0.00 0.3 10.0 13:54 WSW 19 65.7 79.9 16:55 51.4 6:19 0.0 0.7 0.00 0.5 18.0 16:42 WSW 20 66.7 81.1 16:17 52.3 5:23 0.0 1.7 0.00 0.6 14.0 13:48 WSW 21 70.3 81.8 14:59 58.7 6:46 0.0 5.3 0.00 1.0 12.0 12:01 WSW 22 68.5 79.0 15:58 58.0 00:00 0.0 3.5 0.54 3.9 29.0 18:13 WSW 23 46.6 58.0 0:01 35.2 23:27 18.4 0.0 0.01 5.9 32.0 1:49 NW 24 43.5 55.7 17:25 31.3 3:07 21.5 0.0 0.01 4.0 26.0 11:55 W 25 50.9 66.0 15:58 35.8 0:49 14.1 0.0 0.00 1.6 18.0 15:00 WSW 26 52.4 58.1 17:43 46.7 20:56 12.6 0.0 0.28 1.6 20.0 14:56 WSW 27 50.7 60.4 17:38 40.9 23:58 14.3 0.0 0.01 2.1 17.0 12:49 WSW 28 50.0 61.5 18:04 38.6 5:49 15.0 0.0 0.61 0.5 18.0 15:42 SE 29 59.2 65.6 11:41 52.8 0:01 5.8 0.0 1.15 0.9 26.0 22:37 WSW 30 51.0 60.4 0:01 41.5 00:00 14.0 0.0 0.60 2.9 19.0 16:27 N ------------------------------------------------------------------------------------- 58.6 82.2 10 31.3 24 213.7 21.6 6.12 2.0 38.0 2 WSW Max >= 90.0: 0 Max <= 32.0: 0 Min <= 32.0: 1 Min <= 0.0: 0 Max Rain: 1.15 ON 04/29/05 Days of Rain: 11 (>.01 in) 10 (>.1 in) 2 (>1 in) Heat Base: 65.0 Cool Base: 65.0 Method: (High + Low) / 2