Warning: file(http://www.wunderground.com/climate/extremes.asp): failed to open stream: HTTP request failed! HTTP/1.0 500 Internal Server Error in /homepages/6/d330860172/htdocs/usaextremes.php on line 55

Warning: implode(): Invalid arguments passed in /homepages/6/d330860172/htdocs/usaextremes.php on line 55

NOAA Style Climate Reports for Lebanon, TN

NOAA style reports

NOAA-style Climate Reports

2018: Jan | Feb | Mar | Apr | May | Jun | Jul | Aug | Sep | Oct | Nov | Dec 
2017: Jan | Feb | Mar | Apr | May | Jun | Jul | Aug | Sep | Oct | Nov | Dec 
2016: Jan | Feb | Mar | Apr | May | Jun | Jul | Aug | Sep | Oct | Nov | Dec 
2015: Jan | Feb | Mar | Apr | May | Jun | Jul | Aug | Sep | Oct | Nov | Dec 
2014: Jan | Feb | Mar | Apr | May | Jun | Jul | Aug | Sep | Oct | Nov | Dec 
2013: Jan | Feb | Mar | Apr | May | Jun | Jul | Aug | Sep | Oct | Nov | Dec 
2012: Jan | Feb | Mar | Apr | May | Jun | Jul | Aug | Sep | Oct | Nov | Dec 
2011: Jan | Feb | Mar | Apr | May | Jun | Jul | Aug | Sep | Oct | Nov | Dec 
2010: Jan | Feb | Mar | Apr | May | Jun | Jul | Aug | Sep | Oct | Nov | Dec 
2009: Jan | Feb | Mar | Apr | May | Jun | Jul | Aug | Sep | Oct | Nov | Dec 
2008: Jan | Feb | Mar | Apr | May | Jun | Jul | Aug | Sep | Oct | Nov | Dec 
2007: Jan | Feb | Mar | Apr | May | Jun | Jul | Aug | Sep | Oct | Nov | Dec 
2006: Jan | Feb | Mar | Apr | May | Jun | Jul | Aug | Sep | Oct | Nov | Dec 
2005: Jan | Feb | Mar | Apr | May | Jun | Jul | Aug | Sep | Oct | Nov | Dec 
2004: Jan | Feb | Mar | Apr | May | Jun | Jul | Aug | Sep | Oct | Nov | Dec 
2003: Jan | Feb | Mar | Apr | May | Jun | Jul | Aug | Sep | Oct | Nov | Dec 
2002: Jan | Feb | Mar | Apr | May | Jun | Jul | Aug | Sep | Oct | Nov | Dec 
2001: Jan | Feb | Mar | Apr | May | Jun | Jul | Aug | Sep | Oct | Nov | Dec 
2000: Jan | Feb | Mar | Apr | May | Jun | Jul | Aug | Sep | Oct | Nov | Dec 
1999: Jan | Feb | Mar | Apr | May | Jun | Jul | Aug | Sep | Oct | Nov | Dec 
1998: Jan | Feb | Mar | Apr | May | Jun | Jul | Aug | Sep | Oct | Nov | Dec 
1997: Jan | Feb | Mar | Apr | May | Jun | Jul | Aug | Sep | Oct | Nov | Dec 
1996: Jan | Feb | Mar | Apr | May | Jun | Jul | Aug | Sep | Oct | Nov | Dec 
1995: Jan | Feb | Mar | Apr | May | Jun | Jul | Aug | Sep | Oct | Nov | Dec 

Report for 2005 05
MONTHLY CLIMATOLOGICAL SUMMARY for MAY. 2005 NAME: HornSpri CITY: Lebanon STATE: TN ELEV: 612 ft LAT: 36 14' 05" N LONG: 86 22' 55" W TEMPERATURE (F), RAIN (in), WIND SPEED (mph) HEAT COOL AVG MEAN DEG DEG WIND DOM DAY TEMP HIGH TIME LOW TIME DAYS DAYS RAIN SPEED HIGH TIME DIR ------------------------------------------------------------------------------------ 1 50.0 65.0 15:49 35.0 5:59 15.0 0.0 0.00 1.1 16.0 12:55 N 2 51.4 61.6 15:13 41.3 23:53 13.6 0.0 0.00 1.8 18.0 13:30 N 3 48.2 62.6 16:12 33.8 5:45 16.8 0.0 0.00 1.1 14.0 12:28 N 4 50.5 65.5 16:09 35.5 5:48 14.5 0.0 0.00 1.2 22.0 14:35 N 5 57.3 72.1 15:08 42.5 3:31 7.7 0.0 0.00 0.5 11.0 15:30 NE 6 59.4 74.2 16:06 44.6 5:49 5.6 0.0 0.00 0.6 11.0 14:16 N 7 61.8 80.3 16:33 43.2 4:58 3.3 0.0 0.00 0.3 8.0 11:44 WSW 8 66.3 84.1 15:45 48.5 5:50 0.0 1.3 0.00 0.2 10.0 16:16 WSW 9 66.6 80.7 13:38 52.6 5:47 0.0 1.6 0.00 0.9 16.0 15:08 WSW 10 71.0 84.0 16:10 58.0 5:40 0.0 6.0 0.00 0.5 11.0 13:32 WSW 11 72.4 87.6 15:59 57.2 5:32 0.0 7.4 0.00 0.2 8.0 12:57 E 12 75.5 90.1 16:00 60.9 5:07 0.0 10.5 0.00 0.3 10.0 13:54 WSW 13 73.9 85.9 14:24 62.0 5:34 0.0 8.9 0.00 0.9 17.0 15:48 WSW 14 70.8 79.4 10:17 62.3 23:31 0.0 5.8 0.05 1.8 25.0 13:07 WSW 15 60.9 69.3 15:24 52.5 22:39 4.1 0.0 0.01 2.8 20.0 13:55 N 16 54.6 66.4 15:11 42.8 5:44 10.4 0.0 0.00 1.1 14.0 12:07 N 17 61.0 77.2 16:09 44.8 5:21 4.0 0.0 0.00 0.8 11.0 10:10 E 18 65.8 83.8 15:57 47.7 5:48 0.0 0.8 0.00 0.3 11.0 14:52 WSW 19 72.8 84.5 13:46 61.2 1:54 0.0 7.8 0.06 1.3 26.0 17:05 WSW 20 70.9 80.1 15:36 61.8 6:09 0.0 5.9 0.30 1.9 20.0 15:22 N 21 65.9 74.2 17:00 57.6 4:51 0.0 0.9 0.00 1.2 12.0 12:00 N 22 67.8 80.1 15:58 55.6 4:27 0.0 2.8 0.00 1.1 14.0 15:32 WSW 23 70.5 79.0 17:56 62.0 23:41 0.0 5.5 0.00 0.9 16.0 18:14 WSW 24 61.9 73.2 16:13 50.7 23:56 3.1 0.0 0.00 2.6 21.0 11:56 N 25 58.3 71.3 12:22 45.2 5:38 6.8 0.0 0.00 1.7 17.0 11:02 N 26 61.5 77.6 15:41 45.4 5:40 3.5 0.0 0.00 0.6 12.0 14:23 NNW 27 69.2 82.2 16:28 56.2 5:53 0.0 4.2 0.00 0.9 13.0 14:20 NNW 28 69.6 82.2 15:24 56.9 23:50 0.0 4.6 0.00 1.4 17.0 2:29 N 29 66.8 78.5 14:49 55.1 5:22 0.0 1.8 0.00 0.2 10.0 17:32 WSW 30 66.5 82.0 15:02 51.0 5:50 0.0 1.5 0.00 1.0 16.0 13:08 ENE 31 69.3 80.7 16:34 58.0 4:58 0.0 4.3 0.00 1.4 16.0 14:03 E ------------------------------------------------------------------------------------- 64.1 90.1 12 33.8 3 108.2 81.8 0.42 1.1 26.0 19 N Max >= 90.0: 1 Max <= 32.0: 0 Min <= 32.0: 0 Min <= 0.0: 0 Max Rain: 0.30 ON 05/20/05 Days of Rain: 3 (>.01 in) 1 (>.1 in) 0 (>1 in) Heat Base: 65.0 Cool Base: 65.0 Method: (High + Low) / 2