Warning: file(http://www.wunderground.com/climate/extremes.asp): failed to open stream: HTTP request failed! HTTP/1.0 500 Internal Server Error in /homepages/6/d330860172/htdocs/usaextremes.php on line 55

Warning: implode(): Invalid arguments passed in /homepages/6/d330860172/htdocs/usaextremes.php on line 55

NOAA Style Climate Reports for Lebanon, TN

NOAA style reports

NOAA-style Climate Reports

2018: Jan | Feb | Mar | Apr | May | Jun | Jul | Aug | Sep | Oct | Nov | Dec 
2017: Jan | Feb | Mar | Apr | May | Jun | Jul | Aug | Sep | Oct | Nov | Dec 
2016: Jan | Feb | Mar | Apr | May | Jun | Jul | Aug | Sep | Oct | Nov | Dec 
2015: Jan | Feb | Mar | Apr | May | Jun | Jul | Aug | Sep | Oct | Nov | Dec 
2014: Jan | Feb | Mar | Apr | May | Jun | Jul | Aug | Sep | Oct | Nov | Dec 
2013: Jan | Feb | Mar | Apr | May | Jun | Jul | Aug | Sep | Oct | Nov | Dec 
2012: Jan | Feb | Mar | Apr | May | Jun | Jul | Aug | Sep | Oct | Nov | Dec 
2011: Jan | Feb | Mar | Apr | May | Jun | Jul | Aug | Sep | Oct | Nov | Dec 
2010: Jan | Feb | Mar | Apr | May | Jun | Jul | Aug | Sep | Oct | Nov | Dec 
2009: Jan | Feb | Mar | Apr | May | Jun | Jul | Aug | Sep | Oct | Nov | Dec 
2008: Jan | Feb | Mar | Apr | May | Jun | Jul | Aug | Sep | Oct | Nov | Dec 
2007: Jan | Feb | Mar | Apr | May | Jun | Jul | Aug | Sep | Oct | Nov | Dec 
2006: Jan | Feb | Mar | Apr | May | Jun | Jul | Aug | Sep | Oct | Nov | Dec 
2005: Jan | Feb | Mar | Apr | May | Jun | Jul | Aug | Sep | Oct | Nov | Dec 
2004: Jan | Feb | Mar | Apr | May | Jun | Jul | Aug | Sep | Oct | Nov | Dec 
2003: Jan | Feb | Mar | Apr | May | Jun | Jul | Aug | Sep | Oct | Nov | Dec 
2002: Jan | Feb | Mar | Apr | May | Jun | Jul | Aug | Sep | Oct | Nov | Dec 
2001: Jan | Feb | Mar | Apr | May | Jun | Jul | Aug | Sep | Oct | Nov | Dec 
2000: Jan | Feb | Mar | Apr | May | Jun | Jul | Aug | Sep | Oct | Nov | Dec 
1999: Jan | Feb | Mar | Apr | May | Jun | Jul | Aug | Sep | Oct | Nov | Dec 
1998: Jan | Feb | Mar | Apr | May | Jun | Jul | Aug | Sep | Oct | Nov | Dec 
1997: Jan | Feb | Mar | Apr | May | Jun | Jul | Aug | Sep | Oct | Nov | Dec 
1996: Jan | Feb | Mar | Apr | May | Jun | Jul | Aug | Sep | Oct | Nov | Dec 
1995: Jan | Feb | Mar | Apr | May | Jun | Jul | Aug | Sep | Oct | Nov | Dec 

Report for 2005 06
MONTHLY CLIMATOLOGICAL SUMMARY for JUN. 2005 NAME: HornSpri CITY: Lebanon STATE: TN ELEV: 612 ft LAT: 36 14' 05" N LONG: 86 22' 55" W TEMPERATURE (F), RAIN (in), WIND SPEED (mph) HEAT COOL AVG MEAN DEG DEG WIND DOM DAY TEMP HIGH TIME LOW TIME DAYS DAYS RAIN SPEED HIGH TIME DIR ------------------------------------------------------------------------------------ 1 66.1 69.9 13:14 62.3 23:37 0.0 1.1 0.47 1.8 17.0 11:30 E 2 67.1 72.7 14:49 61.5 4:49 0.0 2.1 0.08 0.5 11.0 14:11 SE 3 71.8 78.8 15:26 64.8 00:00 0.0 6.8 0.20 0.3 11.0 15:19 WSW 4 74.8 89.9 16:31 59.6 5:45 0.0 9.8 0.00 0.4 13.0 13:44 WSW 5 80.4 91.8 15:28 69.1 5:37 0.0 15.4 0.00 0.7 14.0 13:53 WSW 6 77.3 89.9 12:57 64.7 23:32 0.0 12.3 0.27 1.1 32.0 14:51 WSW 7 73.6 84.7 16:51 62.4 5:25 0.0 8.6 0.01 0.3 7.0 7:05 ESE 8 78.3 89.3 14:27 67.3 5:52 0.0 13.3 0.00 0.6 11.0 14:27 WSW 9 78.1 88.2 14:13 67.9 2:40 0.0 13.1 0.00 0.5 18.0 14:19 WSW 10 79.4 88.0 12:46 70.8 23:47 0.0 14.4 0.72 0.4 25.0 18:04 SE 11 73.0 75.6 12:52 70.4 0:50 0.0 8.0 0.50 0.4 8.0 17:57 NE 12 72.9 77.9 12:41 67.8 4:34 0.0 7.9 0.03 1.2 19.0 8:47 ESE 13 80.4 90.3 16:39 70.4 5:55 0.0 15.4 0.00 0.2 11.0 12:36 WSW 14 79.5 90.7 15:50 68.3 23:57 0.0 14.5 0.00 2.0 18.0 10:45 WSW 15 73.8 85.5 14:45 62.0 5:34 0.0 8.8 0.00 1.6 17.0 15:29 W 16 68.4 79.6 14:52 57.3 23:54 0.0 3.4 0.00 1.8 18.0 13:43 N 17 66.8 80.7 16:33 52.9 5:32 0.0 1.8 0.00 0.6 12.0 12:31 N 18 67.1 78.3 15:21 55.9 5:09 0.0 2.1 0.00 1.6 16.0 12:43 N 19 69.9 83.8 16:22 56.0 5:34 0.0 4.9 0.00 1.0 13.0 16:23 N 20 71.7 84.9 15:27 58.4 5:41 0.0 6.7 0.00 0.9 16.0 16:58 N 21 73.6 85.1 15:18 62.0 2:36 0.0 8.6 0.00 0.8 13.0 13:51 WSW 22 74.1 89.0 16:33 59.2 5:40 0.0 9.1 0.00 0.6 11.0 11:59 NNW 23 78.0 92.3 15:40 63.7 5:43 0.0 13.0 0.00 0.7 14.0 14:06 N 24 76.7 93.2 13:50 60.2 4:30 0.0 11.7 0.00 0.2 10.0 13:34 WSW 25 78.4 91.4 17:03 65.5 5:49 0.0 13.4 0.00 0.3 10.0 18:33 WSW 26 76.6 86.3 15:52 66.9 2:12 0.0 11.6 0.00 0.4 11.0 11:25 WSW 27 78.9 89.5 17:01 68.3 2:18 0.0 13.9 0.29 0.4 11.0 15:14 ESE 28 77.4 87.2 12:52 67.6 5:44 0.0 12.4 0.06 0.6 16.0 15:25 ESE 29 81.2 92.5 14:54 69.9 4:17 0.0 16.2 0.00 0.4 12.0 18:32 WSW 30 83.3 94.7 16:06 72.0 5:11 0.0 18.3 0.00 0.8 13.0 12:57 WNW ------------------------------------------------------------------------------------- 74.9 94.7 30 52.9 17 0.0 298.4 2.63 0.8 32.0 6 WSW Max >= 90.0: 8 Max <= 32.0: 0 Min <= 32.0: 0 Min <= 0.0: 0 Max Rain: 0.72 ON 06/10/05 Days of Rain: 9 (>.01 in) 6 (>.1 in) 0 (>1 in) Heat Base: 65.0 Cool Base: 65.0 Method: (High + Low) / 2