Warning: file(http://www.wunderground.com/climate/extremes.asp): failed to open stream: HTTP request failed! HTTP/1.0 500 Internal Server Error in /homepages/6/d330860172/htdocs/usaextremes.php on line 55

Warning: implode(): Invalid arguments passed in /homepages/6/d330860172/htdocs/usaextremes.php on line 55

NOAA Style Climate Reports for Lebanon, TN

NOAA style reports

NOAA-style Climate Reports

2018: Jan | Feb | Mar | Apr | May | Jun | Jul | Aug | Sep | Oct | Nov | Dec 
2017: Jan | Feb | Mar | Apr | May | Jun | Jul | Aug | Sep | Oct | Nov | Dec 
2016: Jan | Feb | Mar | Apr | May | Jun | Jul | Aug | Sep | Oct | Nov | Dec 
2015: Jan | Feb | Mar | Apr | May | Jun | Jul | Aug | Sep | Oct | Nov | Dec 
2014: Jan | Feb | Mar | Apr | May | Jun | Jul | Aug | Sep | Oct | Nov | Dec 
2013: Jan | Feb | Mar | Apr | May | Jun | Jul | Aug | Sep | Oct | Nov | Dec 
2012: Jan | Feb | Mar | Apr | May | Jun | Jul | Aug | Sep | Oct | Nov | Dec 
2011: Jan | Feb | Mar | Apr | May | Jun | Jul | Aug | Sep | Oct | Nov | Dec 
2010: Jan | Feb | Mar | Apr | May | Jun | Jul | Aug | Sep | Oct | Nov | Dec 
2009: Jan | Feb | Mar | Apr | May | Jun | Jul | Aug | Sep | Oct | Nov | Dec 
2008: Jan | Feb | Mar | Apr | May | Jun | Jul | Aug | Sep | Oct | Nov | Dec 
2007: Jan | Feb | Mar | Apr | May | Jun | Jul | Aug | Sep | Oct | Nov | Dec 
2006: Jan | Feb | Mar | Apr | May | Jun | Jul | Aug | Sep | Oct | Nov | Dec 
2005: Jan | Feb | Mar | Apr | May | Jun | Jul | Aug | Sep | Oct | Nov | Dec 
2004: Jan | Feb | Mar | Apr | May | Jun | Jul | Aug | Sep | Oct | Nov | Dec 
2003: Jan | Feb | Mar | Apr | May | Jun | Jul | Aug | Sep | Oct | Nov | Dec 
2002: Jan | Feb | Mar | Apr | May | Jun | Jul | Aug | Sep | Oct | Nov | Dec 
2001: Jan | Feb | Mar | Apr | May | Jun | Jul | Aug | Sep | Oct | Nov | Dec 
2000: Jan | Feb | Mar | Apr | May | Jun | Jul | Aug | Sep | Oct | Nov | Dec 
1999: Jan | Feb | Mar | Apr | May | Jun | Jul | Aug | Sep | Oct | Nov | Dec 
1998: Jan | Feb | Mar | Apr | May | Jun | Jul | Aug | Sep | Oct | Nov | Dec 
1997: Jan | Feb | Mar | Apr | May | Jun | Jul | Aug | Sep | Oct | Nov | Dec 
1996: Jan | Feb | Mar | Apr | May | Jun | Jul | Aug | Sep | Oct | Nov | Dec 
1995: Jan | Feb | Mar | Apr | May | Jun | Jul | Aug | Sep | Oct | Nov | Dec 

Report for 2005 07
MONTHLY CLIMATOLOGICAL SUMMARY for JUL. 2005 NAME: HornSpri CITY: Lebanon STATE: TN ELEV: 612 ft LAT: 36 14' 05" N LONG: 86 22' 55" W TEMPERATURE (F), RAIN (in), WIND SPEED (mph) HEAT COOL AVG MEAN DEG DEG WIND DOM DAY TEMP HIGH TIME LOW TIME DAYS DAYS RAIN SPEED HIGH TIME DIR ------------------------------------------------------------------------------------ 1 81.3 90.1 14:15 72.5 5:54 0.0 16.3 0.00 1.3 17.0 12:50 WNW 2 80.4 90.3 14:59 70.4 5:52 0.0 15.4 0.00 1.4 16.0 14:02 N 3 79.9 92.3 16:30 67.6 5:26 0.0 14.9 0.00 0.8 17.0 18:11 N 4 82.7 93.8 15:34 71.5 3:07 0.0 17.7 0.02 0.8 17.0 16:16 SW 5 79.0 86.7 17:02 71.3 5:46 0.0 14.0 0.09 0.9 16.0 17:20 WSW 6 77.8 88.0 13:56 67.6 5:55 0.0 12.8 0.00 0.5 16.0 14:27 ESE 7 77.8 88.6 14:02 66.9 5:56 0.0 12.8 0.00 1.0 14.0 17:29 N 8 77.9 90.3 16:01 65.5 5:40 0.0 12.9 0.00 0.4 8.0 10:38 ESE 9 79.2 93.4 15:02 65.0 5:56 0.0 14.2 0.00 1.0 14.0 11:16 E 10 81.9 92.9 14:06 70.9 4:53 0.0 16.9 0.02 1.2 17.0 14:36 ESE 11 75.3 80.1 18:06 70.6 3:58 0.0 10.3 0.49 3.2 24.0 8:11 ESE 12 77.5 85.9 13:44 69.1 7:55 0.0 12.5 0.02 5.0 30.0 16:19 WSW 13 72.1 76.3 16:37 67.9 4:44 0.0 7.1 1.46 1.7 17.0 9:16 WSW 14 78.9 85.5 15:36 72.3 2:34 0.0 13.9 0.03 1.3 17.0 17:09 WSW 15 78.8 85.7 16:44 72.0 4:10 0.0 13.8 0.14 0.7 11.0 11:38 WSW 16 78.2 84.1 18:34 72.3 3:58 0.0 13.2 0.02 1.1 12.0 14:23 WSW 17 80.4 89.3 15:52 71.6 4:54 0.0 15.4 0.00 1.7 16.0 13:23 WSW 18 82.0 90.1 14:25 73.9 5:35 0.0 17.0 0.00 1.5 17.0 13:06 WSW 19 78.7 84.7 9:27 72.7 22:59 0.0 13.7 0.11 0.5 17.0 11:37 WSW 20 81.3 91.6 14:58 71.1 4:21 0.0 16.3 0.00 0.6 22.0 15:51 WSW 21 82.3 92.5 15:24 72.0 5:18 0.0 17.3 0.00 0.7 11.0 15:00 WSW 22 80.5 92.1 15:57 68.9 7:25 0.0 15.5 0.41 1.7 27.0 5:43 WSW 23 82.3 92.9 15:15 71.6 5:48 0.0 17.3 0.00 0.4 11.0 10:03 ENE 24 82.1 94.0 14:54 70.1 5:41 0.0 17.1 0.00 0.1 8.0 14:08 WSW 25 84.7 96.3 16:39 73.0 5:49 0.0 19.7 0.00 0.3 8.0 10:46 WSW 26 85.1 94.9 15:20 75.3 5:20 0.0 20.1 0.00 1.1 14.0 12:03 WSW 27 81.6 90.1 12:20 73.0 23:56 0.0 16.6 0.21 1.1 17.0 13:23 WSW 28 73.4 80.5 15:18 66.4 23:58 0.0 8.4 0.00 1.1 12.0 17:54 N 29 75.1 87.2 15:32 62.9 4:09 0.0 10.1 0.00 1.1 17.0 13:59 N 30 76.5 89.5 14:45 63.5 5:58 0.0 11.5 0.00 1.6 17.0 14:51 NE 31 69.9 69.9 0:01 69.9 0:01 0.0 4.9 0.00 0.0 0.0 --- --- ------------------------------------------------------------------------------------- 79.2 96.3 25 62.9 29 0.0 439.5 3.02 1.2 30.0 12 WSW Max >= 90.0: 16 Max <= 32.0: 0 Min <= 32.0: 0 Min <= 0.0: 0 Max Rain: 1.46 ON 07/13/05 Days of Rain: 12 (>.01 in) 6 (>.1 in) 1 (>1 in) Heat Base: 65.0 Cool Base: 65.0 Method: (High + Low) / 2