Warning: file(http://www.wunderground.com/climate/extremes.asp): failed to open stream: HTTP request failed! HTTP/1.0 500 Internal Server Error in /homepages/6/d330860172/htdocs/usaextremes.php on line 55

Warning: implode(): Invalid arguments passed in /homepages/6/d330860172/htdocs/usaextremes.php on line 55

NOAA Style Climate Reports for Lebanon, TN

NOAA style reports

NOAA-style Climate Reports

2018: Jan | Feb | Mar | Apr | May | Jun | Jul | Aug | Sep | Oct | Nov | Dec 
2017: Jan | Feb | Mar | Apr | May | Jun | Jul | Aug | Sep | Oct | Nov | Dec 
2016: Jan | Feb | Mar | Apr | May | Jun | Jul | Aug | Sep | Oct | Nov | Dec 
2015: Jan | Feb | Mar | Apr | May | Jun | Jul | Aug | Sep | Oct | Nov | Dec 
2014: Jan | Feb | Mar | Apr | May | Jun | Jul | Aug | Sep | Oct | Nov | Dec 
2013: Jan | Feb | Mar | Apr | May | Jun | Jul | Aug | Sep | Oct | Nov | Dec 
2012: Jan | Feb | Mar | Apr | May | Jun | Jul | Aug | Sep | Oct | Nov | Dec 
2011: Jan | Feb | Mar | Apr | May | Jun | Jul | Aug | Sep | Oct | Nov | Dec 
2010: Jan | Feb | Mar | Apr | May | Jun | Jul | Aug | Sep | Oct | Nov | Dec 
2009: Jan | Feb | Mar | Apr | May | Jun | Jul | Aug | Sep | Oct | Nov | Dec 
2008: Jan | Feb | Mar | Apr | May | Jun | Jul | Aug | Sep | Oct | Nov | Dec 
2007: Jan | Feb | Mar | Apr | May | Jun | Jul | Aug | Sep | Oct | Nov | Dec 
2006: Jan | Feb | Mar | Apr | May | Jun | Jul | Aug | Sep | Oct | Nov | Dec 
2005: Jan | Feb | Mar | Apr | May | Jun | Jul | Aug | Sep | Oct | Nov | Dec 
2004: Jan | Feb | Mar | Apr | May | Jun | Jul | Aug | Sep | Oct | Nov | Dec 
2003: Jan | Feb | Mar | Apr | May | Jun | Jul | Aug | Sep | Oct | Nov | Dec 
2002: Jan | Feb | Mar | Apr | May | Jun | Jul | Aug | Sep | Oct | Nov | Dec 
2001: Jan | Feb | Mar | Apr | May | Jun | Jul | Aug | Sep | Oct | Nov | Dec 
2000: Jan | Feb | Mar | Apr | May | Jun | Jul | Aug | Sep | Oct | Nov | Dec 
1999: Jan | Feb | Mar | Apr | May | Jun | Jul | Aug | Sep | Oct | Nov | Dec 
1998: Jan | Feb | Mar | Apr | May | Jun | Jul | Aug | Sep | Oct | Nov | Dec 
1997: Jan | Feb | Mar | Apr | May | Jun | Jul | Aug | Sep | Oct | Nov | Dec 
1996: Jan | Feb | Mar | Apr | May | Jun | Jul | Aug | Sep | Oct | Nov | Dec 
1995: Jan | Feb | Mar | Apr | May | Jun | Jul | Aug | Sep | Oct | Nov | Dec 

Report for 2005 08
MONTHLY CLIMATOLOGICAL SUMMARY for AUG. 2005 NAME: HornSpri CITY: Lebanon STATE: TN ELEV: 612 ft LAT: 36 14' 05" N LONG: 86 22' 55" W TEMPERATURE (F), RAIN (in), WIND SPEED (mph) HEAT COOL AVG MEAN DEG DEG WIND DOM DAY TEMP HIGH TIME LOW TIME DAYS DAYS RAIN SPEED HIGH TIME DIR ------------------------------------------------------------------------------------ 1 2 3 4 5 6 7 8 9 80.4 93.6 14:55 67.3 5:45 0.0 15.4 0.00 0.6 14.0 12:47 N 10 82.4 97.5 16:20 67.4 5:54 0.0 17.4 0.00 0.7 14.0 12:53 N 11 83.1 98.2 14:42 67.9 6:11 0.0 18.1 0.00 0.4 12.0 16:22 WSW 12 82.9 96.3 15:32 69.4 6:18 0.0 17.9 0.00 0.6 14.0 17:17 WSW 13 83.9 98.0 14:30 69.9 17:19 0.0 18.9 0.25 1.2 22.0 15:54 WSW 14 82.2 97.3 16:31 67.1 6:02 0.0 17.2 0.86 1.2 28.0 19:36 E 15 80.6 92.7 13:28 68.6 4:47 0.0 15.6 1.25 0.8 45.0 15:11 ESE 16 80.4 91.4 14:55 69.3 3:49 0.0 15.4 0.51 0.4 24.0 15:50 E 17 81.3 91.2 15:49 71.3 5:20 0.0 16.3 0.27 0.6 22.0 17:42 E 18 81.6 91.8 16:53 71.3 5:15 0.0 16.6 0.00 1.0 16.0 13:42 WSW 19 85.9 96.8 15:04 75.1 5:54 0.0 20.9 0.00 1.2 13.0 9:22 WSW 20 85.9 96.6 15:21 75.3 4:21 0.0 20.9 0.00 1.1 19.0 17:00 WSW 21 83.6 93.2 16:30 73.9 4:43 0.0 18.6 0.00 0.7 14.0 15:15 N 22 79.9 90.1 12:18 69.8 23:40 0.0 14.9 0.00 0.6 12.0 16:24 NE 23 79.4 89.7 14:50 69.1 6:45 0.0 14.4 0.00 1.0 16.0 16:54 NE 24 78.8 90.1 14:21 67.4 6:31 0.0 13.8 0.00 0.8 12.0 16:58 NE 25 79.1 88.8 12:37 69.3 5:32 0.0 14.1 0.44 0.5 16.0 14:22 E 26 75.4 80.5 11:43 70.3 14:45 0.0 10.4 0.89 1.2 18.0 12:16 SW 27 77.2 84.0 13:39 70.4 3:11 0.0 12.2 0.01 0.7 11.0 10:34 WSW 28 78.9 87.4 13:26 70.4 23:12 0.0 13.9 0.27 0.9 14.0 15:42 E 29 71.8 74.2 13:52 69.3 19:23 0.0 6.8 0.43 2.0 17.0 23:52 ENE 30 72.1 74.2 14:13 69.9 23:57 0.0 7.1 2.65 6.1 29.0 16:44 WSW 31 73.6 84.3 17:05 62.9 6:53 0.0 8.6 0.00 1.2 13.0 13:46 WSW ------------------------------------------------------------------------------------- 80.0 98.2 11 62.9 31 0.0 345.2 7.83 1.1 45.0 15 WSW Max >= 90.0: 15 Max <= 32.0: 0 Min <= 32.0: 0 Min <= 0.0: 0 Max Rain: 2.65 ON 08/30/05 Days of Rain: 10 (>.01 in) 10 (>.1 in) 2 (>1 in) Heat Base: 65.0 Cool Base: 65.0 Method: (High + Low) / 2