Warning: file(http://www.wunderground.com/climate/extremes.asp): failed to open stream: HTTP request failed! HTTP/1.0 500 Internal Server Error in /homepages/6/d330860172/htdocs/usaextremes.php on line 55

Warning: implode(): Invalid arguments passed in /homepages/6/d330860172/htdocs/usaextremes.php on line 55

NOAA Style Climate Reports for Lebanon, TN

NOAA style reports

NOAA-style Climate Reports

2018: Jan | Feb | Mar | Apr | May | Jun | Jul | Aug | Sep | Oct | Nov | Dec 
2017: Jan | Feb | Mar | Apr | May | Jun | Jul | Aug | Sep | Oct | Nov | Dec 
2016: Jan | Feb | Mar | Apr | May | Jun | Jul | Aug | Sep | Oct | Nov | Dec 
2015: Jan | Feb | Mar | Apr | May | Jun | Jul | Aug | Sep | Oct | Nov | Dec 
2014: Jan | Feb | Mar | Apr | May | Jun | Jul | Aug | Sep | Oct | Nov | Dec 
2013: Jan | Feb | Mar | Apr | May | Jun | Jul | Aug | Sep | Oct | Nov | Dec 
2012: Jan | Feb | Mar | Apr | May | Jun | Jul | Aug | Sep | Oct | Nov | Dec 
2011: Jan | Feb | Mar | Apr | May | Jun | Jul | Aug | Sep | Oct | Nov | Dec 
2010: Jan | Feb | Mar | Apr | May | Jun | Jul | Aug | Sep | Oct | Nov | Dec 
2009: Jan | Feb | Mar | Apr | May | Jun | Jul | Aug | Sep | Oct | Nov | Dec 
2008: Jan | Feb | Mar | Apr | May | Jun | Jul | Aug | Sep | Oct | Nov | Dec 
2007: Jan | Feb | Mar | Apr | May | Jun | Jul | Aug | Sep | Oct | Nov | Dec 
2006: Jan | Feb | Mar | Apr | May | Jun | Jul | Aug | Sep | Oct | Nov | Dec 
2005: Jan | Feb | Mar | Apr | May | Jun | Jul | Aug | Sep | Oct | Nov | Dec 
2004: Jan | Feb | Mar | Apr | May | Jun | Jul | Aug | Sep | Oct | Nov | Dec 
2003: Jan | Feb | Mar | Apr | May | Jun | Jul | Aug | Sep | Oct | Nov | Dec 
2002: Jan | Feb | Mar | Apr | May | Jun | Jul | Aug | Sep | Oct | Nov | Dec 
2001: Jan | Feb | Mar | Apr | May | Jun | Jul | Aug | Sep | Oct | Nov | Dec 
2000: Jan | Feb | Mar | Apr | May | Jun | Jul | Aug | Sep | Oct | Nov | Dec 
1999: Jan | Feb | Mar | Apr | May | Jun | Jul | Aug | Sep | Oct | Nov | Dec 
1998: Jan | Feb | Mar | Apr | May | Jun | Jul | Aug | Sep | Oct | Nov | Dec 
1997: Jan | Feb | Mar | Apr | May | Jun | Jul | Aug | Sep | Oct | Nov | Dec 
1996: Jan | Feb | Mar | Apr | May | Jun | Jul | Aug | Sep | Oct | Nov | Dec 
1995: Jan | Feb | Mar | Apr | May | Jun | Jul | Aug | Sep | Oct | Nov | Dec 

Report for 2005 09
MONTHLY CLIMATOLOGICAL SUMMARY for SEP. 2005 NAME: HornSpri CITY: Lebanon STATE: TN ELEV: 612 ft LAT: 36 14' 05" N LONG: 86 22' 55" W TEMPERATURE (F), RAIN (in), WIND SPEED (mph) HEAT COOL AVG MEAN DEG DEG WIND DOM DAY TEMP HIGH TIME LOW TIME DAYS DAYS RAIN SPEED HIGH TIME DIR ------------------------------------------------------------------------------------ 1 74.9 87.6 16:42 62.3 6:42 0.0 9.9 0.00 0.6 11.0 14:18 N 2 73.8 86.1 14:08 61.5 23:59 0.0 8.8 0.00 0.9 13.0 15:32 N 3 72.4 86.5 16:04 58.3 6:21 0.0 7.4 0.00 1.0 12.0 11:52 N 4 69.8 83.6 15:06 56.0 6:49 0.0 4.8 0.00 1.1 14.0 13:19 N 5 72.3 86.7 16:03 58.0 6:30 0.0 7.3 0.00 0.4 10.0 14:50 NE 6 73.2 85.3 14:42 61.0 6:33 0.0 8.2 0.00 0.3 11.0 15:29 E 7 72.9 84.9 15:36 61.0 5:06 0.0 7.9 0.00 0.5 12.0 15:29 N 8 72.0 85.1 15:15 58.9 6:25 0.0 7.0 0.00 0.3 11.0 11:45 N 9 72.8 86.5 16:05 59.0 6:29 0.0 7.8 0.00 0.2 6.0 11:05 N 10 77.2 89.7 16:05 64.7 6:46 0.0 12.2 0.00 0.3 8.0 11:37 N 11 75.9 90.3 14:20 61.6 5:56 0.0 10.9 0.00 0.1 7.0 13:26 N 12 75.0 88.4 14:36 61.6 6:34 0.0 10.0 0.00 0.3 10.0 14:21 NNW 13 74.9 88.0 15:48 61.8 6:33 0.0 9.9 0.00 0.2 11.0 13:06 NNW 14 75.2 88.6 16:24 61.8 0:31 0.0 10.2 0.00 0.5 10.0 8:47 WSW 15 76.8 89.3 12:40 64.2 6:13 0.0 11.8 0.75 0.5 22.0 14:32 WSW 16 76.2 85.3 17:28 67.1 00:00 0.0 11.2 0.02 0.6 12.0 15:46 WSW 17 66.9 75.3 16:19 58.4 23:19 0.0 1.9 0.00 0.4 10.0 14:38 W 18 67.1 77.9 15:45 56.3 3:19 0.0 2.1 0.00 0.3 13.0 13:48 N 19 73.8 90.1 16:58 57.5 6:04 0.0 8.8 0.01 0.1 7.0 15:43 W 20 76.2 89.3 16:26 63.1 3:17 0.0 11.2 0.00 0.8 16.0 5:41 SE 21 77.8 90.3 16:25 65.2 6:13 0.0 12.8 0.00 0.5 10.0 12:10 E 22 77.8 90.1 15:41 65.5 5:06 0.0 12.8 0.00 0.5 13.0 13:50 WSW 23 77.1 88.6 16:11 65.6 5:35 0.0 12.1 0.00 0.3 10.0 10:41 E 24 76.5 86.7 14:24 66.3 6:07 0.0 11.5 0.00 1.3 16.0 12:33 E 25 76.3 81.2 13:50 71.3 21:35 0.0 11.3 0.37 4.1 33.0 13:07 SSE 26 74.9 81.6 14:03 68.3 00:00 0.0 9.9 0.37 1.8 16.0 0:02 N 27 71.1 81.8 16:28 60.4 23:02 0.0 6.1 0.00 1.0 13.0 13:38 N 28 71.5 85.5 14:00 57.5 6:19 0.0 6.5 0.00 0.8 15.0 13:28 WSW 29 61.5 74.4 0:46 48.6 23:56 3.5 0.0 0.05 3.2 24.0 2:45 N 30 61.4 78.6 17:12 44.2 6:59 3.6 0.0 0.00 0.2 8.0 12:45 E ------------------------------------------------------------------------------------- 73.2 90.3 11 44.2 30 7.1 252.2 1.57 0.8 33.0 25 N Max >= 90.0: 4 Max <= 32.0: 0 Min <= 32.0: 0 Min <= 0.0: 0 Max Rain: 0.75 ON 09/15/05 Days of Rain: 5 (>.01 in) 3 (>.1 in) 0 (>1 in) Heat Base: 65.0 Cool Base: 65.0 Method: (High + Low) / 2