Warning: file(http://www.wunderground.com/climate/extremes.asp): failed to open stream: HTTP request failed! HTTP/1.0 500 Internal Server Error in /homepages/6/d330860172/htdocs/usaextremes.php on line 55

Warning: implode(): Invalid arguments passed in /homepages/6/d330860172/htdocs/usaextremes.php on line 55

NOAA Style Climate Reports for Lebanon, TN

NOAA style reports

NOAA-style Climate Reports

2018: Jan | Feb | Mar | Apr | May | Jun | Jul | Aug | Sep | Oct | Nov | Dec 
2017: Jan | Feb | Mar | Apr | May | Jun | Jul | Aug | Sep | Oct | Nov | Dec 
2016: Jan | Feb | Mar | Apr | May | Jun | Jul | Aug | Sep | Oct | Nov | Dec 
2015: Jan | Feb | Mar | Apr | May | Jun | Jul | Aug | Sep | Oct | Nov | Dec 
2014: Jan | Feb | Mar | Apr | May | Jun | Jul | Aug | Sep | Oct | Nov | Dec 
2013: Jan | Feb | Mar | Apr | May | Jun | Jul | Aug | Sep | Oct | Nov | Dec 
2012: Jan | Feb | Mar | Apr | May | Jun | Jul | Aug | Sep | Oct | Nov | Dec 
2011: Jan | Feb | Mar | Apr | May | Jun | Jul | Aug | Sep | Oct | Nov | Dec 
2010: Jan | Feb | Mar | Apr | May | Jun | Jul | Aug | Sep | Oct | Nov | Dec 
2009: Jan | Feb | Mar | Apr | May | Jun | Jul | Aug | Sep | Oct | Nov | Dec 
2008: Jan | Feb | Mar | Apr | May | Jun | Jul | Aug | Sep | Oct | Nov | Dec 
2007: Jan | Feb | Mar | Apr | May | Jun | Jul | Aug | Sep | Oct | Nov | Dec 
2006: Jan | Feb | Mar | Apr | May | Jun | Jul | Aug | Sep | Oct | Nov | Dec 
2005: Jan | Feb | Mar | Apr | May | Jun | Jul | Aug | Sep | Oct | Nov | Dec 
2004: Jan | Feb | Mar | Apr | May | Jun | Jul | Aug | Sep | Oct | Nov | Dec 
2003: Jan | Feb | Mar | Apr | May | Jun | Jul | Aug | Sep | Oct | Nov | Dec 
2002: Jan | Feb | Mar | Apr | May | Jun | Jul | Aug | Sep | Oct | Nov | Dec 
2001: Jan | Feb | Mar | Apr | May | Jun | Jul | Aug | Sep | Oct | Nov | Dec 
2000: Jan | Feb | Mar | Apr | May | Jun | Jul | Aug | Sep | Oct | Nov | Dec 
1999: Jan | Feb | Mar | Apr | May | Jun | Jul | Aug | Sep | Oct | Nov | Dec 
1998: Jan | Feb | Mar | Apr | May | Jun | Jul | Aug | Sep | Oct | Nov | Dec 
1997: Jan | Feb | Mar | Apr | May | Jun | Jul | Aug | Sep | Oct | Nov | Dec 
1996: Jan | Feb | Mar | Apr | May | Jun | Jul | Aug | Sep | Oct | Nov | Dec 
1995: Jan | Feb | Mar | Apr | May | Jun | Jul | Aug | Sep | Oct | Nov | Dec 

Report for 2005 10
MONTHLY CLIMATOLOGICAL SUMMARY for OCT. 2005 NAME: HornSpri CITY: Lebanon STATE: TN ELEV: 612 ft LAT: 36 14' 05" N LONG: 86 22' 55" W TEMPERATURE (F), RAIN (in), WIND SPEED (mph) HEAT COOL AVG MEAN DEG DEG WIND DOM DAY TEMP HIGH TIME LOW TIME DAYS DAYS RAIN SPEED HIGH TIME DIR ------------------------------------------------------------------------------------ 1 68.9 84.5 14:19 53.3 2:11 0.0 3.9 0.00 0.2 10.0 10:41 WSW 2 75.2 86.7 13:44 63.7 6:09 0.0 10.2 0.00 0.4 13.0 15:39 ESE 3 74.2 86.1 13:58 62.3 5:21 0.0 9.2 0.00 0.2 7.0 11:01 SE 4 72.7 84.9 13:08 60.4 6:39 0.0 7.7 0.00 0.2 11.0 13:53 E 5 71.3 85.1 16:53 57.5 5:54 0.0 6.3 0.00 0.4 11.0 13:50 N 6 67.9 76.7 13:29 59.2 5:27 0.0 2.9 0.03 1.7 17.0 22:54 N 7 56.3 60.7 0:01 52.0 14:06 8.7 0.0 0.00 2.6 18.0 5:14 N 8 56.2 60.1 15:48 52.3 7:19 8.8 0.0 0.00 2.9 17.0 16:37 N 9 56.5 59.5 16:38 53.6 0:01 8.5 0.0 0.02 1.8 14.0 9:28 NE 10 59.1 63.7 16:18 54.4 0:57 5.9 0.0 0.00 0.9 10.0 16:22 N 11 61.7 68.4 17:06 55.0 22:47 3.3 0.0 0.00 0.4 10.0 10:29 N 12 65.3 77.2 16:13 53.3 5:42 0.0 0.3 0.00 0.3 7.0 9:44 N 13 64.3 76.3 13:40 52.3 6:41 0.7 0.0 0.00 0.5 12.0 13:59 N 14 63.8 76.3 15:13 51.3 6:48 1.2 0.0 0.00 0.9 14.0 16:04 NNW 15 63.4 80.3 15:45 46.5 23:57 1.6 0.0 0.00 1.4 17.0 15:40 N 16 55.7 71.8 16:07 39.5 6:40 9.3 0.0 0.00 0.8 13.0 15:20 N 17 56.1 74.7 17:03 37.5 7:08 8.9 0.0 0.00 0.2 10.0 14:05 WSW 18 68.0 82.2 16:09 53.8 6:12 0.0 3.0 0.00 0.6 11.0 12:54 WSW 19 72.3 87.0 15:08 57.5 3:05 0.0 7.3 0.00 0.9 16.0 14:13 WSW 20 71.7 83.0 13:28 60.4 7:21 0.0 6.7 0.00 0.9 17.0 14:18 WSW 21 63.3 73.2 10:55 53.3 00:00 1.8 0.0 0.01 3.3 21.0 14:00 WSW 22 52.9 63.2 14:35 42.6 23:55 12.1 0.0 0.00 2.4 18.0 11:09 NNW 23 48.0 58.6 10:40 37.5 23:59 17.0 0.0 0.00 1.8 20.0 14:46 NW 24 41.1 50.7 13:12 31.5 5:27 23.9 0.0 0.00 2.8 20.0 15:01 NNW 25 44.9 53.3 16:34 36.5 23:57 20.1 0.0 0.00 3.7 21.0 13:43 NNW 26 43.8 56.7 14:37 31.0 6:45 21.2 0.0 0.00 0.7 14.0 13:17 N 27 44.6 56.7 14:37 32.5 1:56 20.4 0.0 0.00 0.8 14.0 12:03 N 28 43.7 58.3 14:08 29.1 7:08 21.3 0.0 0.00 1.0 17.0 13:45 N 29 44.3 60.9 16:33 27.8 6:52 20.7 0.0 0.00 0.5 13.0 11:32 ENE 30 49.0 69.4 14:04 28.5 6:19 16.0 0.0 0.00 0.4 13.0 10:51 WSW 31 57.3 71.6 14:30 42.9 6:34 7.8 0.0 0.00 1.1 17.0 10:29 SW ------------------------------------------------------------------------------------- 59.1 87.0 19 27.8 29 239.0 57.4 0.06 1.2 21.0 21 N Max >= 90.0: 0 Max <= 32.0: 0 Min <= 32.0: 5 Min <= 0.0: 0 Max Rain: 0.03 ON 10/06/05 Days of Rain: 2 (>.01 in) 0 (>.1 in) 0 (>1 in) Heat Base: 65.0 Cool Base: 65.0 Method: (High + Low) / 2