Warning: file(http://www.wunderground.com/climate/extremes.asp): failed to open stream: HTTP request failed! HTTP/1.0 500 Internal Server Error in /homepages/6/d330860172/htdocs/usaextremes.php on line 55

Warning: implode(): Invalid arguments passed in /homepages/6/d330860172/htdocs/usaextremes.php on line 55

NOAA Style Climate Reports for Lebanon, TN

NOAA style reports

NOAA-style Climate Reports

2018: Jan | Feb | Mar | Apr | May | Jun | Jul | Aug | Sep | Oct | Nov | Dec 
2017: Jan | Feb | Mar | Apr | May | Jun | Jul | Aug | Sep | Oct | Nov | Dec 
2016: Jan | Feb | Mar | Apr | May | Jun | Jul | Aug | Sep | Oct | Nov | Dec 
2015: Jan | Feb | Mar | Apr | May | Jun | Jul | Aug | Sep | Oct | Nov | Dec 
2014: Jan | Feb | Mar | Apr | May | Jun | Jul | Aug | Sep | Oct | Nov | Dec 
2013: Jan | Feb | Mar | Apr | May | Jun | Jul | Aug | Sep | Oct | Nov | Dec 
2012: Jan | Feb | Mar | Apr | May | Jun | Jul | Aug | Sep | Oct | Nov | Dec 
2011: Jan | Feb | Mar | Apr | May | Jun | Jul | Aug | Sep | Oct | Nov | Dec 
2010: Jan | Feb | Mar | Apr | May | Jun | Jul | Aug | Sep | Oct | Nov | Dec 
2009: Jan | Feb | Mar | Apr | May | Jun | Jul | Aug | Sep | Oct | Nov | Dec 
2008: Jan | Feb | Mar | Apr | May | Jun | Jul | Aug | Sep | Oct | Nov | Dec 
2007: Jan | Feb | Mar | Apr | May | Jun | Jul | Aug | Sep | Oct | Nov | Dec 
2006: Jan | Feb | Mar | Apr | May | Jun | Jul | Aug | Sep | Oct | Nov | Dec 
2005: Jan | Feb | Mar | Apr | May | Jun | Jul | Aug | Sep | Oct | Nov | Dec 
2004: Jan | Feb | Mar | Apr | May | Jun | Jul | Aug | Sep | Oct | Nov | Dec 
2003: Jan | Feb | Mar | Apr | May | Jun | Jul | Aug | Sep | Oct | Nov | Dec 
2002: Jan | Feb | Mar | Apr | May | Jun | Jul | Aug | Sep | Oct | Nov | Dec 
2001: Jan | Feb | Mar | Apr | May | Jun | Jul | Aug | Sep | Oct | Nov | Dec 
2000: Jan | Feb | Mar | Apr | May | Jun | Jul | Aug | Sep | Oct | Nov | Dec 
1999: Jan | Feb | Mar | Apr | May | Jun | Jul | Aug | Sep | Oct | Nov | Dec 
1998: Jan | Feb | Mar | Apr | May | Jun | Jul | Aug | Sep | Oct | Nov | Dec 
1997: Jan | Feb | Mar | Apr | May | Jun | Jul | Aug | Sep | Oct | Nov | Dec 
1996: Jan | Feb | Mar | Apr | May | Jun | Jul | Aug | Sep | Oct | Nov | Dec 
1995: Jan | Feb | Mar | Apr | May | Jun | Jul | Aug | Sep | Oct | Nov | Dec 

Report for 2005 11
MONTHLY CLIMATOLOGICAL SUMMARY for NOV. 2005 NAME: HornSpri CITY: Lebanon STATE: TN ELEV: 612 ft LAT: 36 14' 05" N LONG: 86 22' 55" W TEMPERATURE (F), RAIN (in), WIND SPEED (mph) HEAT COOL AVG MEAN DEG DEG WIND DOM DAY TEMP HIGH TIME LOW TIME DAYS DAYS RAIN SPEED HIGH TIME DIR ------------------------------------------------------------------------------------ 1 49.8 62.1 13:25 37.6 23:57 15.2 0.0 0.00 1.3 14.0 13:26 WSW 2 50.3 67.9 14:33 32.8 5:56 14.7 0.0 0.00 0.2 10.0 13:38 WSW 3 55.2 72.8 13:46 37.5 6:18 9.8 0.0 0.00 1.5 17.0 15:07 SW 4 63.7 72.0 14:48 55.4 5:29 1.3 0.0 0.00 2.7 24.0 10:41 SW 5 70.4 77.6 13:37 63.2 0:42 0.0 5.4 0.00 3.0 22.0 13:43 SSW 6 58.4 73.5 13:57 43.3 23:58 6.6 0.0 0.56 3.9 34.0 4:49 WSW 7 57.0 74.4 14:29 39.6 5:32 8.0 0.0 0.00 0.2 7.0 8:22 E 8 72.1 81.6 14:24 62.6 6:41 0.0 7.1 0.00 2.4 20.0 11:43 SW 9 65.6 78.6 13:20 52.6 22:52 0.0 0.6 0.07 4.4 33.0 19:40 SW 10 43.2 55.3 14:23 31.0 23:57 21.8 0.0 0.00 2.6 18.0 2:18 NNW 11 45.0 62.3 14:38 27.8 6:07 20.0 0.0 0.00 0.2 7.0 8:29 WSW 12 52.7 69.8 14:22 35.5 3:54 12.3 0.0 0.00 2.6 17.0 11:17 S 13 62.2 68.1 15:11 56.2 6:10 2.8 0.0 0.17 1.9 16.0 0:12 SW 14 59.3 65.3 20:41 53.3 3:43 5.7 0.0 0.05 3.3 18.0 2:21 S 15 61.0 72.3 13:11 49.6 23:46 4.0 0.0 2.08 7.2 36.0 19:58 S 16 39.5 49.8 0:21 29.3 23:59 25.5 0.0 0.01 5.3 25.0 2:40 W 17 31.0 38.8 13:09 23.2 21:39 34.0 0.0 0.00 1.9 16.0 11:53 N 18 34.1 48.8 15:27 19.4 6:08 30.9 0.0 0.00 0.3 8.0 10:09 W 19 40.0 56.0 11:25 23.9 6:28 25.0 0.0 0.00 0.9 12.0 11:49 SW 20 44.8 59.9 13:21 29.8 3:33 20.2 0.0 0.00 0.2 6.0 11:17 ESE 21 40.3 44.3 5:06 36.3 0:01 24.7 0.0 0.01 2.8 26.0 19:16 NNW 22 36.5 46.0 14:54 27.0 23:55 28.5 0.0 0.00 3.9 24.0 11:46 NW 23 43.2 60.7 19:52 25.7 1:30 21.8 0.0 0.00 4.5 25.0 13:21 WSW 24 40.3 52.9 12:49 27.8 23:59 24.7 0.0 0.00 5.5 28.0 8:24 NNW 25 28.8 37.3 15:11 20.3 6:37 36.2 0.0 0.00 0.9 13.0 1:26 NNE 26 44.6 66.0 14:56 23.2 0:55 20.4 0.0 0.00 1.8 16.0 11:27 SSE 27 59.4 64.0 11:51 54.8 4:43 5.6 0.0 0.04 6.6 26.0 12:55 SSE 28 59.8 71.1 10:59 48.6 00:00 5.2 0.0 1.32 7.5 34.0 11:27 S 29 37.9 48.6 0:01 27.2 23:59 27.1 0.0 0.00 4.2 25.0 9:44 WSW 30 32.3 42.6 14:43 22.1 6:21 32.7 0.0 0.00 0.5 11.0 14:13 N ------------------------------------------------------------------------------------- 49.3 81.6 8 19.4 18 484.6 13.1 4.31 2.8 36.0 15 SW Max >= 90.0: 0 Max <= 32.0: 0 Min <= 32.0: 14 Min <= 0.0: 0 Max Rain: 2.08 ON 11/15/05 Days of Rain: 7 (>.01 in) 4 (>.1 in) 2 (>1 in) Heat Base: 65.0 Cool Base: 65.0 Method: (High + Low) / 2