Warning: file(http://www.wunderground.com/climate/extremes.asp): failed to open stream: HTTP request failed! HTTP/1.0 500 Internal Server Error in /homepages/6/d330860172/htdocs/usaextremes.php on line 55

Warning: implode(): Invalid arguments passed in /homepages/6/d330860172/htdocs/usaextremes.php on line 55

NOAA Style Climate Reports for Lebanon, TN

NOAA style reports

NOAA-style Climate Reports

2018: Jan | Feb | Mar | Apr | May | Jun | Jul | Aug | Sep | Oct | Nov | Dec 
2017: Jan | Feb | Mar | Apr | May | Jun | Jul | Aug | Sep | Oct | Nov | Dec 
2016: Jan | Feb | Mar | Apr | May | Jun | Jul | Aug | Sep | Oct | Nov | Dec 
2015: Jan | Feb | Mar | Apr | May | Jun | Jul | Aug | Sep | Oct | Nov | Dec 
2014: Jan | Feb | Mar | Apr | May | Jun | Jul | Aug | Sep | Oct | Nov | Dec 
2013: Jan | Feb | Mar | Apr | May | Jun | Jul | Aug | Sep | Oct | Nov | Dec 
2012: Jan | Feb | Mar | Apr | May | Jun | Jul | Aug | Sep | Oct | Nov | Dec 
2011: Jan | Feb | Mar | Apr | May | Jun | Jul | Aug | Sep | Oct | Nov | Dec 
2010: Jan | Feb | Mar | Apr | May | Jun | Jul | Aug | Sep | Oct | Nov | Dec 
2009: Jan | Feb | Mar | Apr | May | Jun | Jul | Aug | Sep | Oct | Nov | Dec 
2008: Jan | Feb | Mar | Apr | May | Jun | Jul | Aug | Sep | Oct | Nov | Dec 
2007: Jan | Feb | Mar | Apr | May | Jun | Jul | Aug | Sep | Oct | Nov | Dec 
2006: Jan | Feb | Mar | Apr | May | Jun | Jul | Aug | Sep | Oct | Nov | Dec 
2005: Jan | Feb | Mar | Apr | May | Jun | Jul | Aug | Sep | Oct | Nov | Dec 
2004: Jan | Feb | Mar | Apr | May | Jun | Jul | Aug | Sep | Oct | Nov | Dec 
2003: Jan | Feb | Mar | Apr | May | Jun | Jul | Aug | Sep | Oct | Nov | Dec 
2002: Jan | Feb | Mar | Apr | May | Jun | Jul | Aug | Sep | Oct | Nov | Dec 
2001: Jan | Feb | Mar | Apr | May | Jun | Jul | Aug | Sep | Oct | Nov | Dec 
2000: Jan | Feb | Mar | Apr | May | Jun | Jul | Aug | Sep | Oct | Nov | Dec 
1999: Jan | Feb | Mar | Apr | May | Jun | Jul | Aug | Sep | Oct | Nov | Dec 
1998: Jan | Feb | Mar | Apr | May | Jun | Jul | Aug | Sep | Oct | Nov | Dec 
1997: Jan | Feb | Mar | Apr | May | Jun | Jul | Aug | Sep | Oct | Nov | Dec 
1996: Jan | Feb | Mar | Apr | May | Jun | Jul | Aug | Sep | Oct | Nov | Dec 
1995: Jan | Feb | Mar | Apr | May | Jun | Jul | Aug | Sep | Oct | Nov | Dec 

Report for 2005 12
MONTHLY CLIMATOLOGICAL SUMMARY for DEC. 2005 NAME: HornSpri CITY: Lebanon STATE: TN ELEV: 612 ft LAT: 36 14' 05" N LONG: 86 22' 55" W TEMPERATURE (F), RAIN (in), WIND SPEED (mph) HEAT COOL AVG MEAN DEG DEG WIND DOM DAY TEMP HIGH TIME LOW TIME DAYS DAYS RAIN SPEED HIGH TIME DIR ------------------------------------------------------------------------------------ 1 37.5 49.5 11:58 25.6 1:30 27.5 0.0 0.00 5.1 33.0 12:54 NNW 2 28.9 37.5 14:31 20.3 6:28 36.1 0.0 0.00 0.9 12.0 1:32 E 3 43.8 57.8 23:57 29.8 0:01 21.2 0.0 0.35 2.9 36.0 23:58 SSW 4 46.0 58.4 0:57 33.5 23:53 19.0 0.0 0.17 4.7 24.0 0:05 N 5 26.2 33.5 0:01 18.9 23:57 38.8 0.0 0.00 4.1 19.0 9:03 N 6 28.4 41.1 14:30 15.7 5:28 36.6 0.0 0.00 1.4 17.0 10:52 W 7 29.5 39.8 13:35 19.1 6:14 35.5 0.0 0.00 1.9 14.0 15:14 NE 8 36.8 44.1 17:30 29.4 23:48 28.3 0.0 0.50 3.6 27.0 19:49 W 9 22.8 29.4 0:01 16.1 23:14 42.3 0.0 0.00 1.9 18.0 1:42 NNW 10 28.0 40.9 14:26 15.1 1:57 37.0 0.0 0.00 3.1 19.0 13:26 SW 11 39.3 43.3 10:40 35.3 7:35 25.7 0.0 0.00 5.3 24.0 12:43 WSW 12 40.5 46.0 9:54 35.0 23:56 24.5 0.0 0.00 3.9 20.0 13:17 NNW 13 33.8 40.2 12:54 27.5 19:26 31.2 0.0 0.00 0.4 7.0 14:04 E 14 38.3 45.7 15:27 31.0 0:47 26.7 0.0 0.40 3.8 20.0 12:20 S 15 36.5 42.3 15:33 30.6 23:31 28.5 0.0 0.90 1.8 13.0 12:21 SW 16 34.5 43.1 14:41 26.0 5:33 30.5 0.0 0.00 2.9 18.0 10:04 WSW 17 36.8 46.2 13:16 27.5 6:18 28.2 0.0 0.00 1.1 11.0 10:54 NNE 18 36.4 48.9 13:45 23.9 6:50 28.6 0.0 0.00 0.9 12.0 17:48 N 19 24.9 31.6 13:52 18.1 21:30 40.2 0.0 0.00 2.0 14.0 12:00 NNW 20 22.1 32.9 14:16 11.2 6:04 42.9 0.0 0.00 0.6 12.0 10:30 N 21 26.0 39.3 15:04 12.6 6:38 39.0 0.0 0.00 0.6 12.0 12:09 NNW 22 30.5 44.9 14:41 16.1 6:29 34.5 0.0 0.00 1.1 16.0 13:01 SW 23 40.9 53.3 14:45 28.5 1:32 24.1 0.0 0.00 4.4 22.0 10:24 SSW 24 45.4 52.5 12:47 38.3 2:52 19.6 0.0 0.24 4.4 21.0 19:26 S 25 42.4 48.2 12:30 36.6 22:15 22.6 0.0 0.08 4.7 21.0 13:15 WNW 26 34.6 38.2 15:05 31.0 23:48 30.4 0.0 0.00 2.5 19.0 0:56 WNW 27 44.7 61.2 13:35 28.2 2:44 20.3 0.0 0.00 4.1 20.0 13:07 SSW 28 51.0 62.7 13:21 39.2 23:46 14.0 0.0 0.00 8.6 34.0 12:57 SSW 29 37.3 39.2 0:01 35.3 23:35 27.8 0.0 0.00 2.8 14.0 3:18 NW 30 42.8 50.4 22:39 35.2 2:40 22.2 0.0 0.04 2.5 19.0 23:37 SE 31 43.8 54.2 14:22 33.5 4:10 21.2 0.0 0.00 2.6 24.0 0:08 SW ------------------------------------------------------------------------------------- 35.8 62.7 28 11.2 20 904.8 0.0 2.68 2.9 36.0 3 SW Max >= 90.0: 0 Max <= 32.0: 2 Min <= 32.0: 22 Min <= 0.0: 0 Max Rain: 0.90 ON 12/15/05 Days of Rain: 8 (>.01 in) 6 (>.1 in) 0 (>1 in) Heat Base: 65.0 Cool Base: 65.0 Method: (High + Low) / 2