Warning: file(http://www.wunderground.com/climate/extremes.asp): failed to open stream: HTTP request failed! HTTP/1.0 500 Internal Server Error in /homepages/6/d330860172/htdocs/usaextremes.php on line 55

Warning: implode(): Invalid arguments passed in /homepages/6/d330860172/htdocs/usaextremes.php on line 55

NOAA Style Climate Reports for Lebanon, TN

NOAA style reports

NOAA-style Climate Reports

2018: Jan | Feb | Mar | Apr | May | Jun | Jul | Aug | Sep | Oct | Nov | Dec 
2017: Jan | Feb | Mar | Apr | May | Jun | Jul | Aug | Sep | Oct | Nov | Dec 
2016: Jan | Feb | Mar | Apr | May | Jun | Jul | Aug | Sep | Oct | Nov | Dec 
2015: Jan | Feb | Mar | Apr | May | Jun | Jul | Aug | Sep | Oct | Nov | Dec 
2014: Jan | Feb | Mar | Apr | May | Jun | Jul | Aug | Sep | Oct | Nov | Dec 
2013: Jan | Feb | Mar | Apr | May | Jun | Jul | Aug | Sep | Oct | Nov | Dec 
2012: Jan | Feb | Mar | Apr | May | Jun | Jul | Aug | Sep | Oct | Nov | Dec 
2011: Jan | Feb | Mar | Apr | May | Jun | Jul | Aug | Sep | Oct | Nov | Dec 
2010: Jan | Feb | Mar | Apr | May | Jun | Jul | Aug | Sep | Oct | Nov | Dec 
2009: Jan | Feb | Mar | Apr | May | Jun | Jul | Aug | Sep | Oct | Nov | Dec 
2008: Jan | Feb | Mar | Apr | May | Jun | Jul | Aug | Sep | Oct | Nov | Dec 
2007: Jan | Feb | Mar | Apr | May | Jun | Jul | Aug | Sep | Oct | Nov | Dec 
2006: Jan | Feb | Mar | Apr | May | Jun | Jul | Aug | Sep | Oct | Nov | Dec 
2005: Jan | Feb | Mar | Apr | May | Jun | Jul | Aug | Sep | Oct | Nov | Dec 
2004: Jan | Feb | Mar | Apr | May | Jun | Jul | Aug | Sep | Oct | Nov | Dec 
2003: Jan | Feb | Mar | Apr | May | Jun | Jul | Aug | Sep | Oct | Nov | Dec 
2002: Jan | Feb | Mar | Apr | May | Jun | Jul | Aug | Sep | Oct | Nov | Dec 
2001: Jan | Feb | Mar | Apr | May | Jun | Jul | Aug | Sep | Oct | Nov | Dec 
2000: Jan | Feb | Mar | Apr | May | Jun | Jul | Aug | Sep | Oct | Nov | Dec 
1999: Jan | Feb | Mar | Apr | May | Jun | Jul | Aug | Sep | Oct | Nov | Dec 
1998: Jan | Feb | Mar | Apr | May | Jun | Jul | Aug | Sep | Oct | Nov | Dec 
1997: Jan | Feb | Mar | Apr | May | Jun | Jul | Aug | Sep | Oct | Nov | Dec 
1996: Jan | Feb | Mar | Apr | May | Jun | Jul | Aug | Sep | Oct | Nov | Dec 
1995: Jan | Feb | Mar | Apr | May | Jun | Jul | Aug | Sep | Oct | Nov | Dec 

Report for 2006 01
MONTHLY CLIMATOLOGICAL SUMMARY for JAN. 2006 NAME: HornSpri CITY: Lebanon STATE: TN ELEV: 612 ft LAT: 36 14' 05" N LONG: 86 22' 55" W TEMPERATURE (F), RAIN (in), WIND SPEED (mph) HEAT COOL AVG MEAN DEG DEG WIND DOM DAY TEMP HIGH TIME LOW TIME DAYS DAYS RAIN SPEED HIGH TIME DIR ------------------------------------------------------------------------------------ 1 47.5 65.0 13:11 30.1 3:55 17.5 0.0 0.00 3.3 19.0 12:29 S 2 62.2 74.6 12:47 49.8 23:54 2.8 0.0 0.00 8.1 31.0 14:13 S 3 42.9 49.8 0:01 36.0 23:44 22.1 0.0 0.00 2.4 17.0 0:05 NW 4 50.9 65.5 14:52 36.3 0:01 14.1 0.0 0.00 4.4 24.0 11:31 NNW 5 39.4 42.8 0:01 36.0 23:41 25.6 0.0 0.00 4.6 20.0 16:28 NNW 6 33.3 37.0 14:00 29.7 23:59 31.7 0.0 0.00 4.7 20.0 11:26 NNW 7 38.0 48.3 15:08 27.8 0:28 27.0 0.0 0.00 4.1 21.0 12:27 SW 8 53.1 66.6 14:14 39.6 0:08 11.9 0.0 0.00 8.1 35.0 14:19 SSW 9 54.0 60.1 14:23 48.0 22:21 11.0 0.0 0.00 3.4 17.0 0:35 SW 10 55.3 66.3 13:41 44.2 3:44 9.8 0.0 0.62 4.0 31.0 20:44 S 11 45.8 52.9 15:05 38.6 00:00 19.3 0.0 0.00 3.3 18.0 3:40 SW 12 47.7 62.3 14:29 33.1 4:59 17.3 0.0 0.00 3.1 16.0 12:27 SSW 13 46.0 58.4 4:59 33.5 23:46 19.0 0.0 0.78 8.9 34.0 14:08 S 14 30.4 36.9 15:37 23.9 23:59 34.6 0.0 0.00 6.0 30.0 4:09 NW 15 33.0 44.5 15:05 21.4 6:12 32.0 0.0 0.00 1.1 12.0 15:59 SE 16 51.1 58.4 15:23 43.8 0:01 13.9 0.0 0.21 4.2 19.0 10:24 SSW 17 42.8 57.5 5:18 28.2 23:49 22.2 0.0 1.63 4.5 21.0 5:23 NW 18 37.3 48.0 15:43 26.7 1:03 27.7 0.0 0.10 4.3 24.0 12:34 SW 19 52.3 61.6 13:22 42.9 1:28 12.8 0.0 0.00 6.6 26.0 13:55 SSW 20 55.8 63.5 13:38 48.2 7:04 9.2 0.0 0.00 5.8 21.0 11:11 SSW 21 45.0 56.9 2:50 33.1 23:50 20.0 0.0 0.07 3.5 20.0 0:42 N 22 41.2 49.2 19:23 33.1 0:01 23.8 0.0 2.45 1.4 20.0 19:32 E 23 38.8 44.6 15:54 33.1 00:00 26.2 0.0 0.33 1.7 19.0 2:31 NNW 24 42.3 57.6 15:22 26.9 6:01 22.8 0.0 0.01 4.5 26.0 15:00 WSW 25 35.2 45.2 14:09 25.1 22:32 29.8 0.0 0.00 4.2 22.0 8:59 NNW 26 33.5 46.5 14:52 20.6 6:39 31.5 0.0 0.00 1.1 12.0 9:37 ENE 27 42.7 57.5 13:52 27.8 6:52 22.3 0.0 0.00 2.0 18.0 10:31 SW 28 52.5 64.3 14:31 40.6 7:01 12.5 0.0 0.10 5.5 30.0 21:03 S 29 51.5 63.1 13:57 39.9 23:58 13.5 0.0 0.47 6.5 43.0 10:53 WSW 30 42.0 49.5 10:05 34.4 23:55 23.0 0.0 0.01 2.1 20.0 10:45 NNW 31 36.8 47.6 15:58 26.0 7:05 28.2 0.0 0.00 1.2 16.0 12:45 NW ------------------------------------------------------------------------------------- 44.5 74.6 2 20.6 26 634.8 0.0 6.78 4.1 43.0 29 SSW Max >= 90.0: 0 Max <= 32.0: 0 Min <= 32.0: 12 Min <= 0.0: 0 Max Rain: 2.45 ON 01/22/06 Days of Rain: 10 (>.01 in) 7 (>.1 in) 2 (>1 in) Heat Base: 65.0 Cool Base: 65.0 Method: (High + Low) / 2