Warning: file(http://www.wunderground.com/climate/extremes.asp): failed to open stream: HTTP request failed! HTTP/1.0 500 Internal Server Error in /homepages/6/d330860172/htdocs/usaextremes.php on line 55

Warning: implode(): Invalid arguments passed in /homepages/6/d330860172/htdocs/usaextremes.php on line 55

NOAA Style Climate Reports for Lebanon, TN

NOAA style reports

NOAA-style Climate Reports

2018: Jan | Feb | Mar | Apr | May | Jun | Jul | Aug | Sep | Oct | Nov | Dec 
2017: Jan | Feb | Mar | Apr | May | Jun | Jul | Aug | Sep | Oct | Nov | Dec 
2016: Jan | Feb | Mar | Apr | May | Jun | Jul | Aug | Sep | Oct | Nov | Dec 
2015: Jan | Feb | Mar | Apr | May | Jun | Jul | Aug | Sep | Oct | Nov | Dec 
2014: Jan | Feb | Mar | Apr | May | Jun | Jul | Aug | Sep | Oct | Nov | Dec 
2013: Jan | Feb | Mar | Apr | May | Jun | Jul | Aug | Sep | Oct | Nov | Dec 
2012: Jan | Feb | Mar | Apr | May | Jun | Jul | Aug | Sep | Oct | Nov | Dec 
2011: Jan | Feb | Mar | Apr | May | Jun | Jul | Aug | Sep | Oct | Nov | Dec 
2010: Jan | Feb | Mar | Apr | May | Jun | Jul | Aug | Sep | Oct | Nov | Dec 
2009: Jan | Feb | Mar | Apr | May | Jun | Jul | Aug | Sep | Oct | Nov | Dec 
2008: Jan | Feb | Mar | Apr | May | Jun | Jul | Aug | Sep | Oct | Nov | Dec 
2007: Jan | Feb | Mar | Apr | May | Jun | Jul | Aug | Sep | Oct | Nov | Dec 
2006: Jan | Feb | Mar | Apr | May | Jun | Jul | Aug | Sep | Oct | Nov | Dec 
2005: Jan | Feb | Mar | Apr | May | Jun | Jul | Aug | Sep | Oct | Nov | Dec 
2004: Jan | Feb | Mar | Apr | May | Jun | Jul | Aug | Sep | Oct | Nov | Dec 
2003: Jan | Feb | Mar | Apr | May | Jun | Jul | Aug | Sep | Oct | Nov | Dec 
2002: Jan | Feb | Mar | Apr | May | Jun | Jul | Aug | Sep | Oct | Nov | Dec 
2001: Jan | Feb | Mar | Apr | May | Jun | Jul | Aug | Sep | Oct | Nov | Dec 
2000: Jan | Feb | Mar | Apr | May | Jun | Jul | Aug | Sep | Oct | Nov | Dec 
1999: Jan | Feb | Mar | Apr | May | Jun | Jul | Aug | Sep | Oct | Nov | Dec 
1998: Jan | Feb | Mar | Apr | May | Jun | Jul | Aug | Sep | Oct | Nov | Dec 
1997: Jan | Feb | Mar | Apr | May | Jun | Jul | Aug | Sep | Oct | Nov | Dec 
1996: Jan | Feb | Mar | Apr | May | Jun | Jul | Aug | Sep | Oct | Nov | Dec 
1995: Jan | Feb | Mar | Apr | May | Jun | Jul | Aug | Sep | Oct | Nov | Dec 

Report for 2006 02
MONTHLY CLIMATOLOGICAL SUMMARY for FEB. 2006 NAME: HornSpri CITY: Lebanon STATE: TN ELEV: 612 ft LAT: 36 14' 05" N LONG: 86 22' 55" W TEMPERATURE (F), RAIN (in), WIND SPEED (mph) HEAT COOL AVG MEAN DEG DEG WIND DOM DAY TEMP HIGH TIME LOW TIME DAYS DAYS RAIN SPEED HIGH TIME DIR ------------------------------------------------------------------------------------ 1 42.3 59.0 14:30 25.6 6:23 22.7 0.0 0.00 2.8 20.0 13:09 SSW 2 51.0 56.2 9:40 45.8 17:56 14.0 0.0 0.38 2.5 18.0 9:37 S 3 48.4 55.3 14:18 41.5 23:51 16.6 0.0 0.49 2.1 21.0 22:33 WSW 4 35.0 41.5 0:01 28.5 23:53 30.0 0.0 0.24 2.0 22.0 5:44 NNW 5 33.3 40.1 16:01 26.4 21:20 31.8 0.0 0.01 3.0 20.0 14:14 WSW 6 35.8 44.5 16:07 27.0 21:48 29.3 0.0 0.00 0.0 1.0 7:49 WSW 7 31.9 45.5 14:48 18.3 6:45 33.1 0.0 0.00 0.8 14.0 14:53 NW 8 34.8 44.3 12:00 25.3 2:49 30.2 0.0 0.06 0.0 6.0 8:37 SSE 9 31.4 36.6 16:15 26.3 7:11 33.6 0.0 0.11 0.1 10.0 15:00 W 10 36.7 47.0 12:28 26.3 1:07 28.3 0.0 0.26 0.1 16.0 11:08 SW 11 34.5 38.0 12:54 30.9 23:09 30.5 0.0 0.13 0.0 0.0 --- --- 12 31.3 34.6 12:35 27.9 23:56 33.8 0.0 0.01 0.0 0.0 --- --- 13 31.8 39.8 16:06 23.9 7:09 33.2 0.0 0.00 0.0 0.0 --- --- 14 42.3 57.2 14:32 27.5 0:44 22.7 0.0 0.00 0.0 0.0 --- --- 15 53.0 64.8 14:19 41.2 3:25 12.0 0.0 0.00 0.0 0.0 --- --- 16 63.7 70.3 15:13 57.0 4:24 1.3 0.0 0.00 0.0 0.0 --- --- 17 49.2 66.4 0:01 31.9 5:30 15.8 0.0 0.46 1.1 16.0 23:06 N 18 23.0 33.5 0:01 12.4 23:57 42.0 0.0 0.00 5.4 20.0 12:28 N 19 18.6 26.0 13:27 11.2 3:26 46.4 0.0 0.11 1.4 12.0 0:14 N 20 30.4 37.8 14:48 23.0 0:21 34.6 0.0 0.12 0.4 8.0 15:21 W 21 40.4 47.9 16:03 32.9 6:43 24.6 0.0 0.20 0.5 10.0 22:50 W 22 42.9 45.5 14:21 40.3 2:25 22.1 0.0 0.45 0.6 10.0 21:22 W 23 44.0 57.2 14:37 30.7 6:24 21.0 0.0 0.00 1.3 19.0 13:36 WSW 24 44.5 60.5 15:14 28.5 5:27 20.5 0.0 0.00 0.8 12.0 8:40 SSE 25 49.3 63.1 12:25 35.5 23:58 15.7 0.0 0.00 5.0 28.0 19:31 N 26 33.0 42.3 16:26 23.6 00:00 32.0 0.0 0.00 3.9 26.0 1:25 N 27 39.0 56.7 16:29 21.4 1:08 26.0 0.0 0.00 3.0 21.0 14:29 SW 28 55.5 69.1 14:39 41.9 1:18 9.5 0.0 0.00 3.3 18.0 13:32 SW ------------------------------------------------------------------------------------- 39.5 70.3 16 11.2 19 713.3 0.0 3.03 1.4 28.0 25 N Max >= 90.0: 0 Max <= 32.0: 1 Min <= 32.0: 20 Min <= 0.0: 0 Max Rain: 0.49 ON 02/03/06 Days of Rain: 12 (>.01 in) 11 (>.1 in) 0 (>1 in) Heat Base: 65.0 Cool Base: 65.0 Method: (High + Low) / 2