Warning: file(http://www.wunderground.com/climate/extremes.asp): failed to open stream: HTTP request failed! HTTP/1.0 500 Internal Server Error in /homepages/6/d330860172/htdocs/usaextremes.php on line 55

Warning: implode(): Invalid arguments passed in /homepages/6/d330860172/htdocs/usaextremes.php on line 55

NOAA Style Climate Reports for Lebanon, TN

NOAA style reports

NOAA-style Climate Reports

2018: Jan | Feb | Mar | Apr | May | Jun | Jul | Aug | Sep | Oct | Nov | Dec 
2017: Jan | Feb | Mar | Apr | May | Jun | Jul | Aug | Sep | Oct | Nov | Dec 
2016: Jan | Feb | Mar | Apr | May | Jun | Jul | Aug | Sep | Oct | Nov | Dec 
2015: Jan | Feb | Mar | Apr | May | Jun | Jul | Aug | Sep | Oct | Nov | Dec 
2014: Jan | Feb | Mar | Apr | May | Jun | Jul | Aug | Sep | Oct | Nov | Dec 
2013: Jan | Feb | Mar | Apr | May | Jun | Jul | Aug | Sep | Oct | Nov | Dec 
2012: Jan | Feb | Mar | Apr | May | Jun | Jul | Aug | Sep | Oct | Nov | Dec 
2011: Jan | Feb | Mar | Apr | May | Jun | Jul | Aug | Sep | Oct | Nov | Dec 
2010: Jan | Feb | Mar | Apr | May | Jun | Jul | Aug | Sep | Oct | Nov | Dec 
2009: Jan | Feb | Mar | Apr | May | Jun | Jul | Aug | Sep | Oct | Nov | Dec 
2008: Jan | Feb | Mar | Apr | May | Jun | Jul | Aug | Sep | Oct | Nov | Dec 
2007: Jan | Feb | Mar | Apr | May | Jun | Jul | Aug | Sep | Oct | Nov | Dec 
2006: Jan | Feb | Mar | Apr | May | Jun | Jul | Aug | Sep | Oct | Nov | Dec 
2005: Jan | Feb | Mar | Apr | May | Jun | Jul | Aug | Sep | Oct | Nov | Dec 
2004: Jan | Feb | Mar | Apr | May | Jun | Jul | Aug | Sep | Oct | Nov | Dec 
2003: Jan | Feb | Mar | Apr | May | Jun | Jul | Aug | Sep | Oct | Nov | Dec 
2002: Jan | Feb | Mar | Apr | May | Jun | Jul | Aug | Sep | Oct | Nov | Dec 
2001: Jan | Feb | Mar | Apr | May | Jun | Jul | Aug | Sep | Oct | Nov | Dec 
2000: Jan | Feb | Mar | Apr | May | Jun | Jul | Aug | Sep | Oct | Nov | Dec 
1999: Jan | Feb | Mar | Apr | May | Jun | Jul | Aug | Sep | Oct | Nov | Dec 
1998: Jan | Feb | Mar | Apr | May | Jun | Jul | Aug | Sep | Oct | Nov | Dec 
1997: Jan | Feb | Mar | Apr | May | Jun | Jul | Aug | Sep | Oct | Nov | Dec 
1996: Jan | Feb | Mar | Apr | May | Jun | Jul | Aug | Sep | Oct | Nov | Dec 
1995: Jan | Feb | Mar | Apr | May | Jun | Jul | Aug | Sep | Oct | Nov | Dec 

Report for 2006 03
MONTHLY CLIMATOLOGICAL SUMMARY for MAR. 2006 NAME: HornSpri CITY: Lebanon STATE: TN ELEV: 612 ft LAT: 36 14' 05" N LONG: 86 22' 55" W TEMPERATURE (F), RAIN (in), WIND SPEED (mph) HEAT COOL AVG MEAN DEG DEG WIND DOM DAY TEMP HIGH TIME LOW TIME DAYS DAYS RAIN SPEED HIGH TIME DIR ------------------------------------------------------------------------------------ 1 63.3 74.4 14:05 52.2 0:18 1.7 0.0 0.00 4.0 19.0 12:34 SSW 2 53.5 68.1 15:16 38.9 23:55 11.5 0.0 0.00 6.9 27.0 9:01 NNW 3 40.2 49.4 15:36 30.9 00:00 24.8 0.0 0.00 2.9 20.0 9:46 N 4 37.8 51.7 13:05 23.8 6:10 27.3 0.0 0.00 1.1 14.0 13:13 N 5 41.1 53.9 15:59 28.2 6:03 23.9 0.0 0.14 0.6 12.0 19:10 ENE 6 47.5 56.7 16:01 38.3 00:00 17.5 0.0 0.00 4.3 20.0 14:06 NNW 7 43.2 51.7 16:01 34.7 1:37 21.8 0.0 0.00 1.4 13.0 4:01 N 8 53.4 70.6 13:16 36.2 2:28 11.6 0.0 0.00 4.9 26.0 12:51 SSW 9 61.4 68.9 16:42 53.9 23:10 3.6 0.0 0.82 7.1 49.0 17:12 SSW 10 59.6 71.3 16:27 47.9 6:42 5.4 0.0 0.00 2.6 17.0 9:09 SW 11 65.0 79.0 14:22 51.0 0:21 0.0 0.0 0.00 4.7 24.0 14:32 S 12 74.3 81.1 14:22 67.6 5:45 0.0 9.3 0.00 5.2 21.0 11:53 SSW 13 60.3 74.6 11:51 46.0 23:59 4.7 0.0 0.39 5.5 30.0 12:03 SW 14 43.5 54.5 14:54 32.5 00:00 21.5 0.0 0.00 4.2 24.0 2:14 NNW 15 46.2 62.7 15:01 29.7 4:45 18.8 0.0 0.00 2.2 21.0 11:09 NNW 16 58.1 69.9 12:46 46.2 5:28 6.9 0.0 0.00 4.4 27.0 13:29 SW 17 46.6 55.6 0:01 37.6 23:59 18.4 0.0 0.00 3.5 25.0 7:56 NNW 18 43.6 55.4 15:25 31.8 3:20 21.4 0.0 0.00 2.3 22.0 12:10 N 19 42.6 49.2 14:45 35.9 0:49 22.4 0.0 0.00 2.2 17.0 8:12 NE 20 39.4 42.6 0:01 36.2 8:32 25.6 0.0 0.98 3.6 21.0 11:14 ENE 21 41.4 50.8 10:11 32.1 23:53 23.6 0.0 0.17 4.2 26.0 18:05 NNW 22 32.0 34.9 19:50 29.1 22:28 33.0 0.0 0.00 0.5 8.0 23:20 N 23 40.7 51.0 12:25 30.3 3:32 24.3 0.0 0.00 2.7 21.0 13:32 NNW 24 37.2 46.0 15:03 28.4 5:56 27.8 0.0 0.00 3.4 19.0 9:24 NNW 25 36.3 46.2 16:00 26.4 23:54 28.7 0.0 0.00 1.8 19.0 14:52 NNW 26 36.2 48.8 12:53 23.6 3:47 28.8 0.0 0.00 0.7 13.0 10:07 N 27 43.4 62.4 15:44 24.4 5:44 21.6 0.0 0.00 1.8 20.0 14:43 S 28 54.5 66.3 14:46 42.6 23:58 10.5 0.0 0.00 3.5 25.0 8:49 N 29 49.8 65.2 14:53 34.3 5:09 15.3 0.0 0.00 0.4 11.0 12:47 N 30 57.4 77.6 14:19 37.2 5:32 7.6 0.0 0.00 1.8 21.0 14:49 SSW 31 65.6 70.8 12:22 60.4 4:13 0.0 0.6 0.43 4.4 24.0 8:45 SSW ------------------------------------------------------------------------------------- 48.9 81.1 12 23.6 26 510.1 10.0 2.93 3.2 49.0 9 SSW Max >= 90.0: 0 Max <= 32.0: 0 Min <= 32.0: 11 Min <= 0.0: 0 Max Rain: 0.98 ON 03/20/06 Days of Rain: 6 (>.01 in) 6 (>.1 in) 0 (>1 in) Heat Base: 65.0 Cool Base: 65.0 Method: (High + Low) / 2