Warning: file(http://www.wunderground.com/climate/extremes.asp): failed to open stream: HTTP request failed! HTTP/1.0 500 Internal Server Error in /homepages/6/d330860172/htdocs/usaextremes.php on line 55

Warning: implode(): Invalid arguments passed in /homepages/6/d330860172/htdocs/usaextremes.php on line 55

NOAA Style Climate Reports for Lebanon, TN

NOAA style reports

NOAA-style Climate Reports

2018: Jan | Feb | Mar | Apr | May | Jun | Jul | Aug | Sep | Oct | Nov | Dec 
2017: Jan | Feb | Mar | Apr | May | Jun | Jul | Aug | Sep | Oct | Nov | Dec 
2016: Jan | Feb | Mar | Apr | May | Jun | Jul | Aug | Sep | Oct | Nov | Dec 
2015: Jan | Feb | Mar | Apr | May | Jun | Jul | Aug | Sep | Oct | Nov | Dec 
2014: Jan | Feb | Mar | Apr | May | Jun | Jul | Aug | Sep | Oct | Nov | Dec 
2013: Jan | Feb | Mar | Apr | May | Jun | Jul | Aug | Sep | Oct | Nov | Dec 
2012: Jan | Feb | Mar | Apr | May | Jun | Jul | Aug | Sep | Oct | Nov | Dec 
2011: Jan | Feb | Mar | Apr | May | Jun | Jul | Aug | Sep | Oct | Nov | Dec 
2010: Jan | Feb | Mar | Apr | May | Jun | Jul | Aug | Sep | Oct | Nov | Dec 
2009: Jan | Feb | Mar | Apr | May | Jun | Jul | Aug | Sep | Oct | Nov | Dec 
2008: Jan | Feb | Mar | Apr | May | Jun | Jul | Aug | Sep | Oct | Nov | Dec 
2007: Jan | Feb | Mar | Apr | May | Jun | Jul | Aug | Sep | Oct | Nov | Dec 
2006: Jan | Feb | Mar | Apr | May | Jun | Jul | Aug | Sep | Oct | Nov | Dec 
2005: Jan | Feb | Mar | Apr | May | Jun | Jul | Aug | Sep | Oct | Nov | Dec 
2004: Jan | Feb | Mar | Apr | May | Jun | Jul | Aug | Sep | Oct | Nov | Dec 
2003: Jan | Feb | Mar | Apr | May | Jun | Jul | Aug | Sep | Oct | Nov | Dec 
2002: Jan | Feb | Mar | Apr | May | Jun | Jul | Aug | Sep | Oct | Nov | Dec 
2001: Jan | Feb | Mar | Apr | May | Jun | Jul | Aug | Sep | Oct | Nov | Dec 
2000: Jan | Feb | Mar | Apr | May | Jun | Jul | Aug | Sep | Oct | Nov | Dec 
1999: Jan | Feb | Mar | Apr | May | Jun | Jul | Aug | Sep | Oct | Nov | Dec 
1998: Jan | Feb | Mar | Apr | May | Jun | Jul | Aug | Sep | Oct | Nov | Dec 
1997: Jan | Feb | Mar | Apr | May | Jun | Jul | Aug | Sep | Oct | Nov | Dec 
1996: Jan | Feb | Mar | Apr | May | Jun | Jul | Aug | Sep | Oct | Nov | Dec 
1995: Jan | Feb | Mar | Apr | May | Jun | Jul | Aug | Sep | Oct | Nov | Dec 

Report for 2006 04
MONTHLY CLIMATOLOGICAL SUMMARY for APR. 2006 NAME: HornSpri CITY: Lebanon STATE: TN ELEV: 612 ft LAT: 36 14' 05" N LONG: 86 22' 55" W TEMPERATURE (F), RAIN (in), WIND SPEED (mph) HEAT COOL AVG MEAN DEG DEG WIND DOM DAY TEMP HIGH TIME LOW TIME DAYS DAYS RAIN SPEED HIGH TIME DIR ------------------------------------------------------------------------------------ 1 64.8 79.2 15:24 50.5 00:00 0.2 0.0 0.00 1.5 18.0 16:30 WNW 2 65.1 79.6 14:05 50.5 0:01 0.0 0.1 1.76 2.5 36.0 16:22 SW 3 57.2 69.1 0:01 45.2 23:59 7.8 0.0 0.16 5.9 31.0 11:12 NNW 4 48.6 63.7 16:35 33.4 6:49 16.4 0.0 0.00 1.6 17.0 14:04 NNW 5 51.4 70.1 16:56 32.8 6:09 13.6 0.0 0.00 0.6 12.0 14:17 SW 6 60.2 75.8 14:34 44.6 3:23 4.8 0.0 0.01 2.6 22.0 22:51 SSW 7 66.6 75.1 12:35 58.0 23:58 0.0 1.6 0.24 3.0 26.0 17:22 SSW 8 50.0 58.0 0:01 41.9 23:22 15.0 0.0 0.68 2.3 20.0 12:07 N 9 47.5 62.6 16:43 32.5 6:48 17.5 0.0 0.00 1.4 14.0 12:29 N 10 53.7 73.9 16:41 33.5 6:29 11.3 0.0 0.00 0.6 12.0 12:27 E 11 63.3 75.4 16:10 51.1 0:01 1.8 0.0 0.00 2.5 20.0 12:19 SSW 12 70.9 81.2 16:08 60.7 6:33 0.0 5.9 0.00 3.0 25.0 11:53 SW 13 72.4 84.0 15:22 60.9 2:59 0.0 7.4 0.01 1.1 13.0 13:59 SW 14 73.8 87.0 15:24 60.5 4:43 0.0 8.8 0.00 4.8 26.0 13:18 SW 15 73.2 83.2 14:59 63.2 6:54 0.0 8.2 0.00 2.1 19.0 15:46 SW 16 71.4 78.8 17:09 64.0 5:16 0.0 6.4 0.00 3.2 24.0 9:08 SW 17 70.3 80.1 16:31 60.4 23:58 0.0 5.3 0.00 3.9 20.0 8:23 N 18 69.2 85.1 16:55 53.2 6:09 0.0 4.2 0.00 0.6 10.0 13:38 ENE 19 73.2 84.3 16:17 62.0 6:26 0.0 8.2 0.70 0.8 16.0 1:41 NNE 20 66.8 70.9 17:37 62.6 3:01 0.0 1.8 0.50 0.3 14.0 14:21 E 21 66.4 70.9 14:16 62.0 6:18 0.0 1.4 0.72 1.0 17.0 16:01 W 22 67.9 78.6 16:56 57.2 7:27 0.0 2.9 0.00 0.7 12.0 16:28 WSW 23 69.3 79.2 15:10 59.3 6:44 0.0 4.3 0.00 2.0 20.0 9:45 WSW 24 67.6 75.8 15:46 59.3 1:33 0.0 2.6 0.00 0.3 10.0 10:58 NE 25 68.6 77.2 12:07 59.9 6:14 0.0 3.6 0.01 1.7 21.0 13:17 WSW 26 55.8 61.8 0:55 49.9 00:00 9.2 0.0 0.21 1.7 21.0 1:22 N 27 54.1 68.9 16:17 39.2 6:30 10.9 0.0 0.00 1.1 13.0 9:58 N 28 57.3 74.2 15:37 40.3 6:10 7.8 0.0 0.00 0.8 14.0 11:43 ENE 29 66.3 74.0 12:11 58.7 3:50 0.0 1.3 0.00 2.3 20.0 10:31 SE 30 55.8 63.9 8:28 47.7 23:59 9.2 0.0 0.14 0.6 21.0 10:57 SE ------------------------------------------------------------------------------------- 63.3 87.0 14 32.5 9 125.4 73.7 5.14 1.9 36.0 2 SW Max >= 90.0: 0 Max <= 32.0: 0 Min <= 32.0: 0 Min <= 0.0: 0 Max Rain: 1.76 ON 04/02/06 Days of Rain: 9 (>.01 in) 9 (>.1 in) 1 (>1 in) Heat Base: 65.0 Cool Base: 65.0 Method: (High + Low) / 2