Warning: file(http://www.wunderground.com/climate/extremes.asp): failed to open stream: HTTP request failed! HTTP/1.0 500 Internal Server Error in /homepages/6/d330860172/htdocs/usaextremes.php on line 55

Warning: implode(): Invalid arguments passed in /homepages/6/d330860172/htdocs/usaextremes.php on line 55

NOAA Style Climate Reports for Lebanon, TN

NOAA style reports

NOAA-style Climate Reports

2018: Jan | Feb | Mar | Apr | May | Jun | Jul | Aug | Sep | Oct | Nov | Dec 
2017: Jan | Feb | Mar | Apr | May | Jun | Jul | Aug | Sep | Oct | Nov | Dec 
2016: Jan | Feb | Mar | Apr | May | Jun | Jul | Aug | Sep | Oct | Nov | Dec 
2015: Jan | Feb | Mar | Apr | May | Jun | Jul | Aug | Sep | Oct | Nov | Dec 
2014: Jan | Feb | Mar | Apr | May | Jun | Jul | Aug | Sep | Oct | Nov | Dec 
2013: Jan | Feb | Mar | Apr | May | Jun | Jul | Aug | Sep | Oct | Nov | Dec 
2012: Jan | Feb | Mar | Apr | May | Jun | Jul | Aug | Sep | Oct | Nov | Dec 
2011: Jan | Feb | Mar | Apr | May | Jun | Jul | Aug | Sep | Oct | Nov | Dec 
2010: Jan | Feb | Mar | Apr | May | Jun | Jul | Aug | Sep | Oct | Nov | Dec 
2009: Jan | Feb | Mar | Apr | May | Jun | Jul | Aug | Sep | Oct | Nov | Dec 
2008: Jan | Feb | Mar | Apr | May | Jun | Jul | Aug | Sep | Oct | Nov | Dec 
2007: Jan | Feb | Mar | Apr | May | Jun | Jul | Aug | Sep | Oct | Nov | Dec 
2006: Jan | Feb | Mar | Apr | May | Jun | Jul | Aug | Sep | Oct | Nov | Dec 
2005: Jan | Feb | Mar | Apr | May | Jun | Jul | Aug | Sep | Oct | Nov | Dec 
2004: Jan | Feb | Mar | Apr | May | Jun | Jul | Aug | Sep | Oct | Nov | Dec 
2003: Jan | Feb | Mar | Apr | May | Jun | Jul | Aug | Sep | Oct | Nov | Dec 
2002: Jan | Feb | Mar | Apr | May | Jun | Jul | Aug | Sep | Oct | Nov | Dec 
2001: Jan | Feb | Mar | Apr | May | Jun | Jul | Aug | Sep | Oct | Nov | Dec 
2000: Jan | Feb | Mar | Apr | May | Jun | Jul | Aug | Sep | Oct | Nov | Dec 
1999: Jan | Feb | Mar | Apr | May | Jun | Jul | Aug | Sep | Oct | Nov | Dec 
1998: Jan | Feb | Mar | Apr | May | Jun | Jul | Aug | Sep | Oct | Nov | Dec 
1997: Jan | Feb | Mar | Apr | May | Jun | Jul | Aug | Sep | Oct | Nov | Dec 
1996: Jan | Feb | Mar | Apr | May | Jun | Jul | Aug | Sep | Oct | Nov | Dec 
1995: Jan | Feb | Mar | Apr | May | Jun | Jul | Aug | Sep | Oct | Nov | Dec 

Report for 2006 06
MONTHLY CLIMATOLOGICAL SUMMARY for JUN. 2006 NAME: HornSpri CITY: Lebanon STATE: TN ELEV: 612 ft LAT: 36 14' 05" N LONG: 86 22' 55" W TEMPERATURE (F), RAIN (in), WIND SPEED (mph) HEAT COOL AVG MEAN DEG DEG WIND DOM DAY TEMP HIGH TIME LOW TIME DAYS DAYS RAIN SPEED HIGH TIME DIR ------------------------------------------------------------------------------------ 1 79.0 91.0 0:08 67.0 0:08 0.0 14.0 0.00 --- --- --- --- 2 76.5 87.0 0:08 66.0 0:08 0.0 11.5 0.02 --- --- --- --- 3 67.5 79.0 0:08 56.0 0:08 0.0 2.5 0.00 --- --- --- --- 4 69.0 82.0 0:08 56.0 0:08 0.0 4.0 0.13 --- --- --- --- 5 65.5 79.0 0:08 52.0 0:08 0.0 0.5 0.01 --- --- --- --- 6 63.5 77.0 0:08 50.0 0:08 1.5 0.0 0.00 --- --- --- --- 7 68.0 83.0 0:08 53.0 0:08 0.0 3.0 0.00 --- --- --- --- 8 70.0 87.0 0:08 53.0 0:08 0.0 5.0 0.00 --- --- --- --- 9 71.0 85.0 0:08 57.0 0:08 0.0 6.0 0.00 --- --- --- --- 10 74.0 89.0 0:08 59.0 0:08 0.0 9.0 0.00 --- --- --- --- 11 81.0 95.0 0:08 67.0 0:08 0.0 16.0 0.00 --- --- --- --- 12 80.5 94.0 0:08 67.0 0:08 0.0 15.5 0.00 --- --- --- --- 13 65.0 74.0 0:08 56.0 0:08 0.0 0.0 0.00 --- --- --- --- 14 68.5 81.0 0:08 56.0 0:08 0.0 3.5 0.00 --- --- --- --- 15 70.5 84.0 0:08 57.0 0:08 0.0 5.5 0.00 --- --- --- --- 16 17 74.0 90.0 0:08 58.0 0:08 0.0 9.0 0.00 --- --- --- --- 18 79.0 89.0 0:08 69.0 0:08 0.0 14.0 0.00 --- --- --- --- 19 20 21 22 23 24 79.5 90.0 0:08 69.0 0:08 0.0 14.5 0.67 --- --- --- --- 25 75.5 84.0 0:08 67.0 0:08 0.0 10.5 0.00 --- --- --- --- 26 76.5 88.0 0:08 65.0 0:08 0.0 11.5 0.00 --- --- --- --- 27 74.0 86.0 0:08 62.0 0:08 0.0 9.0 0.06 --- --- --- --- 28 73.5 87.0 0:08 60.0 0:08 0.0 8.5 0.00 --- --- --- --- 29 73.5 87.0 0:08 60.0 0:08 0.0 8.5 0.00 --- --- --- --- 30 76.5 90.0 0:08 63.0 0:08 0.0 11.5 0.00 --- --- --- --- ------------------------------------------------------------------------------------- 73.0 95.0 11 50.0 6 1.5 193.0 0.89 --- --- --- --- Max >= 90.0: 6 Max <= 32.0: 0 Min <= 32.0: 0 Min <= 0.0: 0 Max Rain: 0.67 ON 06/24/06 Days of Rain: 4 (>.01 in) 2 (>.1 in) 0 (>1 in) Heat Base: 65.0 Cool Base: 65.0 Method: (High + Low) / 2