Warning: file(http://www.wunderground.com/climate/extremes.asp): failed to open stream: HTTP request failed! HTTP/1.0 500 Internal Server Error in /homepages/6/d330860172/htdocs/usaextremes.php on line 55

Warning: implode(): Invalid arguments passed in /homepages/6/d330860172/htdocs/usaextremes.php on line 55

NOAA Style Climate Reports for Lebanon, TN

NOAA style reports

NOAA-style Climate Reports

2018: Jan | Feb | Mar | Apr | May | Jun | Jul | Aug | Sep | Oct | Nov | Dec 
2017: Jan | Feb | Mar | Apr | May | Jun | Jul | Aug | Sep | Oct | Nov | Dec 
2016: Jan | Feb | Mar | Apr | May | Jun | Jul | Aug | Sep | Oct | Nov | Dec 
2015: Jan | Feb | Mar | Apr | May | Jun | Jul | Aug | Sep | Oct | Nov | Dec 
2014: Jan | Feb | Mar | Apr | May | Jun | Jul | Aug | Sep | Oct | Nov | Dec 
2013: Jan | Feb | Mar | Apr | May | Jun | Jul | Aug | Sep | Oct | Nov | Dec 
2012: Jan | Feb | Mar | Apr | May | Jun | Jul | Aug | Sep | Oct | Nov | Dec 
2011: Jan | Feb | Mar | Apr | May | Jun | Jul | Aug | Sep | Oct | Nov | Dec 
2010: Jan | Feb | Mar | Apr | May | Jun | Jul | Aug | Sep | Oct | Nov | Dec 
2009: Jan | Feb | Mar | Apr | May | Jun | Jul | Aug | Sep | Oct | Nov | Dec 
2008: Jan | Feb | Mar | Apr | May | Jun | Jul | Aug | Sep | Oct | Nov | Dec 
2007: Jan | Feb | Mar | Apr | May | Jun | Jul | Aug | Sep | Oct | Nov | Dec 
2006: Jan | Feb | Mar | Apr | May | Jun | Jul | Aug | Sep | Oct | Nov | Dec 
2005: Jan | Feb | Mar | Apr | May | Jun | Jul | Aug | Sep | Oct | Nov | Dec 
2004: Jan | Feb | Mar | Apr | May | Jun | Jul | Aug | Sep | Oct | Nov | Dec 
2003: Jan | Feb | Mar | Apr | May | Jun | Jul | Aug | Sep | Oct | Nov | Dec 
2002: Jan | Feb | Mar | Apr | May | Jun | Jul | Aug | Sep | Oct | Nov | Dec 
2001: Jan | Feb | Mar | Apr | May | Jun | Jul | Aug | Sep | Oct | Nov | Dec 
2000: Jan | Feb | Mar | Apr | May | Jun | Jul | Aug | Sep | Oct | Nov | Dec 
1999: Jan | Feb | Mar | Apr | May | Jun | Jul | Aug | Sep | Oct | Nov | Dec 
1998: Jan | Feb | Mar | Apr | May | Jun | Jul | Aug | Sep | Oct | Nov | Dec 
1997: Jan | Feb | Mar | Apr | May | Jun | Jul | Aug | Sep | Oct | Nov | Dec 
1996: Jan | Feb | Mar | Apr | May | Jun | Jul | Aug | Sep | Oct | Nov | Dec 
1995: Jan | Feb | Mar | Apr | May | Jun | Jul | Aug | Sep | Oct | Nov | Dec 

Report for 2006 07
MONTHLY CLIMATOLOGICAL SUMMARY for JUL. 2006 NAME: HornSpri CITY: Lebanon STATE: TN ELEV: 612 ft LAT: 36 14' 05" N LONG: 86 22' 55" W TEMPERATURE (F), RAIN (in), WIND SPEED (mph) HEAT COOL AVG MEAN DEG DEG WIND DOM DAY TEMP HIGH TIME LOW TIME DAYS DAYS RAIN SPEED HIGH TIME DIR ------------------------------------------------------------------------------------ 1 80.6 94.7 14:13 66.4 1:45 0.0 15.6 0.00 0.3 9.0 12:20 WSW 2 80.1 95.1 14:36 65.0 5:59 0.0 15.1 0.00 0.9 18.0 12:13 WSW 3 82.0 95.4 14:17 68.6 5:54 0.0 17.0 0.00 0.6 14.0 14:10 W 4 83.8 93.6 15:04 73.9 0:01 0.0 18.8 0.00 1.3 20.0 15:12 WSW 5 73.4 76.8 0:01 70.1 10:33 0.0 8.4 1.41 0.3 24.0 9:07 WSW 6 70.0 78.8 15:53 61.2 4:25 0.0 5.0 0.00 3.0 24.0 11:40 NNE 7 68.6 83.6 16:04 53.6 5:25 0.0 3.6 0.00 1.3 17.0 14:57 NE 8 72.2 85.7 15:44 58.7 6:06 0.0 7.2 0.00 0.5 10.0 12:42 NNE 9 76.8 88.2 14:47 65.3 6:00 0.0 11.8 0.00 0.5 12.0 12:42 WSW 10 75.1 86.1 16:34 64.2 3:29 0.0 10.1 0.00 0.6 13.0 10:45 WSW 11 81.8 89.7 15:11 74.0 1:35 0.0 16.8 0.00 0.8 16.0 13:26 WSW 12 84.3 92.5 15:19 76.0 22:34 0.0 19.3 0.00 1.6 25.0 12:00 SW 13 82.7 91.2 15:34 74.2 10:12 0.0 17.7 0.09 1.4 18.0 14:12 WSW 14 84.6 95.9 16:15 73.3 6:21 0.0 19.6 0.00 1.5 19.0 12:16 WSW 15 81.1 89.3 16:34 72.8 5:42 0.0 16.1 0.00 1.4 16.0 17:02 N 16 81.1 94.5 15:08 67.6 6:08 0.0 16.1 0.00 1.5 17.0 14:17 N 17 83.0 95.9 14:54 70.1 5:41 0.0 18.0 0.00 0.5 11.0 17:23 N 18 84.7 97.3 19:08 72.1 0:05 0.0 19.7 0.00 0.0 0.0 --- --- 19 86.3 100.7 16:09 71.8 5:54 0.0 21.3 0.00 0.3 13.0 19:20 E 20 84.9 98.2 15:17 71.6 4:54 0.0 19.9 0.00 0.8 19.0 14:36 N 21 83.6 97.3 15:45 69.9 23:42 0.0 18.6 0.15 2.3 39.0 17:25 WSW 22 73.9 80.7 16:51 67.1 23:00 0.0 8.9 0.11 1.8 14.0 16:57 N 23 72.9 85.5 16:05 60.4 5:55 0.0 7.9 0.00 1.4 16.0 13:10 N 24 74.1 89.0 16:03 59.2 5:40 0.0 9.1 0.00 0.4 11.0 15:05 N 25 78.3 91.6 14:12 65.0 5:56 0.0 13.3 0.00 0.7 16.0 14:14 N 26 79.4 92.9 17:15 66.0 2:51 0.0 14.4 0.00 1.6 21.0 17:44 WSW 27 84.7 94.7 17:00 74.7 3:26 0.0 19.7 0.00 1.9 24.0 13:15 WSW 28 75.6 82.2 0:01 68.9 19:05 0.0 10.6 0.44 2.7 21.0 16:41 WSW 29 76.7 83.8 15:11 69.6 0:01 0.0 11.7 0.00 0.8 16.0 11:31 WSW 30 80.9 91.6 14:18 70.3 5:45 0.0 15.9 0.00 0.2 14.0 15:40 WSW 31 80.9 91.4 16:22 70.4 5:01 0.0 15.9 0.01 0.3 13.0 14:38 WSW ------------------------------------------------------------------------------------- 79.3 100.7 19 53.6 7 0.0 443.0 2.21 1.1 39.0 21 WSW Max >= 90.0: 18 Max <= 32.0: 0 Min <= 32.0: 0 Min <= 0.0: 0 Max Rain: 1.41 ON 07/05/06 Days of Rain: 5 (>.01 in) 4 (>.1 in) 1 (>1 in) Heat Base: 65.0 Cool Base: 65.0 Method: (High + Low) / 2