Warning: file(http://www.wunderground.com/climate/extremes.asp): failed to open stream: HTTP request failed! HTTP/1.0 500 Internal Server Error in /homepages/6/d330860172/htdocs/usaextremes.php on line 55

Warning: implode(): Invalid arguments passed in /homepages/6/d330860172/htdocs/usaextremes.php on line 55

NOAA Style Climate Reports for Lebanon, TN

NOAA style reports

NOAA-style Climate Reports

2018: Jan | Feb | Mar | Apr | May | Jun | Jul | Aug | Sep | Oct | Nov | Dec 
2017: Jan | Feb | Mar | Apr | May | Jun | Jul | Aug | Sep | Oct | Nov | Dec 
2016: Jan | Feb | Mar | Apr | May | Jun | Jul | Aug | Sep | Oct | Nov | Dec 
2015: Jan | Feb | Mar | Apr | May | Jun | Jul | Aug | Sep | Oct | Nov | Dec 
2014: Jan | Feb | Mar | Apr | May | Jun | Jul | Aug | Sep | Oct | Nov | Dec 
2013: Jan | Feb | Mar | Apr | May | Jun | Jul | Aug | Sep | Oct | Nov | Dec 
2012: Jan | Feb | Mar | Apr | May | Jun | Jul | Aug | Sep | Oct | Nov | Dec 
2011: Jan | Feb | Mar | Apr | May | Jun | Jul | Aug | Sep | Oct | Nov | Dec 
2010: Jan | Feb | Mar | Apr | May | Jun | Jul | Aug | Sep | Oct | Nov | Dec 
2009: Jan | Feb | Mar | Apr | May | Jun | Jul | Aug | Sep | Oct | Nov | Dec 
2008: Jan | Feb | Mar | Apr | May | Jun | Jul | Aug | Sep | Oct | Nov | Dec 
2007: Jan | Feb | Mar | Apr | May | Jun | Jul | Aug | Sep | Oct | Nov | Dec 
2006: Jan | Feb | Mar | Apr | May | Jun | Jul | Aug | Sep | Oct | Nov | Dec 
2005: Jan | Feb | Mar | Apr | May | Jun | Jul | Aug | Sep | Oct | Nov | Dec 
2004: Jan | Feb | Mar | Apr | May | Jun | Jul | Aug | Sep | Oct | Nov | Dec 
2003: Jan | Feb | Mar | Apr | May | Jun | Jul | Aug | Sep | Oct | Nov | Dec 
2002: Jan | Feb | Mar | Apr | May | Jun | Jul | Aug | Sep | Oct | Nov | Dec 
2001: Jan | Feb | Mar | Apr | May | Jun | Jul | Aug | Sep | Oct | Nov | Dec 
2000: Jan | Feb | Mar | Apr | May | Jun | Jul | Aug | Sep | Oct | Nov | Dec 
1999: Jan | Feb | Mar | Apr | May | Jun | Jul | Aug | Sep | Oct | Nov | Dec 
1998: Jan | Feb | Mar | Apr | May | Jun | Jul | Aug | Sep | Oct | Nov | Dec 
1997: Jan | Feb | Mar | Apr | May | Jun | Jul | Aug | Sep | Oct | Nov | Dec 
1996: Jan | Feb | Mar | Apr | May | Jun | Jul | Aug | Sep | Oct | Nov | Dec 
1995: Jan | Feb | Mar | Apr | May | Jun | Jul | Aug | Sep | Oct | Nov | Dec 

Report for 2006 08
MONTHLY CLIMATOLOGICAL SUMMARY for AUG. 2006 NAME: HornSpri CITY: Lebanon STATE: TN ELEV: 612 ft LAT: 36 14' 05" N LONG: 86 22' 55" W TEMPERATURE (F), RAIN (in), WIND SPEED (mph) HEAT COOL AVG MEAN DEG DEG WIND DOM DAY TEMP HIGH TIME LOW TIME DAYS DAYS RAIN SPEED HIGH TIME DIR ------------------------------------------------------------------------------------ 1 84.4 96.8 14:41 72.1 5:14 0.0 19.4 0.00 0.4 13.0 15:12 WSW 2 86.0 97.8 15:10 74.2 4:30 0.0 21.0 0.00 1.2 17.0 14:51 WSW 3 86.0 98.5 15:49 73.5 5:52 0.0 21.0 0.00 2.4 22.0 12:27 WSW 4 82.1 92.3 14:25 71.8 23:52 0.0 17.1 0.93 1.0 25.0 16:20 N 5 80.6 91.2 17:19 70.1 6:17 0.0 15.6 0.01 0.2 10.0 14:58 WSW 6 84.8 95.4 15:47 74.2 1:14 0.0 19.8 0.00 0.4 13.0 14:37 WSW 7 85.0 95.1 13:18 74.9 23:56 0.0 20.0 0.00 0.9 14.0 11:40 WSW 8 83.4 96.1 16:15 70.8 5:27 0.0 18.4 0.00 1.2 17.0 16:56 N 9 83.3 95.9 15:13 70.6 5:20 0.0 18.3 0.41 0.5 25.0 16:14 W 10 84.4 98.0 15:59 70.8 21:55 0.0 19.4 1.34 1.4 34.0 18:12 WSW 11 75.0 79.2 16:53 70.8 0:01 0.0 10.0 0.23 0.1 8.0 1:22 WSW 12 78.3 86.5 16:44 70.1 0:57 0.0 13.3 0.01 0.8 12.0 13:59 N 13 76.4 82.4 16:53 70.3 2:19 0.0 11.4 0.00 0.2 10.0 4:42 SE 14 80.4 90.2 14:34 70.6 0:18 0.0 15.4 0.59 0.9 25.0 15:33 WSW 15 76.1 83.4 15:13 68.8 22:10 0.0 11.1 0.03 1.7 21.0 15:31 N 16 77.4 88.2 15:04 66.6 2:42 0.0 12.4 0.00 1.5 14.0 13:58 N 17 79.6 92.7 16:35 66.6 4:09 0.0 14.6 0.00 0.2 9.0 11:52 N 18 82.9 92.9 16:43 72.8 4:58 0.0 17.9 0.00 0.8 17.0 9:26 WSW 19 81.6 91.2 14:32 72.0 6:08 0.0 16.6 0.03 0.7 20.0 14:58 W 20 77.7 83.8 10:58 71.6 23:24 0.0 12.7 0.07 0.5 26.0 11:24 N 21 79.5 87.2 15:20 71.8 0:01 0.0 14.5 0.23 0.5 14.0 15:57 NNE 22 77.3 86.7 13:16 67.8 23:58 0.0 12.3 0.00 0.9 14.0 15:28 N 23 73.8 85.5 15:13 62.0 6:21 0.0 8.8 0.00 0.9 16.0 13:59 N 24 74.5 89.5 17:14 59.5 6:26 0.0 9.5 0.00 0.4 10.0 13:57 N 25 78.0 91.8 14:51 64.2 4:46 0.0 13.0 0.00 0.2 8.0 13:39 WSW 26 81.9 91.8 15:50 72.0 5:06 0.0 16.9 0.00 0.3 10.0 10:32 WSW 27 84.8 94.0 15:27 75.6 21:23 0.0 19.8 0.19 0.7 16.0 20:58 WSW 28 82.1 91.0 14:06 73.2 23:51 0.0 17.1 0.23 1.1 17.0 13:17 WSW 29 79.1 87.0 13:47 71.1 23:20 0.0 14.1 0.40 0.4 21.0 14:53 WSW 30 74.2 80.5 17:23 67.8 7:18 0.0 9.2 0.07 0.8 12.0 11:41 N 31 74.4 82.8 16:07 66.0 2:17 0.0 9.4 0.00 1.0 12.0 14:36 N ------------------------------------------------------------------------------------- 80.2 98.5 3 59.5 24 0.0 469.8 4.77 0.8 34.0 10 WSW Max >= 90.0: 18 Max <= 32.0: 0 Min <= 32.0: 0 Min <= 0.0: 0 Max Rain: 1.34 ON 08/10/06 Days of Rain: 13 (>.01 in) 9 (>.1 in) 1 (>1 in) Heat Base: 65.0 Cool Base: 65.0 Method: (High + Low) / 2