Warning: file(http://www.wunderground.com/climate/extremes.asp): failed to open stream: HTTP request failed! HTTP/1.0 500 Internal Server Error in /homepages/6/d330860172/htdocs/usaextremes.php on line 55

Warning: implode(): Invalid arguments passed in /homepages/6/d330860172/htdocs/usaextremes.php on line 55

NOAA Style Climate Reports for Lebanon, TN

NOAA style reports

NOAA-style Climate Reports

2018: Jan | Feb | Mar | Apr | May | Jun | Jul | Aug | Sep | Oct | Nov | Dec 
2017: Jan | Feb | Mar | Apr | May | Jun | Jul | Aug | Sep | Oct | Nov | Dec 
2016: Jan | Feb | Mar | Apr | May | Jun | Jul | Aug | Sep | Oct | Nov | Dec 
2015: Jan | Feb | Mar | Apr | May | Jun | Jul | Aug | Sep | Oct | Nov | Dec 
2014: Jan | Feb | Mar | Apr | May | Jun | Jul | Aug | Sep | Oct | Nov | Dec 
2013: Jan | Feb | Mar | Apr | May | Jun | Jul | Aug | Sep | Oct | Nov | Dec 
2012: Jan | Feb | Mar | Apr | May | Jun | Jul | Aug | Sep | Oct | Nov | Dec 
2011: Jan | Feb | Mar | Apr | May | Jun | Jul | Aug | Sep | Oct | Nov | Dec 
2010: Jan | Feb | Mar | Apr | May | Jun | Jul | Aug | Sep | Oct | Nov | Dec 
2009: Jan | Feb | Mar | Apr | May | Jun | Jul | Aug | Sep | Oct | Nov | Dec 
2008: Jan | Feb | Mar | Apr | May | Jun | Jul | Aug | Sep | Oct | Nov | Dec 
2007: Jan | Feb | Mar | Apr | May | Jun | Jul | Aug | Sep | Oct | Nov | Dec 
2006: Jan | Feb | Mar | Apr | May | Jun | Jul | Aug | Sep | Oct | Nov | Dec 
2005: Jan | Feb | Mar | Apr | May | Jun | Jul | Aug | Sep | Oct | Nov | Dec 
2004: Jan | Feb | Mar | Apr | May | Jun | Jul | Aug | Sep | Oct | Nov | Dec 
2003: Jan | Feb | Mar | Apr | May | Jun | Jul | Aug | Sep | Oct | Nov | Dec 
2002: Jan | Feb | Mar | Apr | May | Jun | Jul | Aug | Sep | Oct | Nov | Dec 
2001: Jan | Feb | Mar | Apr | May | Jun | Jul | Aug | Sep | Oct | Nov | Dec 
2000: Jan | Feb | Mar | Apr | May | Jun | Jul | Aug | Sep | Oct | Nov | Dec 
1999: Jan | Feb | Mar | Apr | May | Jun | Jul | Aug | Sep | Oct | Nov | Dec 
1998: Jan | Feb | Mar | Apr | May | Jun | Jul | Aug | Sep | Oct | Nov | Dec 
1997: Jan | Feb | Mar | Apr | May | Jun | Jul | Aug | Sep | Oct | Nov | Dec 
1996: Jan | Feb | Mar | Apr | May | Jun | Jul | Aug | Sep | Oct | Nov | Dec 
1995: Jan | Feb | Mar | Apr | May | Jun | Jul | Aug | Sep | Oct | Nov | Dec 

Report for 2006 09
MONTHLY CLIMATOLOGICAL SUMMARY for SEP. 2006 NAME: HornSpri CITY: Lebanon STATE: TN ELEV: 612 ft LAT: 36 14' 05" N LONG: 86 22' 55" W TEMPERATURE (F), RAIN (in), WIND SPEED (mph) HEAT COOL AVG MEAN DEG DEG WIND DOM DAY TEMP HIGH TIME LOW TIME DAYS DAYS RAIN SPEED HIGH TIME DIR ------------------------------------------------------------------------------------ 1 73.8 78.8 17:04 68.8 21:24 0.0 8.8 0.00 2.0 14.0 13:16 N 2 68.3 73.5 12:57 63.1 22:01 0.0 3.3 0.00 1.1 13.0 13:41 N 3 67.4 74.6 16:42 60.2 5:09 0.0 2.4 0.00 0.9 11.0 8:50 NE 4 70.1 79.0 14:50 61.2 4:14 0.0 5.1 0.00 1.4 16.0 16:30 N 5 71.1 80.9 15:53 61.2 5:51 0.0 6.1 0.00 0.9 13.0 13:51 N 6 70.4 80.9 15:54 59.9 5:04 0.0 5.4 0.00 1.0 16.0 15:29 N 7 71.1 84.3 16:02 57.8 5:08 0.0 6.1 0.00 0.7 12.0 14:51 N 8 73.3 86.5 16:11 60.1 5:12 0.0 8.3 0.00 0.4 16.0 17:54 E 9 75.6 85.9 14:35 65.3 6:12 0.0 10.6 0.01 0.7 14.0 15:13 SE 10 77.3 86.3 13:01 68.3 1:35 0.0 12.3 0.00 0.6 18.0 17:24 E 11 77.6 88.8 16:06 66.3 6:50 0.0 12.6 0.00 0.5 13.0 12:28 SSE 12 71.4 76.8 0:01 66.1 16:34 0.0 6.4 0.54 0.4 12.0 4:15 SSE 13 64.8 73.7 15:09 55.9 23:55 0.2 0.0 0.01 1.3 17.0 15:10 NNW 14 63.4 72.8 16:58 53.9 3:30 1.6 0.0 0.00 0.4 10.0 15:16 N 15 67.5 81.2 16:04 53.8 4:02 0.0 2.5 0.00 0.9 16.0 14:20 NE 16 71.4 87.2 15:57 55.7 6:32 0.0 6.4 0.00 0.4 11.0 12:13 E 17 74.4 89.3 16:20 59.5 2:10 0.0 9.4 0.00 0.4 13.0 11:29 SW 18 70.2 78.8 10:04 61.5 23:49 0.0 5.2 0.35 1.2 18.0 10:36 WSW 19 63.2 74.2 14:29 52.2 6:55 1.8 0.0 0.00 1.7 21.0 13:21 N 20 56.5 67.4 17:05 45.5 4:23 8.5 0.0 0.00 1.4 16.0 10:40 N 21 60.2 75.8 15:45 44.6 6:03 4.8 0.0 0.00 0.6 14.0 12:10 SE 22 72.3 82.6 15:53 62.1 3:38 0.0 7.3 0.10 2.9 20.0 6:45 S 23 76.7 87.4 13:46 66.0 8:25 0.0 11.7 2.32 2.7 41.0 5:20 SW 24 67.8 75.1 15:56 60.5 23:58 0.0 2.8 0.04 2.6 19.0 15:31 WSW 25 62.1 72.5 16:30 51.7 23:53 2.9 0.0 0.00 0.9 10.0 12:02 NNW 26 61.8 76.5 16:26 47.1 6:42 3.2 0.0 0.00 0.3 11.0 11:35 W 27 70.6 82.0 16:28 59.2 6:20 0.0 5.6 0.01 1.5 32.0 23:09 WSW 28 56.3 66.4 15:00 46.2 23:54 8.7 0.0 0.30 2.7 21.0 14:17 NNW 29 54.3 67.1 16:54 41.5 6:20 10.7 0.0 0.00 0.4 11.0 16:16 WSW 30 65.7 76.5 13:07 54.8 5:31 0.0 0.7 0.09 1.5 21.0 22:11 WSW ------------------------------------------------------------------------------------- 68.2 89.3 17 41.5 29 42.5 138.9 3.77 1.1 41.0 23 N Max >= 90.0: 0 Max <= 32.0: 0 Min <= 32.0: 0 Min <= 0.0: 0 Max Rain: 2.32 ON 09/23/06 Days of Rain: 7 (>.01 in) 4 (>.1 in) 1 (>1 in) Heat Base: 65.0 Cool Base: 65.0 Method: (High + Low) / 2