Warning: file(http://www.wunderground.com/climate/extremes.asp): failed to open stream: HTTP request failed! HTTP/1.0 500 Internal Server Error in /homepages/6/d330860172/htdocs/usaextremes.php on line 55

Warning: implode(): Invalid arguments passed in /homepages/6/d330860172/htdocs/usaextremes.php on line 55

NOAA Style Climate Reports for Lebanon, TN

NOAA style reports

NOAA-style Climate Reports

2018: Jan | Feb | Mar | Apr | May | Jun | Jul | Aug | Sep | Oct | Nov | Dec 
2017: Jan | Feb | Mar | Apr | May | Jun | Jul | Aug | Sep | Oct | Nov | Dec 
2016: Jan | Feb | Mar | Apr | May | Jun | Jul | Aug | Sep | Oct | Nov | Dec 
2015: Jan | Feb | Mar | Apr | May | Jun | Jul | Aug | Sep | Oct | Nov | Dec 
2014: Jan | Feb | Mar | Apr | May | Jun | Jul | Aug | Sep | Oct | Nov | Dec 
2013: Jan | Feb | Mar | Apr | May | Jun | Jul | Aug | Sep | Oct | Nov | Dec 
2012: Jan | Feb | Mar | Apr | May | Jun | Jul | Aug | Sep | Oct | Nov | Dec 
2011: Jan | Feb | Mar | Apr | May | Jun | Jul | Aug | Sep | Oct | Nov | Dec 
2010: Jan | Feb | Mar | Apr | May | Jun | Jul | Aug | Sep | Oct | Nov | Dec 
2009: Jan | Feb | Mar | Apr | May | Jun | Jul | Aug | Sep | Oct | Nov | Dec 
2008: Jan | Feb | Mar | Apr | May | Jun | Jul | Aug | Sep | Oct | Nov | Dec 
2007: Jan | Feb | Mar | Apr | May | Jun | Jul | Aug | Sep | Oct | Nov | Dec 
2006: Jan | Feb | Mar | Apr | May | Jun | Jul | Aug | Sep | Oct | Nov | Dec 
2005: Jan | Feb | Mar | Apr | May | Jun | Jul | Aug | Sep | Oct | Nov | Dec 
2004: Jan | Feb | Mar | Apr | May | Jun | Jul | Aug | Sep | Oct | Nov | Dec 
2003: Jan | Feb | Mar | Apr | May | Jun | Jul | Aug | Sep | Oct | Nov | Dec 
2002: Jan | Feb | Mar | Apr | May | Jun | Jul | Aug | Sep | Oct | Nov | Dec 
2001: Jan | Feb | Mar | Apr | May | Jun | Jul | Aug | Sep | Oct | Nov | Dec 
2000: Jan | Feb | Mar | Apr | May | Jun | Jul | Aug | Sep | Oct | Nov | Dec 
1999: Jan | Feb | Mar | Apr | May | Jun | Jul | Aug | Sep | Oct | Nov | Dec 
1998: Jan | Feb | Mar | Apr | May | Jun | Jul | Aug | Sep | Oct | Nov | Dec 
1997: Jan | Feb | Mar | Apr | May | Jun | Jul | Aug | Sep | Oct | Nov | Dec 
1996: Jan | Feb | Mar | Apr | May | Jun | Jul | Aug | Sep | Oct | Nov | Dec 
1995: Jan | Feb | Mar | Apr | May | Jun | Jul | Aug | Sep | Oct | Nov | Dec 

Report for 2006 10
MONTHLY CLIMATOLOGICAL SUMMARY for OCT. 2006 NAME: HornSpri CITY: Lebanon STATE: TN ELEV: 612 ft LAT: 36 14' 05" N LONG: 86 22' 55" W TEMPERATURE (F), RAIN (in), WIND SPEED (mph) HEAT COOL AVG MEAN DEG DEG WIND DOM DAY TEMP HIGH TIME LOW TIME DAYS DAYS RAIN SPEED HIGH TIME DIR ------------------------------------------------------------------------------------ 1 66.9 80.5 16:35 53.3 6:50 0.0 1.9 0.00 0.2 8.0 15:54 N 2 66.0 81.8 16:53 50.2 4:34 0.0 1.0 0.00 0.3 8.0 12:10 WSW 3 69.9 85.3 16:43 54.5 6:15 0.0 4.9 0.00 0.3 10.0 14:17 WSW 4 73.0 86.1 16:20 59.9 6:29 0.0 8.0 0.00 0.7 13.0 10:07 WSW 5 68.8 79.6 12:15 58.0 23:52 0.0 3.8 0.00 3.0 18.0 21:44 N 6 56.0 66.0 16:11 46.1 23:57 9.0 0.0 0.00 3.9 21.0 13:55 N 7 55.4 68.6 16:22 42.3 5:48 9.6 0.0 0.00 1.8 16.0 9:56 NE 8 60.0 75.4 16:56 44.6 6:22 5.0 0.0 0.00 0.6 10.0 9:23 N 9 65.4 79.9 15:48 51.0 6:59 0.0 0.4 0.00 0.4 10.0 14:34 N 10 65.5 77.7 13:24 53.3 7:05 0.0 0.5 0.00 0.1 6.0 13:32 N 11 65.7 76.5 13:33 54.8 23:45 0.0 0.7 0.34 2.9 22.0 12:20 WSW 12 43.7 55.3 0:21 32.1 23:58 21.3 0.0 0.00 2.0 18.0 6:59 N 13 44.5 58.7 16:09 30.4 4:06 20.5 0.0 0.00 1.6 21.0 14:38 WSW 14 48.6 62.3 16:55 34.9 23:58 16.4 0.0 0.00 0.7 16.0 11:32 WNW 15 47.7 66.0 14:54 29.4 6:16 17.3 0.0 0.00 0.5 11.0 11:16 E 16 54.4 59.6 23:44 49.2 12:21 10.6 0.0 0.73 4.0 27.0 21:45 SE 17 66.9 75.1 15:58 58.7 0:14 0.0 1.9 0.41 2.1 27.0 0:04 S 18 70.4 79.4 16:54 61.5 23:45 0.0 5.4 0.01 0.2 7.0 13:07 WSW 19 57.3 70.1 10:01 44.5 23:57 7.7 0.0 0.38 1.7 24.0 20:26 NW 20 43.2 51.1 16:57 35.3 23:51 21.8 0.0 0.01 1.4 19.0 2:52 NNW 21 48.0 65.0 16:56 31.0 5:46 17.0 0.0 0.00 0.7 12.0 16:23 E 22 49.9 57.0 0:58 42.8 00:00 15.1 0.0 0.00 3.3 20.0 12:38 WNW 23 41.3 50.4 15:00 32.1 23:56 23.8 0.0 0.00 1.5 18.0 14:59 NNW 24 37.9 49.4 16:49 26.4 7:00 27.1 0.0 0.00 1.0 16.0 10:29 N 25 42.8 55.9 13:43 29.7 0:37 22.2 0.0 0.00 0.3 8.0 13:38 SE 26 50.6 53.6 13:27 47.6 0:01 14.4 0.0 0.77 0.8 12.0 13:47 SSE 27 55.5 63.1 16:49 48.0 23:59 9.5 0.0 0.62 3.3 31.0 23:13 SSE 28 49.5 58.0 15:48 41.1 20:26 15.5 0.0 0.01 4.5 27.0 1:32 WNW 29 57.8 72.8 14:55 42.8 1:02 7.2 0.0 0.00 2.4 17.0 12:24 SW 30 62.4 72.8 11:48 51.9 2:53 2.6 0.0 0.00 2.6 18.0 14:39 SW 31 63.0 72.5 10:34 53.6 00:00 2.0 0.0 0.05 2.6 22.0 9:51 SSW ------------------------------------------------------------------------------------- 56.4 86.1 4 26.4 24 295.3 28.6 3.33 1.7 31.0 27 WSW Max >= 90.0: 0 Max <= 32.0: 0 Min <= 32.0: 5 Min <= 0.0: 0 Max Rain: 0.77 ON 10/26/06 Days of Rain: 7 (>.01 in) 6 (>.1 in) 0 (>1 in) Heat Base: 65.0 Cool Base: 65.0 Method: (High + Low) / 2