Warning: file(http://www.wunderground.com/climate/extremes.asp): failed to open stream: HTTP request failed! HTTP/1.0 500 Internal Server Error in /homepages/6/d330860172/htdocs/usaextremes.php on line 55

Warning: implode(): Invalid arguments passed in /homepages/6/d330860172/htdocs/usaextremes.php on line 55

NOAA Style Climate Reports for Lebanon, TN

NOAA style reports

NOAA-style Climate Reports

2018: Jan | Feb | Mar | Apr | May | Jun | Jul | Aug | Sep | Oct | Nov | Dec 
2017: Jan | Feb | Mar | Apr | May | Jun | Jul | Aug | Sep | Oct | Nov | Dec 
2016: Jan | Feb | Mar | Apr | May | Jun | Jul | Aug | Sep | Oct | Nov | Dec 
2015: Jan | Feb | Mar | Apr | May | Jun | Jul | Aug | Sep | Oct | Nov | Dec 
2014: Jan | Feb | Mar | Apr | May | Jun | Jul | Aug | Sep | Oct | Nov | Dec 
2013: Jan | Feb | Mar | Apr | May | Jun | Jul | Aug | Sep | Oct | Nov | Dec 
2012: Jan | Feb | Mar | Apr | May | Jun | Jul | Aug | Sep | Oct | Nov | Dec 
2011: Jan | Feb | Mar | Apr | May | Jun | Jul | Aug | Sep | Oct | Nov | Dec 
2010: Jan | Feb | Mar | Apr | May | Jun | Jul | Aug | Sep | Oct | Nov | Dec 
2009: Jan | Feb | Mar | Apr | May | Jun | Jul | Aug | Sep | Oct | Nov | Dec 
2008: Jan | Feb | Mar | Apr | May | Jun | Jul | Aug | Sep | Oct | Nov | Dec 
2007: Jan | Feb | Mar | Apr | May | Jun | Jul | Aug | Sep | Oct | Nov | Dec 
2006: Jan | Feb | Mar | Apr | May | Jun | Jul | Aug | Sep | Oct | Nov | Dec 
2005: Jan | Feb | Mar | Apr | May | Jun | Jul | Aug | Sep | Oct | Nov | Dec 
2004: Jan | Feb | Mar | Apr | May | Jun | Jul | Aug | Sep | Oct | Nov | Dec 
2003: Jan | Feb | Mar | Apr | May | Jun | Jul | Aug | Sep | Oct | Nov | Dec 
2002: Jan | Feb | Mar | Apr | May | Jun | Jul | Aug | Sep | Oct | Nov | Dec 
2001: Jan | Feb | Mar | Apr | May | Jun | Jul | Aug | Sep | Oct | Nov | Dec 
2000: Jan | Feb | Mar | Apr | May | Jun | Jul | Aug | Sep | Oct | Nov | Dec 
1999: Jan | Feb | Mar | Apr | May | Jun | Jul | Aug | Sep | Oct | Nov | Dec 
1998: Jan | Feb | Mar | Apr | May | Jun | Jul | Aug | Sep | Oct | Nov | Dec 
1997: Jan | Feb | Mar | Apr | May | Jun | Jul | Aug | Sep | Oct | Nov | Dec 
1996: Jan | Feb | Mar | Apr | May | Jun | Jul | Aug | Sep | Oct | Nov | Dec 
1995: Jan | Feb | Mar | Apr | May | Jun | Jul | Aug | Sep | Oct | Nov | Dec 

Report for 2006 11
MONTHLY CLIMATOLOGICAL SUMMARY for NOV. 2006 NAME: HornSpri CITY: Lebanon STATE: TN ELEV: 612 ft LAT: 36 14' 05" N LONG: 86 22' 55" W TEMPERATURE (F), RAIN (in), WIND SPEED (mph) HEAT COOL AVG MEAN DEG DEG WIND DOM DAY TEMP HIGH TIME LOW TIME DAYS DAYS RAIN SPEED HIGH TIME DIR ------------------------------------------------------------------------------------ 1 47.2 56.6 10:53 37.8 23:57 17.8 0.0 0.27 2.6 17.0 19:16 N 2 37.5 48.6 11:39 26.4 23:57 27.5 0.0 0.00 2.9 25.0 13:21 N 3 36.7 51.0 13:55 22.4 5:48 28.3 0.0 0.00 0.7 12.0 13:30 N 4 44.3 58.1 14:28 30.4 0:04 20.8 0.0 0.00 1.1 12.0 11:18 SSW 5 52.0 60.4 15:44 43.6 20:21 13.0 0.0 0.00 0.6 12.0 1:25 SSE 6 57.1 67.3 12:00 46.8 6:19 7.9 0.0 0.98 3.0 25.0 10:54 SE 7 53.7 56.0 11:09 51.4 5:16 11.3 0.0 0.74 1.0 14.0 0:59 WNW 8 50.0 57.6 14:56 42.5 23:57 15.0 0.0 0.00 1.3 13.0 5:38 NW 9 58.3 74.7 14:53 41.9 0:18 6.7 0.0 0.00 0.9 10.0 12:44 SW 10 65.1 76.0 12:26 54.1 6:38 0.0 0.1 0.00 3.0 18.0 14:21 SSW 11 53.7 67.3 0:01 40.1 00:00 11.3 0.0 0.02 5.9 26.0 5:22 NNW 12 38.8 47.7 15:20 29.8 23:41 26.3 0.0 0.00 0.9 13.0 7:56 N 13 39.8 52.5 14:06 27.2 3:59 25.2 0.0 0.01 0.6 12.0 14:35 E 14 43.0 55.1 13:32 30.9 4:58 22.0 0.0 0.11 0.8 17.0 19:09 E 15 55.6 60.4 18:56 50.7 0:01 9.4 0.0 1.75 5.3 31.0 23:13 SE 16 46.2 52.0 0:01 40.3 18:22 18.8 0.0 0.21 6.2 25.0 12:55 W 17 41.1 50.7 14:13 31.5 6:43 23.9 0.0 0.00 0.5 11.0 0:44 W 18 46.5 55.1 12:39 38.0 0:32 18.5 0.0 0.00 3.7 20.0 21:16 NNW 19 41.1 44.2 11:25 37.9 22:51 23.9 0.0 0.01 4.2 18.0 14:25 NNW 20 36.2 43.3 13:17 29.1 19:29 28.8 0.0 0.00 3.4 21.0 9:07 N 21 36.1 48.9 14:41 23.3 5:46 28.9 0.0 0.00 1.7 16.0 11:23 NNE 22 41.8 56.5 14:07 27.2 7:03 23.2 0.0 0.00 2.0 17.0 12:31 N 23 43.2 60.7 15:14 25.6 6:26 21.8 0.0 0.00 0.4 8.0 10:37 ENE 24 48.0 66.9 13:59 29.1 5:34 17.0 0.0 0.00 0.4 8.0 10:14 WSW 25 52.0 69.8 13:14 34.1 5:35 13.0 0.0 0.00 1.0 16.0 12:45 SSW 26 52.3 67.8 13:48 36.8 7:07 12.7 0.0 0.00 0.7 13.0 10:44 SW 27 51.2 67.6 13:51 34.7 6:53 13.8 0.0 0.00 0.7 11.0 11:01 SW 28 55.1 67.9 14:01 42.2 3:22 9.9 0.0 0.01 2.2 14.0 11:50 S 29 67.6 73.3 12:37 61.8 23:59 0.0 2.6 0.02 3.9 20.0 12:03 S 30 66.8 73.0 13:37 60.7 0:50 0.0 1.8 0.04 5.5 27.0 21:18 S ------------------------------------------------------------------------------------- 48.6 76.0 10 22.4 3 496.8 4.5 4.17 2.2 31.0 15 N Max >= 90.0: 0 Max <= 32.0: 0 Min <= 32.0: 12 Min <= 0.0: 0 Max Rain: 1.75 ON 11/15/06 Days of Rain: 9 (>.01 in) 6 (>.1 in) 1 (>1 in) Heat Base: 65.0 Cool Base: 65.0 Method: (High + Low) / 2