Warning: file(http://www.wunderground.com/climate/extremes.asp): failed to open stream: HTTP request failed! HTTP/1.0 500 Internal Server Error in /homepages/6/d330860172/htdocs/usaextremes.php on line 55

Warning: implode(): Invalid arguments passed in /homepages/6/d330860172/htdocs/usaextremes.php on line 55

NOAA Style Climate Reports for Lebanon, TN

NOAA style reports

NOAA-style Climate Reports

2018: Jan | Feb | Mar | Apr | May | Jun | Jul | Aug | Sep | Oct | Nov | Dec 
2017: Jan | Feb | Mar | Apr | May | Jun | Jul | Aug | Sep | Oct | Nov | Dec 
2016: Jan | Feb | Mar | Apr | May | Jun | Jul | Aug | Sep | Oct | Nov | Dec 
2015: Jan | Feb | Mar | Apr | May | Jun | Jul | Aug | Sep | Oct | Nov | Dec 
2014: Jan | Feb | Mar | Apr | May | Jun | Jul | Aug | Sep | Oct | Nov | Dec 
2013: Jan | Feb | Mar | Apr | May | Jun | Jul | Aug | Sep | Oct | Nov | Dec 
2012: Jan | Feb | Mar | Apr | May | Jun | Jul | Aug | Sep | Oct | Nov | Dec 
2011: Jan | Feb | Mar | Apr | May | Jun | Jul | Aug | Sep | Oct | Nov | Dec 
2010: Jan | Feb | Mar | Apr | May | Jun | Jul | Aug | Sep | Oct | Nov | Dec 
2009: Jan | Feb | Mar | Apr | May | Jun | Jul | Aug | Sep | Oct | Nov | Dec 
2008: Jan | Feb | Mar | Apr | May | Jun | Jul | Aug | Sep | Oct | Nov | Dec 
2007: Jan | Feb | Mar | Apr | May | Jun | Jul | Aug | Sep | Oct | Nov | Dec 
2006: Jan | Feb | Mar | Apr | May | Jun | Jul | Aug | Sep | Oct | Nov | Dec 
2005: Jan | Feb | Mar | Apr | May | Jun | Jul | Aug | Sep | Oct | Nov | Dec 
2004: Jan | Feb | Mar | Apr | May | Jun | Jul | Aug | Sep | Oct | Nov | Dec 
2003: Jan | Feb | Mar | Apr | May | Jun | Jul | Aug | Sep | Oct | Nov | Dec 
2002: Jan | Feb | Mar | Apr | May | Jun | Jul | Aug | Sep | Oct | Nov | Dec 
2001: Jan | Feb | Mar | Apr | May | Jun | Jul | Aug | Sep | Oct | Nov | Dec 
2000: Jan | Feb | Mar | Apr | May | Jun | Jul | Aug | Sep | Oct | Nov | Dec 
1999: Jan | Feb | Mar | Apr | May | Jun | Jul | Aug | Sep | Oct | Nov | Dec 
1998: Jan | Feb | Mar | Apr | May | Jun | Jul | Aug | Sep | Oct | Nov | Dec 
1997: Jan | Feb | Mar | Apr | May | Jun | Jul | Aug | Sep | Oct | Nov | Dec 
1996: Jan | Feb | Mar | Apr | May | Jun | Jul | Aug | Sep | Oct | Nov | Dec 
1995: Jan | Feb | Mar | Apr | May | Jun | Jul | Aug | Sep | Oct | Nov | Dec 

Report for 2006 12
MONTHLY CLIMATOLOGICAL SUMMARY for DEC. 2006 NAME: HornSpri CITY: Lebanon STATE: TN ELEV: 612 ft LAT: 36 14' 05" N LONG: 86 22' 55" W TEMPERATURE (F), RAIN (in), WIND SPEED (mph) HEAT COOL AVG MEAN DEG DEG WIND DOM DAY TEMP HIGH TIME LOW TIME DAYS DAYS RAIN SPEED HIGH TIME DIR ------------------------------------------------------------------------------------ 1 48.3 70.8 0:04 25.8 00:00 16.7 0.0 0.14 8.0 39.0 5:20 WSW 2 32.5 43.9 13:55 21.0 6:27 32.5 0.0 0.00 1.4 12.0 13:01 N 3 31.5 40.5 13:47 22.5 23:51 33.5 0.0 0.00 4.6 22.0 17:29 N 4 24.8 33.7 14:16 15.9 6:36 40.2 0.0 0.00 1.5 13.0 0:36 WSW 5 34.4 45.8 15:24 23.0 3:34 30.6 0.0 0.00 0.7 10.0 12:35 WSW 6 40.3 51.9 14:27 28.8 5:20 24.7 0.0 0.00 3.1 17.0 14:20 SW 7 25.6 35.9 0:21 15.2 23:59 39.4 0.0 0.00 5.5 30.0 11:31 NNW 8 18.6 28.5 14:54 8.8 7:03 46.3 0.0 0.00 0.5 10.0 2:02 N 9 28.4 45.7 14:46 11.1 6:39 36.6 0.0 0.00 0.7 11.0 11:48 SSW 10 40.3 53.9 14:10 26.6 6:32 24.8 0.0 0.00 0.9 13.0 11:50 SSW 11 47.1 64.8 14:11 29.3 5:44 17.9 0.0 0.00 1.4 14.0 13:01 SSW 12 53.5 59.9 11:11 47.1 2:14 11.5 0.0 0.68 2.6 21.0 15:29 SSE 13 51.3 61.8 14:24 40.8 20:37 13.7 0.0 0.00 1.5 12.0 14:12 SW 14 50.0 62.1 14:54 38.0 1:39 15.0 0.0 0.00 2.9 18.0 13:44 SSW 15 50.9 63.2 14:49 38.6 23:55 14.1 0.0 0.00 2.4 12.0 0:56 SW 16 52.0 66.9 13:55 37.0 2:43 13.0 0.0 0.00 1.7 13.0 14:48 SSW 17 59.9 69.6 14:06 50.2 5:01 5.1 0.0 0.00 3.2 16.0 10:08 SSW 18 55.2 67.1 14:03 43.2 5:01 9.8 0.0 0.00 0.9 10.0 9:34 WSW 19 48.2 56.5 14:08 39.8 23:02 16.8 0.0 0.00 1.8 14.0 15:28 N 20 49.4 61.3 14:32 37.6 6:42 15.6 0.0 0.00 0.8 11.0 14:26 SE 21 55.3 59.0 15:18 51.7 1:23 9.7 0.0 0.31 2.3 16.0 12:17 SE 22 49.5 57.5 9:38 41.6 23:59 15.5 0.0 0.25 2.0 21.0 5:25 SSE 23 40.8 50.7 14:54 31.0 23:47 24.2 0.0 0.00 0.6 13.0 12:46 WNW 24 39.8 53.3 13:59 26.3 6:52 25.2 0.0 0.03 1.0 13.0 11:21 ENE 25 45.2 51.9 15:59 38.5 23:52 19.8 0.0 0.85 3.5 21.0 6:02 E 26 35.3 38.5 0:01 32.2 23:59 29.7 0.0 0.00 4.5 21.0 7:59 WNW 27 34.8 45.2 14:37 24.4 5:21 30.2 0.0 0.00 0.5 10.0 12:59 WSW 28 42.2 56.7 14:06 27.6 7:02 22.8 0.0 0.00 1.4 20.0 10:26 S 29 46.5 62.4 15:07 30.6 6:11 18.5 0.0 0.00 0.7 8.0 12:59 E 30 51.8 63.1 13:33 40.6 1:58 13.2 0.0 0.22 2.2 14.0 10:45 ESE 31 54.9 66.1 9:37 43.8 00:00 10.1 0.0 0.85 5.3 24.0 5:48 SW ------------------------------------------------------------------------------------- 43.2 70.8 1 8.8 8 676.6 0.0 3.33 2.3 39.0 1 SW Max >= 90.0: 0 Max <= 32.0: 1 Min <= 32.0: 16 Min <= 0.0: 0 Max Rain: 0.85 ON 12/25/06 Days of Rain: 8 (>.01 in) 7 (>.1 in) 0 (>1 in) Heat Base: 65.0 Cool Base: 65.0 Method: (High + Low) / 2