Warning: file(http://www.wunderground.com/climate/extremes.asp): failed to open stream: HTTP request failed! HTTP/1.0 500 Internal Server Error in /homepages/6/d330860172/htdocs/usaextremes.php on line 55

Warning: implode(): Invalid arguments passed in /homepages/6/d330860172/htdocs/usaextremes.php on line 55

NOAA Style Climate Reports for Lebanon, TN

NOAA style reports

NOAA-style Climate Reports

2018: Jan | Feb | Mar | Apr | May | Jun | Jul | Aug | Sep | Oct | Nov | Dec 
2017: Jan | Feb | Mar | Apr | May | Jun | Jul | Aug | Sep | Oct | Nov | Dec 
2016: Jan | Feb | Mar | Apr | May | Jun | Jul | Aug | Sep | Oct | Nov | Dec 
2015: Jan | Feb | Mar | Apr | May | Jun | Jul | Aug | Sep | Oct | Nov | Dec 
2014: Jan | Feb | Mar | Apr | May | Jun | Jul | Aug | Sep | Oct | Nov | Dec 
2013: Jan | Feb | Mar | Apr | May | Jun | Jul | Aug | Sep | Oct | Nov | Dec 
2012: Jan | Feb | Mar | Apr | May | Jun | Jul | Aug | Sep | Oct | Nov | Dec 
2011: Jan | Feb | Mar | Apr | May | Jun | Jul | Aug | Sep | Oct | Nov | Dec 
2010: Jan | Feb | Mar | Apr | May | Jun | Jul | Aug | Sep | Oct | Nov | Dec 
2009: Jan | Feb | Mar | Apr | May | Jun | Jul | Aug | Sep | Oct | Nov | Dec 
2008: Jan | Feb | Mar | Apr | May | Jun | Jul | Aug | Sep | Oct | Nov | Dec 
2007: Jan | Feb | Mar | Apr | May | Jun | Jul | Aug | Sep | Oct | Nov | Dec 
2006: Jan | Feb | Mar | Apr | May | Jun | Jul | Aug | Sep | Oct | Nov | Dec 
2005: Jan | Feb | Mar | Apr | May | Jun | Jul | Aug | Sep | Oct | Nov | Dec 
2004: Jan | Feb | Mar | Apr | May | Jun | Jul | Aug | Sep | Oct | Nov | Dec 
2003: Jan | Feb | Mar | Apr | May | Jun | Jul | Aug | Sep | Oct | Nov | Dec 
2002: Jan | Feb | Mar | Apr | May | Jun | Jul | Aug | Sep | Oct | Nov | Dec 
2001: Jan | Feb | Mar | Apr | May | Jun | Jul | Aug | Sep | Oct | Nov | Dec 
2000: Jan | Feb | Mar | Apr | May | Jun | Jul | Aug | Sep | Oct | Nov | Dec 
1999: Jan | Feb | Mar | Apr | May | Jun | Jul | Aug | Sep | Oct | Nov | Dec 
1998: Jan | Feb | Mar | Apr | May | Jun | Jul | Aug | Sep | Oct | Nov | Dec 
1997: Jan | Feb | Mar | Apr | May | Jun | Jul | Aug | Sep | Oct | Nov | Dec 
1996: Jan | Feb | Mar | Apr | May | Jun | Jul | Aug | Sep | Oct | Nov | Dec 
1995: Jan | Feb | Mar | Apr | May | Jun | Jul | Aug | Sep | Oct | Nov | Dec 

Report for 2007 01
MONTHLY CLIMATOLOGICAL SUMMARY for JAN. 2007 NAME: HornSpri CITY: Lebanon STATE: TN ELEV: 612 ft LAT: 36 14' 05" N LONG: 86 22' 55" W TEMPERATURE (F), RAIN (in), WIND SPEED (mph) HEAT COOL AVG MEAN DEG DEG WIND DOM DAY TEMP HIGH TIME LOW TIME DAYS DAYS RAIN SPEED HIGH TIME DIR ------------------------------------------------------------------------------------ 1 42.0 46.7 1:32 37.2 19:42 23.0 0.0 0.00 4.0 24.0 10:03 WNW 2 38.7 48.2 15:34 29.1 22:54 26.3 0.0 0.00 1.8 18.0 7:27 NE 3 40.2 54.8 14:30 25.6 5:46 24.8 0.0 0.00 1.6 20.0 10:20 WSW 4 49.5 61.0 13:46 38.0 4:03 15.5 0.0 0.54 3.0 19.0 20:33 S 5 57.6 66.9 10:50 48.3 23:31 7.4 0.0 0.54 4.3 25.0 10:34 SSW 6 51.5 57.3 14:34 45.8 23:50 13.5 0.0 0.00 1.3 12.0 9:53 SW 7 48.3 52.0 9:00 44.5 23:48 16.8 0.0 0.57 3.0 21.0 10:00 WNW 8 38.3 44.9 15:06 31.6 7:23 26.8 0.0 0.03 3.7 26.0 2:16 SW 9 36.5 45.8 10:45 27.2 23:59 28.5 0.0 0.00 5.0 32.0 10:21 NW 10 32.1 43.1 15:10 21.1 6:57 32.9 0.0 0.00 0.5 9.0 14:58 ESE 11 41.7 53.9 22:44 29.5 3:12 23.3 0.0 0.00 3.8 22.0 12:27 S 12 56.7 60.1 15:13 53.2 0:14 8.3 0.0 0.00 4.3 19.0 11:02 SSW 13 61.9 66.8 13:40 57.0 0:03 3.1 0.0 0.00 4.2 18.0 11:36 SSW 14 63.5 67.8 12:23 59.2 19:22 1.5 0.0 0.02 4.4 20.0 00:00 SSW 15 50.5 65.2 2:55 35.8 00:00 14.5 0.0 0.79 5.5 26.0 7:07 WSW 16 30.5 35.9 0:01 25.0 23:59 34.5 0.0 0.00 5.6 20.0 8:04 NNW 17 30.3 36.0 14:34 24.5 0:18 34.8 0.0 0.00 2.0 14.0 4:21 NE 18 38.2 43.6 15:18 32.8 0:01 26.8 0.0 0.00 3.0 22.0 22:31 SW 19 32.7 39.2 14:50 26.1 23:50 32.3 0.0 0.00 3.5 20.0 2:23 NW 20 31.5 41.2 12:44 21.8 7:02 33.5 0.0 0.00 0.7 12.0 10:51 E 21 39.5 44.1 20:04 35.0 2:55 25.5 0.0 0.91 1.4 13.0 9:36 WSW 22 38.4 43.8 0:01 33.1 23:58 26.6 0.0 0.01 2.9 17.0 17:05 WNW 23 31.9 38.8 15:18 25.0 23:23 33.1 0.0 0.00 1.2 11.0 2:46 WNW 24 34.7 44.9 15:25 24.5 3:30 30.3 0.0 0.00 1.0 12.0 13:31 SW 25 29.8 38.6 13:31 21.0 23:52 35.2 0.0 0.00 3.1 21.0 10:14 NNW 26 34.0 49.8 16:04 18.3 3:03 31.0 0.0 0.00 2.2 14.0 15:10 SW 27 45.3 56.5 12:31 34.1 2:00 19.7 0.0 0.00 5.1 20.0 20:46 SW 28 23.7 34.4 0:01 12.9 23:57 41.3 0.0 0.00 5.9 33.0 17:14 NNW 29 23.0 35.5 15:25 10.4 3:25 42.0 0.0 0.00 2.0 13.0 12:01 SW 30 26.7 38.0 11:48 15.4 00:00 38.3 0.0 0.00 5.6 24.0 8:53 NNW 31 18.8 30.4 15:09 7.2 7:01 46.2 0.0 0.00 0.6 12.0 9:51 WNW ------------------------------------------------------------------------------------- 39.3 67.8 14 7.2 31 797.3 0.0 3.41 3.1 33.0 28 SW Max >= 90.0: 0 Max <= 32.0: 1 Min <= 32.0: 18 Min <= 0.0: 0 Max Rain: 0.91 ON 01/21/07 Days of Rain: 7 (>.01 in) 5 (>.1 in) 0 (>1 in) Heat Base: 65.0 Cool Base: 65.0 Method: (High + Low) / 2