Warning: file(http://www.wunderground.com/climate/extremes.asp): failed to open stream: HTTP request failed! HTTP/1.0 500 Internal Server Error in /homepages/6/d330860172/htdocs/usaextremes.php on line 55

Warning: implode(): Invalid arguments passed in /homepages/6/d330860172/htdocs/usaextremes.php on line 55

NOAA Style Climate Reports for Lebanon, TN

NOAA style reports

NOAA-style Climate Reports

2018: Jan | Feb | Mar | Apr | May | Jun | Jul | Aug | Sep | Oct | Nov | Dec 
2017: Jan | Feb | Mar | Apr | May | Jun | Jul | Aug | Sep | Oct | Nov | Dec 
2016: Jan | Feb | Mar | Apr | May | Jun | Jul | Aug | Sep | Oct | Nov | Dec 
2015: Jan | Feb | Mar | Apr | May | Jun | Jul | Aug | Sep | Oct | Nov | Dec 
2014: Jan | Feb | Mar | Apr | May | Jun | Jul | Aug | Sep | Oct | Nov | Dec 
2013: Jan | Feb | Mar | Apr | May | Jun | Jul | Aug | Sep | Oct | Nov | Dec 
2012: Jan | Feb | Mar | Apr | May | Jun | Jul | Aug | Sep | Oct | Nov | Dec 
2011: Jan | Feb | Mar | Apr | May | Jun | Jul | Aug | Sep | Oct | Nov | Dec 
2010: Jan | Feb | Mar | Apr | May | Jun | Jul | Aug | Sep | Oct | Nov | Dec 
2009: Jan | Feb | Mar | Apr | May | Jun | Jul | Aug | Sep | Oct | Nov | Dec 
2008: Jan | Feb | Mar | Apr | May | Jun | Jul | Aug | Sep | Oct | Nov | Dec 
2007: Jan | Feb | Mar | Apr | May | Jun | Jul | Aug | Sep | Oct | Nov | Dec 
2006: Jan | Feb | Mar | Apr | May | Jun | Jul | Aug | Sep | Oct | Nov | Dec 
2005: Jan | Feb | Mar | Apr | May | Jun | Jul | Aug | Sep | Oct | Nov | Dec 
2004: Jan | Feb | Mar | Apr | May | Jun | Jul | Aug | Sep | Oct | Nov | Dec 
2003: Jan | Feb | Mar | Apr | May | Jun | Jul | Aug | Sep | Oct | Nov | Dec 
2002: Jan | Feb | Mar | Apr | May | Jun | Jul | Aug | Sep | Oct | Nov | Dec 
2001: Jan | Feb | Mar | Apr | May | Jun | Jul | Aug | Sep | Oct | Nov | Dec 
2000: Jan | Feb | Mar | Apr | May | Jun | Jul | Aug | Sep | Oct | Nov | Dec 
1999: Jan | Feb | Mar | Apr | May | Jun | Jul | Aug | Sep | Oct | Nov | Dec 
1998: Jan | Feb | Mar | Apr | May | Jun | Jul | Aug | Sep | Oct | Nov | Dec 
1997: Jan | Feb | Mar | Apr | May | Jun | Jul | Aug | Sep | Oct | Nov | Dec 
1996: Jan | Feb | Mar | Apr | May | Jun | Jul | Aug | Sep | Oct | Nov | Dec 
1995: Jan | Feb | Mar | Apr | May | Jun | Jul | Aug | Sep | Oct | Nov | Dec 

Report for 2007 02
MONTHLY CLIMATOLOGICAL SUMMARY for FEB. 2007 NAME: HornSpri CITY: Lebanon STATE: TN ELEV: 612 ft LAT: 36 14' 05" N LONG: 86 22' 55" W TEMPERATURE (F), RAIN (in), WIND SPEED (mph) HEAT COOL AVG MEAN DEG DEG WIND DOM DAY TEMP HIGH TIME LOW TIME DAYS DAYS RAIN SPEED HIGH TIME DIR ------------------------------------------------------------------------------------ 1 33.3 37.5 11:37 29.1 4:53 31.7 0.0 0.00 0.6 8.0 1:47 SW 2 24.5 32.8 0:01 16.2 23:21 40.5 0.0 0.09 2.1 18.0 14:04 NNW 3 27.8 40.1 15:00 15.6 6:36 37.2 0.0 0.00 4.9 33.0 12:38 WSW 4 24.0 30.9 16:09 17.2 22:57 41.0 0.0 0.03 2.6 18.0 8:52 W 5 19.9 25.0 14:48 14.8 6:55 45.1 0.0 0.00 2.3 18.0 4:28 NNW 6 35.3 50.2 22:10 20.5 6:01 29.7 0.0 0.00 3.4 22.0 15:00 SW 7 36.5 47.3 0:01 25.7 23:12 28.5 0.0 0.00 3.8 20.0 1:18 N 8 24.9 31.6 16:09 18.1 23:02 40.2 0.0 0.00 1.7 14.0 7:40 N 9 25.1 32.5 15:01 17.7 4:15 39.9 0.0 0.00 1.3 13.0 15:40 N 10 24.7 33.8 16:12 15.6 3:57 40.3 0.0 0.00 1.7 14.0 11:32 NNW 11 29.7 44.9 15:42 14.4 5:38 35.3 0.0 0.00 0.6 9.0 14:51 E 12 41.8 55.4 14:44 28.2 0:01 23.2 0.0 0.00 0.8 10.0 9:19 E 13 41.3 55.9 14:32 26.7 23:57 23.7 0.0 0.92 3.9 28.0 19:54 SW 14 22.8 26.7 0:01 18.9 6:15 42.2 0.0 0.00 6.4 26.0 0:34 NNW 15 22.8 29.3 14:52 16.2 7:02 42.3 0.0 0.00 4.1 22.0 13:47 N 16 21.6 32.1 16:30 11.1 6:49 43.4 0.0 0.00 1.5 13.0 1:50 NNW 17 28.5 34.1 12:52 23.0 23:19 36.5 0.0 0.07 5.0 28.0 20:03 SW 18 26.5 37.5 14:57 15.4 6:43 38.5 0.0 0.02 3.1 20.0 11:46 WNW 19 38.1 54.4 15:48 21.8 0:01 26.9 0.0 0.00 5.2 24.0 12:52 SSW 20 55.8 62.7 16:17 48.8 0:01 9.3 0.0 0.00 5.6 25.0 11:12 SW 21 55.0 68.8 16:29 41.1 23:56 10.0 0.0 0.05 2.0 29.0 0:38 NNW 22 48.5 58.9 13:24 38.0 22:26 16.5 0.0 0.00 5.1 28.0 15:53 NNW 23 39.9 52.6 16:14 27.3 4:36 25.1 0.0 0.00 1.8 13.0 0:19 NE 24 46.8 58.7 11:15 34.9 3:37 18.2 0.0 0.68 4.6 28.0 22:31 E 25 48.1 54.1 8:47 42.1 23:02 16.9 0.0 0.30 6.2 27.0 13:36 WSW 26 42.2 52.5 14:12 31.9 4:06 22.8 0.0 0.00 1.4 14.0 11:17 NNE 27 43.1 57.2 15:25 29.0 5:42 21.9 0.0 0.00 1.4 14.0 12:29 N 28 52.8 73.0 15:16 32.5 6:05 12.3 0.0 0.00 2.9 18.0 14:33 E ------------------------------------------------------------------------------------- 35.0 73.0 28 11.1 16 838.9 0.0 2.16 3.1 33.0 3 N Max >= 90.0: 0 Max <= 32.0: 5 Min <= 32.0: 22 Min <= 0.0: 0 Max Rain: 0.92 ON 02/13/07 Days of Rain: 8 (>.01 in) 3 (>.1 in) 0 (>1 in) Heat Base: 65.0 Cool Base: 65.0 Method: (High + Low) / 2