Warning: file(http://www.wunderground.com/climate/extremes.asp): failed to open stream: HTTP request failed! HTTP/1.0 500 Internal Server Error in /homepages/6/d330860172/htdocs/usaextremes.php on line 55

Warning: implode(): Invalid arguments passed in /homepages/6/d330860172/htdocs/usaextremes.php on line 55

NOAA Style Climate Reports for Lebanon, TN

NOAA style reports

NOAA-style Climate Reports

2018: Jan | Feb | Mar | Apr | May | Jun | Jul | Aug | Sep | Oct | Nov | Dec 
2017: Jan | Feb | Mar | Apr | May | Jun | Jul | Aug | Sep | Oct | Nov | Dec 
2016: Jan | Feb | Mar | Apr | May | Jun | Jul | Aug | Sep | Oct | Nov | Dec 
2015: Jan | Feb | Mar | Apr | May | Jun | Jul | Aug | Sep | Oct | Nov | Dec 
2014: Jan | Feb | Mar | Apr | May | Jun | Jul | Aug | Sep | Oct | Nov | Dec 
2013: Jan | Feb | Mar | Apr | May | Jun | Jul | Aug | Sep | Oct | Nov | Dec 
2012: Jan | Feb | Mar | Apr | May | Jun | Jul | Aug | Sep | Oct | Nov | Dec 
2011: Jan | Feb | Mar | Apr | May | Jun | Jul | Aug | Sep | Oct | Nov | Dec 
2010: Jan | Feb | Mar | Apr | May | Jun | Jul | Aug | Sep | Oct | Nov | Dec 
2009: Jan | Feb | Mar | Apr | May | Jun | Jul | Aug | Sep | Oct | Nov | Dec 
2008: Jan | Feb | Mar | Apr | May | Jun | Jul | Aug | Sep | Oct | Nov | Dec 
2007: Jan | Feb | Mar | Apr | May | Jun | Jul | Aug | Sep | Oct | Nov | Dec 
2006: Jan | Feb | Mar | Apr | May | Jun | Jul | Aug | Sep | Oct | Nov | Dec 
2005: Jan | Feb | Mar | Apr | May | Jun | Jul | Aug | Sep | Oct | Nov | Dec 
2004: Jan | Feb | Mar | Apr | May | Jun | Jul | Aug | Sep | Oct | Nov | Dec 
2003: Jan | Feb | Mar | Apr | May | Jun | Jul | Aug | Sep | Oct | Nov | Dec 
2002: Jan | Feb | Mar | Apr | May | Jun | Jul | Aug | Sep | Oct | Nov | Dec 
2001: Jan | Feb | Mar | Apr | May | Jun | Jul | Aug | Sep | Oct | Nov | Dec 
2000: Jan | Feb | Mar | Apr | May | Jun | Jul | Aug | Sep | Oct | Nov | Dec 
1999: Jan | Feb | Mar | Apr | May | Jun | Jul | Aug | Sep | Oct | Nov | Dec 
1998: Jan | Feb | Mar | Apr | May | Jun | Jul | Aug | Sep | Oct | Nov | Dec 
1997: Jan | Feb | Mar | Apr | May | Jun | Jul | Aug | Sep | Oct | Nov | Dec 
1996: Jan | Feb | Mar | Apr | May | Jun | Jul | Aug | Sep | Oct | Nov | Dec 
1995: Jan | Feb | Mar | Apr | May | Jun | Jul | Aug | Sep | Oct | Nov | Dec 

Report for 2007 03
MONTHLY CLIMATOLOGICAL SUMMARY for MAR. 2007 NAME: HornSpri CITY: Lebanon STATE: TN ELEV: 612 ft LAT: 36 14' 05" N LONG: 86 22' 55" W TEMPERATURE (F), RAIN (in), WIND SPEED (mph) HEAT COOL AVG MEAN DEG DEG WIND DOM DAY TEMP HIGH TIME LOW TIME DAYS DAYS RAIN SPEED HIGH TIME DIR ------------------------------------------------------------------------------------ 1 54.0 64.2 2:38 43.8 23:56 11.0 0.0 1.38 6.6 28.0 19:31 S 2 47.4 60.1 13:52 34.7 4:36 17.6 0.0 0.00 7.0 34.0 13:54 WSW 3 39.6 51.0 12:36 28.2 23:56 25.4 0.0 0.00 8.0 34.0 13:05 WSW 4 35.4 45.5 16:16 25.3 3:26 29.6 0.0 0.00 2.9 28.0 13:07 NW 5 43.3 61.0 15:35 25.7 1:58 21.7 0.0 0.00 2.0 17.0 14:58 WSW 6 44.8 56.6 16:19 33.1 6:10 20.2 0.0 0.00 1.5 14.0 8:04 NE 7 53.2 69.6 14:39 36.8 0:25 11.8 0.0 0.00 4.1 22.0 14:27 SW 8 49.8 66.6 16:09 32.9 6:05 15.3 0.0 0.00 0.8 9.0 0:09 NE 9 55.0 74.0 14:59 36.0 6:02 10.0 0.0 0.00 2.7 20.0 12:30 SSW 10 59.2 69.3 13:41 49.1 23:30 5.8 0.0 0.01 2.6 17.0 10:29 SSW 11 53.0 65.6 16:13 40.5 7:13 12.0 0.0 0.00 2.4 16.0 13:05 NE 12 55.2 75.1 17:19 35.3 5:18 9.8 0.0 0.00 0.6 11.0 14:04 WSW 13 64.6 78.6 14:16 50.5 7:24 0.4 0.0 0.00 2.2 19.0 13:13 SW 14 67.1 75.1 16:55 59.0 21:46 0.0 2.1 0.00 3.7 18.0 16:16 SSW 15 56.6 69.9 14:03 43.3 23:37 8.4 0.0 0.52 3.2 24.0 18:29 SSW 16 44.0 51.7 15:36 36.2 00:00 21.0 0.0 0.00 8.2 27.0 15:16 NNW 17 37.3 45.7 15:53 28.8 6:59 27.8 0.0 0.00 3.7 18.0 14:15 NNW 18 38.2 51.6 17:17 24.8 7:06 26.8 0.0 0.00 1.2 13.0 11:54 E 19 52.8 69.9 15:06 35.6 2:35 12.3 0.0 0.00 5.0 30.0 14:52 SW 20 61.2 68.8 16:55 53.5 23:29 3.8 0.0 0.01 1.7 12.0 17:01 SW 21 62.2 77.6 15:59 46.7 4:39 2.8 0.0 0.01 2.8 24.0 14:27 SSW 22 67.3 76.7 16:22 57.8 4:47 0.0 2.3 0.00 3.8 21.0 12:35 SW 23 69.3 80.5 15:26 58.0 6:30 0.0 4.3 0.00 3.1 24.0 12:39 SW 24 69.9 83.4 16:18 56.5 6:58 0.0 4.9 0.00 0.9 13.0 10:04 SW 25 68.8 85.3 16:27 52.2 7:11 0.0 3.8 0.00 0.4 12.0 14:01 WSW 26 71.1 84.0 13:31 58.1 7:14 0.0 6.1 0.00 0.8 13.0 13:25 SW 27 72.0 82.2 15:09 61.8 5:32 0.0 7.0 0.00 0.9 14.0 17:09 SW 28 66.9 71.5 1:29 62.3 9:17 0.0 1.9 0.57 0.7 14.0 6:36 WSW 29 69.5 81.4 17:19 57.6 6:26 0.0 4.5 0.00 0.6 10.0 20:38 NNE 30 68.5 78.1 14:09 58.9 4:15 0.0 3.5 0.00 0.7 11.0 13:39 SW 31 68.8 77.6 13:33 60.1 6:52 0.0 3.8 0.00 1.9 21.0 13:01 SSW ------------------------------------------------------------------------------------- 57.0 85.3 25 24.8 18 293.4 44.1 2.50 2.8 34.0 2 SW Max >= 90.0: 0 Max <= 32.0: 0 Min <= 32.0: 5 Min <= 0.0: 0 Max Rain: 1.38 ON 03/01/07 Days of Rain: 3 (>.01 in) 3 (>.1 in) 1 (>1 in) Heat Base: 65.0 Cool Base: 65.0 Method: (High + Low) / 2