Warning: file(http://www.wunderground.com/climate/extremes.asp): failed to open stream: HTTP request failed! HTTP/1.0 500 Internal Server Error in /homepages/6/d330860172/htdocs/usaextremes.php on line 55

Warning: implode(): Invalid arguments passed in /homepages/6/d330860172/htdocs/usaextremes.php on line 55

NOAA Style Climate Reports for Lebanon, TN

NOAA style reports

NOAA-style Climate Reports

2018: Jan | Feb | Mar | Apr | May | Jun | Jul | Aug | Sep | Oct | Nov | Dec 
2017: Jan | Feb | Mar | Apr | May | Jun | Jul | Aug | Sep | Oct | Nov | Dec 
2016: Jan | Feb | Mar | Apr | May | Jun | Jul | Aug | Sep | Oct | Nov | Dec 
2015: Jan | Feb | Mar | Apr | May | Jun | Jul | Aug | Sep | Oct | Nov | Dec 
2014: Jan | Feb | Mar | Apr | May | Jun | Jul | Aug | Sep | Oct | Nov | Dec 
2013: Jan | Feb | Mar | Apr | May | Jun | Jul | Aug | Sep | Oct | Nov | Dec 
2012: Jan | Feb | Mar | Apr | May | Jun | Jul | Aug | Sep | Oct | Nov | Dec 
2011: Jan | Feb | Mar | Apr | May | Jun | Jul | Aug | Sep | Oct | Nov | Dec 
2010: Jan | Feb | Mar | Apr | May | Jun | Jul | Aug | Sep | Oct | Nov | Dec 
2009: Jan | Feb | Mar | Apr | May | Jun | Jul | Aug | Sep | Oct | Nov | Dec 
2008: Jan | Feb | Mar | Apr | May | Jun | Jul | Aug | Sep | Oct | Nov | Dec 
2007: Jan | Feb | Mar | Apr | May | Jun | Jul | Aug | Sep | Oct | Nov | Dec 
2006: Jan | Feb | Mar | Apr | May | Jun | Jul | Aug | Sep | Oct | Nov | Dec 
2005: Jan | Feb | Mar | Apr | May | Jun | Jul | Aug | Sep | Oct | Nov | Dec 
2004: Jan | Feb | Mar | Apr | May | Jun | Jul | Aug | Sep | Oct | Nov | Dec 
2003: Jan | Feb | Mar | Apr | May | Jun | Jul | Aug | Sep | Oct | Nov | Dec 
2002: Jan | Feb | Mar | Apr | May | Jun | Jul | Aug | Sep | Oct | Nov | Dec 
2001: Jan | Feb | Mar | Apr | May | Jun | Jul | Aug | Sep | Oct | Nov | Dec 
2000: Jan | Feb | Mar | Apr | May | Jun | Jul | Aug | Sep | Oct | Nov | Dec 
1999: Jan | Feb | Mar | Apr | May | Jun | Jul | Aug | Sep | Oct | Nov | Dec 
1998: Jan | Feb | Mar | Apr | May | Jun | Jul | Aug | Sep | Oct | Nov | Dec 
1997: Jan | Feb | Mar | Apr | May | Jun | Jul | Aug | Sep | Oct | Nov | Dec 
1996: Jan | Feb | Mar | Apr | May | Jun | Jul | Aug | Sep | Oct | Nov | Dec 
1995: Jan | Feb | Mar | Apr | May | Jun | Jul | Aug | Sep | Oct | Nov | Dec 

Report for 2007 04
MONTHLY CLIMATOLOGICAL SUMMARY for APR. 2007 NAME: HornSpri CITY: Lebanon STATE: TN ELEV: 612 ft LAT: 36 14' 05" N LONG: 86 22' 55" W TEMPERATURE (F), RAIN (in), WIND SPEED (mph) HEAT COOL AVG MEAN DEG DEG WIND DOM DAY TEMP HIGH TIME LOW TIME DAYS DAYS RAIN SPEED HIGH TIME DIR ------------------------------------------------------------------------------------ 1 70.1 77.4 16:20 62.7 6:53 0.0 5.1 0.17 2.6 25.0 11:32 SW 2 69.8 81.2 17:05 58.4 00:00 0.0 4.8 0.00 0.8 13.0 10:14 WSW 3 70.3 83.2 14:12 57.3 21:19 0.0 5.3 1.08 1.6 34.0 20:40 SW 4 48.3 59.0 2:23 37.6 23:52 16.7 0.0 0.00 5.3 25.0 2:23 NNW 5 39.0 46.7 16:21 31.3 6:43 26.0 0.0 0.00 4.1 21.0 3:07 N 6 37.0 45.7 13:42 28.4 6:36 28.0 0.0 0.00 4.7 27.0 15:26 NNW 7 33.8 41.9 16:23 25.6 4:16 31.3 0.0 0.00 3.5 22.0 8:21 NNW 8 35.3 50.5 16:40 20.2 5:16 29.7 0.0 0.00 1.0 18.0 15:00 W 9 42.0 56.7 16:37 27.3 6:05 23.0 0.0 0.00 0.7 17.0 15:25 WSW 10 46.4 63.4 17:18 29.4 5:47 18.6 0.0 0.00 1.3 16.0 13:17 SE 11 58.4 68.6 17:38 48.2 23:37 6.6 0.0 0.83 5.1 45.0 14:44 SSE 12 50.6 59.0 16:23 42.2 23:55 14.4 0.0 0.00 5.9 25.0 5:13 WSW 13 44.6 54.5 16:47 34.7 5:44 20.4 0.0 0.27 1.1 16.0 10:09 NE 14 54.4 65.5 15:51 43.3 0:01 10.6 0.0 0.60 3.8 19.0 6:08 SSW 15 44.8 54.1 16:31 35.6 8:39 20.2 0.0 0.07 6.4 32.0 16:57 NNW 16 53.2 67.8 17:02 38.6 4:34 11.8 0.0 0.00 4.5 26.0 12:56 WNW 17 54.5 73.0 16:35 35.9 6:26 10.5 0.0 0.00 0.4 8.0 12:48 WNW 18 61.5 71.3 16:39 51.7 5:08 3.5 0.0 0.00 1.1 14.0 12:23 NNW 19 51.2 62.4 14:56 39.9 6:17 13.8 0.0 0.00 3.5 22.0 13:00 N 20 54.3 71.5 16:53 37.0 6:12 10.8 0.0 0.00 1.0 14.0 15:48 N 21 60.1 78.3 16:55 41.8 6:03 4.9 0.0 0.00 0.4 10.0 12:12 ESE 22 63.2 79.9 15:27 46.4 6:23 1.8 0.0 0.00 1.7 18.0 13:26 SSW 23 69.2 77.0 10:55 61.3 2:40 0.0 4.2 0.00 2.9 26.0 11:44 SW 24 69.2 75.3 17:38 63.1 5:46 0.0 4.2 0.00 1.9 17.0 10:04 SW 25 72.3 79.8 14:37 64.7 5:17 0.0 7.3 0.03 4.0 22.0 14:27 SSW 26 67.9 76.0 15:25 59.8 00:00 0.0 2.9 0.61 4.2 27.0 16:55 WSW 27 56.5 62.0 17:17 51.1 22:25 8.5 0.0 0.00 2.4 17.0 12:39 W 28 63.3 74.4 15:37 52.3 0:01 1.7 0.0 0.00 2.2 20.0 14:26 SW 29 65.3 81.6 16:56 49.1 6:00 0.0 0.3 0.00 1.5 17.0 14:04 W 30 69.2 87.4 16:51 51.0 6:13 0.0 4.2 0.00 0.5 12.0 11:44 WSW ------------------------------------------------------------------------------------- 55.8 87.4 30 20.2 8 312.6 38.2 3.66 2.7 45.0 11 SW Max >= 90.0: 0 Max <= 32.0: 0 Min <= 32.0: 6 Min <= 0.0: 0 Max Rain: 1.08 ON 04/03/07 Days of Rain: 8 (>.01 in) 6 (>.1 in) 1 (>1 in) Heat Base: 65.0 Cool Base: 65.0 Method: (High + Low) / 2