Warning: file(http://www.wunderground.com/climate/extremes.asp): failed to open stream: HTTP request failed! HTTP/1.0 500 Internal Server Error in /homepages/6/d330860172/htdocs/usaextremes.php on line 55

Warning: implode(): Invalid arguments passed in /homepages/6/d330860172/htdocs/usaextremes.php on line 55

NOAA Style Climate Reports for Lebanon, TN

NOAA style reports

NOAA-style Climate Reports

2018: Jan | Feb | Mar | Apr | May | Jun | Jul | Aug | Sep | Oct | Nov | Dec 
2017: Jan | Feb | Mar | Apr | May | Jun | Jul | Aug | Sep | Oct | Nov | Dec 
2016: Jan | Feb | Mar | Apr | May | Jun | Jul | Aug | Sep | Oct | Nov | Dec 
2015: Jan | Feb | Mar | Apr | May | Jun | Jul | Aug | Sep | Oct | Nov | Dec 
2014: Jan | Feb | Mar | Apr | May | Jun | Jul | Aug | Sep | Oct | Nov | Dec 
2013: Jan | Feb | Mar | Apr | May | Jun | Jul | Aug | Sep | Oct | Nov | Dec 
2012: Jan | Feb | Mar | Apr | May | Jun | Jul | Aug | Sep | Oct | Nov | Dec 
2011: Jan | Feb | Mar | Apr | May | Jun | Jul | Aug | Sep | Oct | Nov | Dec 
2010: Jan | Feb | Mar | Apr | May | Jun | Jul | Aug | Sep | Oct | Nov | Dec 
2009: Jan | Feb | Mar | Apr | May | Jun | Jul | Aug | Sep | Oct | Nov | Dec 
2008: Jan | Feb | Mar | Apr | May | Jun | Jul | Aug | Sep | Oct | Nov | Dec 
2007: Jan | Feb | Mar | Apr | May | Jun | Jul | Aug | Sep | Oct | Nov | Dec 
2006: Jan | Feb | Mar | Apr | May | Jun | Jul | Aug | Sep | Oct | Nov | Dec 
2005: Jan | Feb | Mar | Apr | May | Jun | Jul | Aug | Sep | Oct | Nov | Dec 
2004: Jan | Feb | Mar | Apr | May | Jun | Jul | Aug | Sep | Oct | Nov | Dec 
2003: Jan | Feb | Mar | Apr | May | Jun | Jul | Aug | Sep | Oct | Nov | Dec 
2002: Jan | Feb | Mar | Apr | May | Jun | Jul | Aug | Sep | Oct | Nov | Dec 
2001: Jan | Feb | Mar | Apr | May | Jun | Jul | Aug | Sep | Oct | Nov | Dec 
2000: Jan | Feb | Mar | Apr | May | Jun | Jul | Aug | Sep | Oct | Nov | Dec 
1999: Jan | Feb | Mar | Apr | May | Jun | Jul | Aug | Sep | Oct | Nov | Dec 
1998: Jan | Feb | Mar | Apr | May | Jun | Jul | Aug | Sep | Oct | Nov | Dec 
1997: Jan | Feb | Mar | Apr | May | Jun | Jul | Aug | Sep | Oct | Nov | Dec 
1996: Jan | Feb | Mar | Apr | May | Jun | Jul | Aug | Sep | Oct | Nov | Dec 
1995: Jan | Feb | Mar | Apr | May | Jun | Jul | Aug | Sep | Oct | Nov | Dec 

Report for 2007 05
MONTHLY CLIMATOLOGICAL SUMMARY for MAY. 2007 NAME: HornSpri CITY: Lebanon STATE: TN ELEV: 612 ft LAT: 36 14' 05" N LONG: 86 22' 55" W TEMPERATURE (F), RAIN (in), WIND SPEED (mph) HEAT COOL AVG MEAN DEG DEG WIND DOM DAY TEMP HIGH TIME LOW TIME DAYS DAYS RAIN SPEED HIGH TIME DIR ------------------------------------------------------------------------------------ 1 72.6 87.0 15:32 58.1 5:05 0.0 7.6 0.00 1.2 18.0 12:41 SW 2 73.3 85.3 15:23 61.2 6:10 0.0 8.3 0.01 1.1 22.0 17:27 SW 3 71.7 79.4 16:15 64.0 5:11 0.0 6.7 0.02 0.9 16.0 19:25 E 4 69.6 77.2 14:43 62.1 2:46 0.0 4.6 0.74 0.7 16.0 16:47 WSW 5 71.2 79.0 16:33 63.4 23:59 0.0 6.2 0.87 0.6 9.0 4:58 E 6 69.2 78.5 15:38 59.9 4:10 0.0 4.2 0.00 2.2 16.0 13:29 NE 7 66.5 78.5 15:26 54.5 5:21 0.0 1.5 0.00 0.9 13.0 10:54 E 8 67.8 84.0 16:18 51.7 5:37 0.0 2.8 0.00 0.6 12.0 14:13 W 9 69.1 85.9 16:40 52.3 5:52 0.0 4.1 0.00 0.3 9.0 15:18 WSW 10 73.9 87.4 16:08 60.4 5:27 0.0 8.9 0.00 0.5 10.0 13:05 WNW 11 75.0 85.7 16:17 64.3 23:58 0.0 10.0 0.60 1.2 17.0 18:44 N 12 73.5 84.9 15:42 62.1 5:00 0.0 8.5 0.00 1.2 13.0 15:22 N 13 66.1 77.4 15:05 54.7 00:00 0.0 1.1 0.00 3.0 17.0 7:52 NE 14 66.3 83.4 15:32 49.2 5:07 0.0 1.3 0.00 0.7 16.0 11:57 WSW 15 72.9 83.0 14:44 62.9 9:36 0.0 7.9 0.03 1.7 19.0 13:55 SW 16 60.1 69.8 0:01 50.4 23:59 4.9 0.0 0.25 3.3 28.0 0:14 N 17 56.7 70.1 12:07 43.3 5:39 8.3 0.0 0.00 3.2 25.0 14:40 N 18 56.8 67.4 16:23 46.2 23:55 8.2 0.0 0.00 2.9 20.0 10:25 N 19 57.9 75.1 16:14 40.8 6:05 7.1 0.0 0.00 0.7 14.0 9:50 NE 20 61.5 80.5 16:09 42.5 5:34 3.5 0.0 0.00 0.4 12.0 11:08 W 21 64.9 83.4 15:43 46.5 5:31 0.1 0.0 0.00 0.5 11.0 13:18 N 22 69.6 88.6 16:30 50.5 5:47 0.0 4.6 0.00 0.4 12.0 17:30 E 23 74.1 88.2 15:47 59.9 5:49 0.0 9.1 0.00 0.7 16.0 11:59 SE 24 74.6 85.9 15:54 63.2 23:40 0.0 9.6 0.00 0.8 14.0 9:56 SE 25 72.2 85.9 16:25 58.4 6:17 0.0 7.2 0.00 0.3 11.0 9:40 WSW 26 71.8 87.0 15:56 56.7 5:50 0.0 6.8 0.00 0.3 10.0 12:46 WSW 27 71.6 85.7 12:48 57.6 5:35 0.0 6.6 0.00 0.3 11.0 11:56 WSW 28 74.8 88.2 15:46 61.5 5:44 0.0 9.8 0.00 0.2 8.0 11:49 WSW 29 74.4 87.4 15:42 61.5 6:10 0.0 9.4 0.00 0.6 14.0 15:48 SE 30 74.1 88.0 14:46 60.1 4:58 0.0 9.1 0.00 0.6 18.0 13:57 SE 31 75.2 86.3 14:14 64.0 3:57 0.0 10.2 0.00 0.4 11.0 11:31 SE ------------------------------------------------------------------------------------- 69.3 88.6 22 40.8 19 32.0 166.0 2.52 1.0 28.0 16 N Max >= 90.0: 0 Max <= 32.0: 0 Min <= 32.0: 0 Min <= 0.0: 0 Max Rain: 0.87 ON 05/05/07 Days of Rain: 6 (>.01 in) 4 (>.1 in) 0 (>1 in) Heat Base: 65.0 Cool Base: 65.0 Method: (High + Low) / 2