Warning: file(http://www.wunderground.com/climate/extremes.asp): failed to open stream: HTTP request failed! HTTP/1.0 500 Internal Server Error in /homepages/6/d330860172/htdocs/usaextremes.php on line 55

Warning: implode(): Invalid arguments passed in /homepages/6/d330860172/htdocs/usaextremes.php on line 55

NOAA Style Climate Reports for Lebanon, TN

NOAA style reports

NOAA-style Climate Reports

2018: Jan | Feb | Mar | Apr | May | Jun | Jul | Aug | Sep | Oct | Nov | Dec 
2017: Jan | Feb | Mar | Apr | May | Jun | Jul | Aug | Sep | Oct | Nov | Dec 
2016: Jan | Feb | Mar | Apr | May | Jun | Jul | Aug | Sep | Oct | Nov | Dec 
2015: Jan | Feb | Mar | Apr | May | Jun | Jul | Aug | Sep | Oct | Nov | Dec 
2014: Jan | Feb | Mar | Apr | May | Jun | Jul | Aug | Sep | Oct | Nov | Dec 
2013: Jan | Feb | Mar | Apr | May | Jun | Jul | Aug | Sep | Oct | Nov | Dec 
2012: Jan | Feb | Mar | Apr | May | Jun | Jul | Aug | Sep | Oct | Nov | Dec 
2011: Jan | Feb | Mar | Apr | May | Jun | Jul | Aug | Sep | Oct | Nov | Dec 
2010: Jan | Feb | Mar | Apr | May | Jun | Jul | Aug | Sep | Oct | Nov | Dec 
2009: Jan | Feb | Mar | Apr | May | Jun | Jul | Aug | Sep | Oct | Nov | Dec 
2008: Jan | Feb | Mar | Apr | May | Jun | Jul | Aug | Sep | Oct | Nov | Dec 
2007: Jan | Feb | Mar | Apr | May | Jun | Jul | Aug | Sep | Oct | Nov | Dec 
2006: Jan | Feb | Mar | Apr | May | Jun | Jul | Aug | Sep | Oct | Nov | Dec 
2005: Jan | Feb | Mar | Apr | May | Jun | Jul | Aug | Sep | Oct | Nov | Dec 
2004: Jan | Feb | Mar | Apr | May | Jun | Jul | Aug | Sep | Oct | Nov | Dec 
2003: Jan | Feb | Mar | Apr | May | Jun | Jul | Aug | Sep | Oct | Nov | Dec 
2002: Jan | Feb | Mar | Apr | May | Jun | Jul | Aug | Sep | Oct | Nov | Dec 
2001: Jan | Feb | Mar | Apr | May | Jun | Jul | Aug | Sep | Oct | Nov | Dec 
2000: Jan | Feb | Mar | Apr | May | Jun | Jul | Aug | Sep | Oct | Nov | Dec 
1999: Jan | Feb | Mar | Apr | May | Jun | Jul | Aug | Sep | Oct | Nov | Dec 
1998: Jan | Feb | Mar | Apr | May | Jun | Jul | Aug | Sep | Oct | Nov | Dec 
1997: Jan | Feb | Mar | Apr | May | Jun | Jul | Aug | Sep | Oct | Nov | Dec 
1996: Jan | Feb | Mar | Apr | May | Jun | Jul | Aug | Sep | Oct | Nov | Dec 
1995: Jan | Feb | Mar | Apr | May | Jun | Jul | Aug | Sep | Oct | Nov | Dec 

Report for 2007 06
MONTHLY CLIMATOLOGICAL SUMMARY for JUN. 2007 NAME: HornSpri CITY: Lebanon STATE: TN ELEV: 612 ft LAT: 36 14' 05" N LONG: 86 22' 55" W TEMPERATURE (F), RAIN (in), WIND SPEED (mph) HEAT COOL AVG MEAN DEG DEG WIND DOM DAY TEMP HIGH TIME LOW TIME DAYS DAYS RAIN SPEED HIGH TIME DIR ------------------------------------------------------------------------------------ 1 74.8 89.5 15:26 60.2 5:41 0.0 9.8 0.00 0.5 12.0 21:36 W 2 76.3 84.7 15:06 67.8 4:49 0.0 11.3 0.00 0.4 10.0 18:41 ESE 3 75.8 85.1 16:36 66.6 2:29 0.0 10.8 0.00 2.4 20.0 15:01 W 4 72.9 81.4 13:42 64.3 1:44 0.0 7.9 0.03 3.2 27.0 17:01 WSW 5 71.7 84.1 14:28 59.3 4:37 0.0 6.7 0.00 2.6 25.0 18:09 W 6 72.9 89.5 16:42 56.3 5:29 0.0 7.9 0.00 0.7 16.0 12:16 WSW 7 80.8 91.2 15:58 70.3 0:20 0.0 15.8 0.00 2.4 26.0 13:16 SW 8 77.7 88.0 12:33 67.3 23:41 0.0 12.7 0.11 2.0 30.0 13:04 WSW 9 75.8 86.1 16:51 65.6 00:00 0.0 10.8 0.00 1.5 14.0 16:05 N 10 72.4 87.4 15:40 57.5 5:37 0.0 7.4 0.00 1.2 14.0 17:51 N 11 70.2 78.6 16:23 61.8 23:58 0.0 5.2 0.00 0.8 11.0 15:27 NE 12 71.5 86.3 15:45 56.7 5:21 0.0 6.5 0.00 1.9 21.0 11:08 NE 13 75.1 90.5 15:35 59.6 2:20 0.0 10.1 0.00 1.0 14.0 13:12 NNE 14 76.3 90.5 15:22 62.0 6:03 0.0 11.3 0.00 1.0 14.0 18:13 N 15 75.6 89.9 16:31 61.2 5:34 0.0 10.6 0.01 0.5 18.0 14:32 N 16 75.6 89.7 16:24 61.5 5:05 0.0 10.6 0.00 1.2 14.0 11:00 N 17 76.7 95.6 15:35 57.8 5:20 0.0 11.7 0.00 0.5 13.0 14:02 ENE 18 77.0 89.0 13:59 65.0 4:38 0.0 12.0 0.47 0.9 29.0 15:16 E 19 72.1 77.9 0:06 66.3 23:59 0.0 7.1 0.51 0.6 21.0 0:06 W 20 74.1 86.1 16:13 62.1 23:58 0.0 9.1 0.01 1.9 18.0 13:01 N 21 71.7 88.0 16:01 55.4 5:19 0.0 6.7 0.00 0.9 13.0 14:28 N 22 73.8 89.5 16:28 58.0 5:25 0.0 8.8 0.00 0.9 16.0 11:08 N 23 78.2 90.3 13:07 66.0 5:43 0.0 13.2 0.20 1.1 16.0 15:40 E 24 78.4 91.4 14:45 65.3 5:48 0.0 13.4 0.00 1.3 35.0 15:36 WSW 25 79.0 88.6 11:58 69.4 14:11 0.0 14.0 0.81 0.6 18.0 13:26 WSW 26 80.0 91.4 14:33 68.6 5:31 0.0 15.0 0.00 0.8 20.0 16:26 ESE 27 78.7 90.5 16:12 66.9 6:01 0.0 13.7 0.78 0.8 12.0 12:44 W 28 79.4 90.3 14:41 68.4 5:25 0.0 14.4 0.12 0.7 19.0 17:53 WSW 29 79.6 90.3 14:06 68.8 3:34 0.0 14.6 1.02 0.8 26.0 15:45 N 30 78.1 88.2 15:53 67.9 1:41 0.0 13.1 0.00 0.7 12.0 14:25 NNW ------------------------------------------------------------------------------------- 75.7 95.6 17 55.4 21 0.0 321.8 4.07 1.2 35.0 24 WSW Max >= 90.0: 10 Max <= 32.0: 0 Min <= 32.0: 0 Min <= 0.0: 0 Max Rain: 1.02 ON 06/29/07 Days of Rain: 9 (>.01 in) 8 (>.1 in) 1 (>1 in) Heat Base: 65.0 Cool Base: 65.0 Method: (High + Low) / 2