Warning: file(http://www.wunderground.com/climate/extremes.asp): failed to open stream: HTTP request failed! HTTP/1.0 500 Internal Server Error in /homepages/6/d330860172/htdocs/usaextremes.php on line 55

Warning: implode(): Invalid arguments passed in /homepages/6/d330860172/htdocs/usaextremes.php on line 55

NOAA Style Climate Reports for Lebanon, TN

NOAA style reports

NOAA-style Climate Reports

2018: Jan | Feb | Mar | Apr | May | Jun | Jul | Aug | Sep | Oct | Nov | Dec 
2017: Jan | Feb | Mar | Apr | May | Jun | Jul | Aug | Sep | Oct | Nov | Dec 
2016: Jan | Feb | Mar | Apr | May | Jun | Jul | Aug | Sep | Oct | Nov | Dec 
2015: Jan | Feb | Mar | Apr | May | Jun | Jul | Aug | Sep | Oct | Nov | Dec 
2014: Jan | Feb | Mar | Apr | May | Jun | Jul | Aug | Sep | Oct | Nov | Dec 
2013: Jan | Feb | Mar | Apr | May | Jun | Jul | Aug | Sep | Oct | Nov | Dec 
2012: Jan | Feb | Mar | Apr | May | Jun | Jul | Aug | Sep | Oct | Nov | Dec 
2011: Jan | Feb | Mar | Apr | May | Jun | Jul | Aug | Sep | Oct | Nov | Dec 
2010: Jan | Feb | Mar | Apr | May | Jun | Jul | Aug | Sep | Oct | Nov | Dec 
2009: Jan | Feb | Mar | Apr | May | Jun | Jul | Aug | Sep | Oct | Nov | Dec 
2008: Jan | Feb | Mar | Apr | May | Jun | Jul | Aug | Sep | Oct | Nov | Dec 
2007: Jan | Feb | Mar | Apr | May | Jun | Jul | Aug | Sep | Oct | Nov | Dec 
2006: Jan | Feb | Mar | Apr | May | Jun | Jul | Aug | Sep | Oct | Nov | Dec 
2005: Jan | Feb | Mar | Apr | May | Jun | Jul | Aug | Sep | Oct | Nov | Dec 
2004: Jan | Feb | Mar | Apr | May | Jun | Jul | Aug | Sep | Oct | Nov | Dec 
2003: Jan | Feb | Mar | Apr | May | Jun | Jul | Aug | Sep | Oct | Nov | Dec 
2002: Jan | Feb | Mar | Apr | May | Jun | Jul | Aug | Sep | Oct | Nov | Dec 
2001: Jan | Feb | Mar | Apr | May | Jun | Jul | Aug | Sep | Oct | Nov | Dec 
2000: Jan | Feb | Mar | Apr | May | Jun | Jul | Aug | Sep | Oct | Nov | Dec 
1999: Jan | Feb | Mar | Apr | May | Jun | Jul | Aug | Sep | Oct | Nov | Dec 
1998: Jan | Feb | Mar | Apr | May | Jun | Jul | Aug | Sep | Oct | Nov | Dec 
1997: Jan | Feb | Mar | Apr | May | Jun | Jul | Aug | Sep | Oct | Nov | Dec 
1996: Jan | Feb | Mar | Apr | May | Jun | Jul | Aug | Sep | Oct | Nov | Dec 
1995: Jan | Feb | Mar | Apr | May | Jun | Jul | Aug | Sep | Oct | Nov | Dec 

Report for 2007 07
MONTHLY CLIMATOLOGICAL SUMMARY for JUL. 2007 NAME: HornSpri CITY: Lebanon STATE: TN ELEV: 612 ft LAT: 36 14' 05" N LONG: 86 22' 55" W TEMPERATURE (F), RAIN (in), WIND SPEED (mph) HEAT COOL AVG MEAN DEG DEG WIND DOM DAY TEMP HIGH TIME LOW TIME DAYS DAYS RAIN SPEED HIGH TIME DIR ------------------------------------------------------------------------------------ 1 76.9 83.8 12:53 69.9 5:28 0.0 11.9 0.06 1.1 16.0 13:00 NE 2 74.7 85.1 15:53 64.3 23:57 0.0 9.7 0.00 1.5 12.0 12:28 NE 3 75.4 88.8 17:01 62.0 3:06 0.0 10.4 0.00 0.4 8.0 9:57 WSW 4 79.1 88.8 16:56 69.4 4:57 0.0 14.1 0.00 0.9 16.0 9:16 WSW 5 80.4 90.3 15:51 70.6 22:27 0.0 15.4 0.38 1.8 17.0 11:49 WSW 6 78.8 89.0 16:13 68.6 6:03 0.0 13.8 0.00 0.6 11.0 15:25 N 7 78.9 88.4 16:03 69.4 5:29 0.0 13.9 0.00 0.1 10.0 16:11 W 8 80.5 92.9 16:50 68.1 5:33 0.0 15.5 0.00 0.3 9.0 13:11 W 9 80.8 92.7 14:12 68.9 5:41 0.0 15.8 0.00 0.6 21.0 16:12 SW 10 78.0 85.1 17:28 70.9 3:39 0.0 13.0 0.12 1.3 17.0 12:41 WSW 11 76.8 86.1 16:29 67.4 23:59 0.0 11.8 0.17 3.7 22.0 16:47 WSW 12 70.4 82.4 16:22 58.4 5:02 0.0 5.4 0.00 0.7 11.0 12:25 N 13 75.3 84.1 15:49 66.6 2:15 0.0 10.3 0.00 0.2 8.0 13:34 W 14 76.3 88.6 14:05 63.9 6:12 0.0 11.3 0.00 0.4 12.0 12:55 WSW 15 79.0 88.2 15:34 69.8 5:52 0.0 14.0 0.00 0.8 12.0 11:36 WSW 16 79.4 90.3 15:17 68.6 5:38 0.0 14.4 0.00 1.0 17.0 19:25 WSW 17 79.5 89.9 14:56 69.1 4:38 0.0 14.5 0.33 0.8 22.0 16:26 WSW 18 81.9 92.9 16:15 70.8 5:57 0.0 16.9 0.00 0.8 11.0 16:40 WSW 19 82.1 92.3 16:15 71.8 23:58 0.0 17.1 0.02 3.7 31.0 22:01 WSW 20 75.1 84.1 15:19 66.0 00:00 0.0 10.1 0.02 1.2 13.0 15:14 N 21 70.3 83.0 15:22 57.5 5:56 0.0 5.3 0.00 2.4 19.0 13:36 NNE 22 69.0 84.9 15:07 53.1 5:59 0.0 4.0 0.00 1.9 16.0 13:32 N 23 72.0 86.5 16:00 57.5 5:29 0.0 7.0 0.00 0.6 11.0 10:39 NNW 24 76.3 86.3 15:07 66.3 6:14 0.0 11.3 0.00 1.1 16.0 11:12 WSW 25 75.8 86.5 14:22 65.2 5:36 0.0 10.8 0.00 1.0 17.0 15:49 SE 26 78.7 91.0 16:49 66.3 6:07 0.0 13.7 0.00 0.7 17.0 17:53 WSW 27 80.8 89.3 14:34 72.3 1:10 0.0 15.8 0.00 1.9 17.0 14:41 WSW 28 80.7 89.5 15:13 71.8 00:00 0.0 15.7 0.47 1.7 16.0 16:26 N 29 77.7 86.5 14:38 68.8 5:18 0.0 12.7 0.00 1.3 14.0 15:27 N 30 80.2 90.3 14:58 70.1 5:43 0.0 15.2 0.00 1.4 17.0 16:37 NNE 31 80.4 91.6 14:56 69.3 6:02 0.0 15.4 0.00 1.5 14.0 15:41 NE ------------------------------------------------------------------------------------- 77.4 92.9 8 53.1 22 0.0 386.0 1.57 1.2 31.0 19 WSW Max >= 90.0: 9 Max <= 32.0: 0 Min <= 32.0: 0 Min <= 0.0: 0 Max Rain: 0.47 ON 07/28/07 Days of Rain: 8 (>.01 in) 5 (>.1 in) 0 (>1 in) Heat Base: 65.0 Cool Base: 65.0 Method: (High + Low) / 2