Warning: file(http://www.wunderground.com/climate/extremes.asp): failed to open stream: HTTP request failed! HTTP/1.0 500 Internal Server Error in /homepages/6/d330860172/htdocs/usaextremes.php on line 55

Warning: implode(): Invalid arguments passed in /homepages/6/d330860172/htdocs/usaextremes.php on line 55

NOAA Style Climate Reports for Lebanon, TN

NOAA style reports

NOAA-style Climate Reports

2018: Jan | Feb | Mar | Apr | May | Jun | Jul | Aug | Sep | Oct | Nov | Dec 
2017: Jan | Feb | Mar | Apr | May | Jun | Jul | Aug | Sep | Oct | Nov | Dec 
2016: Jan | Feb | Mar | Apr | May | Jun | Jul | Aug | Sep | Oct | Nov | Dec 
2015: Jan | Feb | Mar | Apr | May | Jun | Jul | Aug | Sep | Oct | Nov | Dec 
2014: Jan | Feb | Mar | Apr | May | Jun | Jul | Aug | Sep | Oct | Nov | Dec 
2013: Jan | Feb | Mar | Apr | May | Jun | Jul | Aug | Sep | Oct | Nov | Dec 
2012: Jan | Feb | Mar | Apr | May | Jun | Jul | Aug | Sep | Oct | Nov | Dec 
2011: Jan | Feb | Mar | Apr | May | Jun | Jul | Aug | Sep | Oct | Nov | Dec 
2010: Jan | Feb | Mar | Apr | May | Jun | Jul | Aug | Sep | Oct | Nov | Dec 
2009: Jan | Feb | Mar | Apr | May | Jun | Jul | Aug | Sep | Oct | Nov | Dec 
2008: Jan | Feb | Mar | Apr | May | Jun | Jul | Aug | Sep | Oct | Nov | Dec 
2007: Jan | Feb | Mar | Apr | May | Jun | Jul | Aug | Sep | Oct | Nov | Dec 
2006: Jan | Feb | Mar | Apr | May | Jun | Jul | Aug | Sep | Oct | Nov | Dec 
2005: Jan | Feb | Mar | Apr | May | Jun | Jul | Aug | Sep | Oct | Nov | Dec 
2004: Jan | Feb | Mar | Apr | May | Jun | Jul | Aug | Sep | Oct | Nov | Dec 
2003: Jan | Feb | Mar | Apr | May | Jun | Jul | Aug | Sep | Oct | Nov | Dec 
2002: Jan | Feb | Mar | Apr | May | Jun | Jul | Aug | Sep | Oct | Nov | Dec 
2001: Jan | Feb | Mar | Apr | May | Jun | Jul | Aug | Sep | Oct | Nov | Dec 
2000: Jan | Feb | Mar | Apr | May | Jun | Jul | Aug | Sep | Oct | Nov | Dec 
1999: Jan | Feb | Mar | Apr | May | Jun | Jul | Aug | Sep | Oct | Nov | Dec 
1998: Jan | Feb | Mar | Apr | May | Jun | Jul | Aug | Sep | Oct | Nov | Dec 
1997: Jan | Feb | Mar | Apr | May | Jun | Jul | Aug | Sep | Oct | Nov | Dec 
1996: Jan | Feb | Mar | Apr | May | Jun | Jul | Aug | Sep | Oct | Nov | Dec 
1995: Jan | Feb | Mar | Apr | May | Jun | Jul | Aug | Sep | Oct | Nov | Dec 

Report for 2007 09
MONTHLY CLIMATOLOGICAL SUMMARY for SEP. 2007 NAME: HornSpri CITY: Lebanon STATE: TN ELEV: 612 ft LAT: 36 14' 05" N LONG: 86 22' 55" W TEMPERATURE (F), RAIN (in), WIND SPEED (mph) HEAT COOL AVG MEAN DEG DEG WIND DOM DAY TEMP HIGH TIME LOW TIME DAYS DAYS RAIN SPEED HIGH TIME DIR ------------------------------------------------------------------------------------ 1 77.5 87.0 0:08 68.0 0:08 0.0 12.5 0.00 --- --- --- --- 2 80.0 92.0 0:08 68.0 0:08 0.0 15.0 0.00 --- --- --- --- 3 80.0 92.0 0:08 68.0 0:08 0.0 15.0 0.00 --- --- --- --- 4 80.0 93.0 0:08 67.0 0:08 0.0 15.0 0.00 --- --- --- --- 5 81.5 97.0 0:08 66.0 0:08 0.0 16.5 0.00 --- --- --- --- 6 82.5 97.0 0:08 68.0 0:08 0.0 17.5 0.00 --- --- --- --- 7 82.5 97.0 0:08 68.0 0:08 0.0 17.5 0.00 --- --- --- --- 8 84.5 94.0 0:08 75.0 0:08 0.0 19.5 0.00 --- --- --- --- 9 81.5 89.0 0:08 74.0 0:08 0.0 16.5 0.00 --- --- --- --- 10 11 79.5 87.0 0:08 72.0 0:08 0.0 14.5 1.50 --- --- --- --- 12 65.0 75.0 0:08 55.0 0:08 0.0 0.0 0.00 --- --- --- --- 13 69.0 83.0 0:08 55.0 0:08 0.0 4.0 0.00 --- --- --- --- 14 72.0 87.0 0:08 57.0 0:08 0.0 7.0 0.15 --- --- --- --- 15 68.5 83.0 0:08 54.0 0:08 0.0 3.5 0.00 --- --- --- --- 16 59.0 73.0 0:08 45.0 0:08 6.0 0.0 0.00 --- --- --- --- 17 63.0 80.0 0:08 46.0 0:08 2.0 0.0 0.00 --- --- --- --- 18 68.0 85.0 0:08 51.0 0:08 0.0 3.0 0.00 --- --- --- --- 19 70.5 85.0 0:08 56.0 0:08 0.0 5.5 0.00 --- --- --- --- 20 71.0 85.0 0:08 57.0 0:08 0.0 6.0 0.00 --- --- --- --- 21 72.5 88.0 0:08 57.0 0:08 0.0 7.5 0.00 --- --- --- --- 22 73.0 88.0 0:08 58.0 0:08 0.0 8.0 0.00 --- --- --- --- 23 77.5 91.0 0:08 64.0 0:08 0.0 12.5 0.00 --- --- --- --- 24 80.0 94.0 0:08 66.0 0:08 0.0 15.0 0.00 --- --- --- --- 25 79.5 94.0 0:08 65.0 0:08 0.0 14.5 0.00 --- --- --- --- 26 81.0 95.0 0:08 67.0 0:08 0.0 16.0 0.00 --- --- --- --- 27 78.0 89.0 0:08 67.0 0:08 0.0 13.0 0.05 --- --- --- --- 28 70.0 83.0 0:08 57.0 0:08 0.0 5.0 0.60 --- --- --- --- 29 65.0 81.0 0:08 49.0 0:08 0.0 0.0 0.00 --- --- --- --- 30 66.5 84.0 0:08 49.0 0:08 0.0 1.5 0.00 --- --- --- --- ------------------------------------------------------------------------------------- 74.4 97.0 5 45.0 16 8.0 281.5 2.30 --- --- --- --- Max >= 90.0: 11 Max <= 32.0: 0 Min <= 32.0: 0 Min <= 0.0: 0 Max Rain: 1.50 ON 09/11/07 Days of Rain: 4 (>.01 in) 3 (>.1 in) 1 (>1 in) Heat Base: 65.0 Cool Base: 65.0 Method: (High + Low) / 2