Warning: file(http://www.wunderground.com/climate/extremes.asp): failed to open stream: HTTP request failed! HTTP/1.0 500 Internal Server Error in /homepages/6/d330860172/htdocs/usaextremes.php on line 55

Warning: implode(): Invalid arguments passed in /homepages/6/d330860172/htdocs/usaextremes.php on line 55

NOAA Style Climate Reports for Lebanon, TN

NOAA style reports

NOAA-style Climate Reports

2018: Jan | Feb | Mar | Apr | May | Jun | Jul | Aug | Sep | Oct | Nov | Dec 
2017: Jan | Feb | Mar | Apr | May | Jun | Jul | Aug | Sep | Oct | Nov | Dec 
2016: Jan | Feb | Mar | Apr | May | Jun | Jul | Aug | Sep | Oct | Nov | Dec 
2015: Jan | Feb | Mar | Apr | May | Jun | Jul | Aug | Sep | Oct | Nov | Dec 
2014: Jan | Feb | Mar | Apr | May | Jun | Jul | Aug | Sep | Oct | Nov | Dec 
2013: Jan | Feb | Mar | Apr | May | Jun | Jul | Aug | Sep | Oct | Nov | Dec 
2012: Jan | Feb | Mar | Apr | May | Jun | Jul | Aug | Sep | Oct | Nov | Dec 
2011: Jan | Feb | Mar | Apr | May | Jun | Jul | Aug | Sep | Oct | Nov | Dec 
2010: Jan | Feb | Mar | Apr | May | Jun | Jul | Aug | Sep | Oct | Nov | Dec 
2009: Jan | Feb | Mar | Apr | May | Jun | Jul | Aug | Sep | Oct | Nov | Dec 
2008: Jan | Feb | Mar | Apr | May | Jun | Jul | Aug | Sep | Oct | Nov | Dec 
2007: Jan | Feb | Mar | Apr | May | Jun | Jul | Aug | Sep | Oct | Nov | Dec 
2006: Jan | Feb | Mar | Apr | May | Jun | Jul | Aug | Sep | Oct | Nov | Dec 
2005: Jan | Feb | Mar | Apr | May | Jun | Jul | Aug | Sep | Oct | Nov | Dec 
2004: Jan | Feb | Mar | Apr | May | Jun | Jul | Aug | Sep | Oct | Nov | Dec 
2003: Jan | Feb | Mar | Apr | May | Jun | Jul | Aug | Sep | Oct | Nov | Dec 
2002: Jan | Feb | Mar | Apr | May | Jun | Jul | Aug | Sep | Oct | Nov | Dec 
2001: Jan | Feb | Mar | Apr | May | Jun | Jul | Aug | Sep | Oct | Nov | Dec 
2000: Jan | Feb | Mar | Apr | May | Jun | Jul | Aug | Sep | Oct | Nov | Dec 
1999: Jan | Feb | Mar | Apr | May | Jun | Jul | Aug | Sep | Oct | Nov | Dec 
1998: Jan | Feb | Mar | Apr | May | Jun | Jul | Aug | Sep | Oct | Nov | Dec 
1997: Jan | Feb | Mar | Apr | May | Jun | Jul | Aug | Sep | Oct | Nov | Dec 
1996: Jan | Feb | Mar | Apr | May | Jun | Jul | Aug | Sep | Oct | Nov | Dec 
1995: Jan | Feb | Mar | Apr | May | Jun | Jul | Aug | Sep | Oct | Nov | Dec 

Report for 2007 10
MONTHLY CLIMATOLOGICAL SUMMARY for OCT. 2007 NAME: HornSpri CITY: Lebanon STATE: TN ELEV: 612 ft LAT: 36 14' 05" N LONG: 86 22' 55" W TEMPERATURE (F), RAIN (in), WIND SPEED (mph) HEAT COOL AVG MEAN DEG DEG WIND DOM DAY TEMP HIGH TIME LOW TIME DAYS DAYS RAIN SPEED HIGH TIME DIR ------------------------------------------------------------------------------------ 1 67.0 84.0 0:08 50.0 0:08 0.0 2.0 0.00 --- --- --- --- 2 67.5 81.0 0:08 54.0 0:08 0.0 2.5 0.00 --- --- --- --- 3 71.0 86.0 0:08 56.0 0:08 0.0 6.0 0.00 --- --- --- --- 4 71.5 84.0 0:08 59.0 0:08 0.0 6.5 0.00 --- --- --- --- 5 72.5 82.0 0:08 63.0 0:08 0.0 7.5 0.00 --- --- --- --- 6 74.5 85.0 0:08 64.0 0:08 0.0 9.5 0.00 --- --- --- --- 7 76.0 90.0 0:08 62.0 0:08 0.0 11.0 0.00 --- --- --- --- 8 75.5 92.0 0:08 59.0 0:08 0.0 10.5 0.00 --- --- --- --- 9 76.0 91.0 0:08 61.0 0:08 0.0 11.0 0.00 --- --- --- --- 10 64.0 80.0 0:08 48.0 0:08 1.0 0.0 0.00 --- --- --- --- 11 56.5 74.0 0:08 39.0 0:08 8.5 0.0 0.00 --- --- --- --- 12 52.5 66.0 0:08 39.0 0:08 12.5 0.0 0.00 --- --- --- --- 13 56.5 71.0 0:08 42.0 0:08 8.5 0.0 0.00 --- --- --- --- 14 58.5 75.0 0:08 42.0 0:08 6.5 0.0 0.00 --- --- --- --- 15 65.0 83.0 0:08 47.0 0:08 0.0 0.0 0.00 --- --- --- --- 16 70.0 84.0 0:08 56.0 0:08 0.0 5.0 0.01 --- --- --- --- 17 72.0 79.0 0:08 65.0 0:08 0.0 7.0 0.00 --- --- --- --- 18 75.5 85.0 0:08 66.0 0:08 0.0 10.5 0.41 --- --- --- --- 19 70.0 80.0 0:08 60.0 0:08 0.0 5.0 0.26 --- --- --- --- 20 61.0 74.0 0:08 48.0 0:08 4.0 0.0 0.00 --- --- --- --- 21 62.0 76.0 0:08 48.0 0:08 3.0 0.0 0.00 --- --- --- --- 22 64.0 82.0 0:08 46.0 0:08 1.0 0.0 0.00 --- --- --- --- 23 64.5 70.0 0:08 59.0 0:08 0.5 0.0 2.52 --- --- --- --- 24 61.0 69.0 0:08 53.0 0:08 4.0 0.0 0.65 --- --- --- --- 25 54.0 58.0 0:08 50.0 0:08 11.0 0.0 0.35 --- --- --- --- 26 55.5 62.0 0:08 49.0 0:08 9.5 0.0 0.05 --- --- --- --- 27 50.5 57.0 0:08 44.0 0:08 14.5 0.0 0.03 --- --- --- --- 28 54.5 61.0 0:08 48.0 0:08 10.5 0.0 0.00 --- --- --- --- 29 49.5 63.0 0:08 36.0 0:08 15.5 0.0 0.00 --- --- --- --- 30 50.5 66.0 0:08 35.0 0:08 14.5 0.0 0.00 --- --- --- --- 31 51.5 68.0 0:08 35.0 0:08 13.5 0.0 0.00 --- --- --- --- ------------------------------------------------------------------------------------- 63.6 92.0 8 35.0 30 138.5 94.0 4.28 --- --- --- --- Max >= 90.0: 3 Max <= 32.0: 0 Min <= 32.0: 0 Min <= 0.0: 0 Max Rain: 2.52 ON 10/23/07 Days of Rain: 7 (>.01 in) 5 (>.1 in) 1 (>1 in) Heat Base: 65.0 Cool Base: 65.0 Method: (High + Low) / 2