Warning: file(http://www.wunderground.com/climate/extremes.asp): failed to open stream: HTTP request failed! HTTP/1.0 500 Internal Server Error in /homepages/6/d330860172/htdocs/usaextremes.php on line 55

Warning: implode(): Invalid arguments passed in /homepages/6/d330860172/htdocs/usaextremes.php on line 55

NOAA Style Climate Reports for Lebanon, TN

NOAA style reports

NOAA-style Climate Reports

2018: Jan | Feb | Mar | Apr | May | Jun | Jul | Aug | Sep | Oct | Nov | Dec 
2017: Jan | Feb | Mar | Apr | May | Jun | Jul | Aug | Sep | Oct | Nov | Dec 
2016: Jan | Feb | Mar | Apr | May | Jun | Jul | Aug | Sep | Oct | Nov | Dec 
2015: Jan | Feb | Mar | Apr | May | Jun | Jul | Aug | Sep | Oct | Nov | Dec 
2014: Jan | Feb | Mar | Apr | May | Jun | Jul | Aug | Sep | Oct | Nov | Dec 
2013: Jan | Feb | Mar | Apr | May | Jun | Jul | Aug | Sep | Oct | Nov | Dec 
2012: Jan | Feb | Mar | Apr | May | Jun | Jul | Aug | Sep | Oct | Nov | Dec 
2011: Jan | Feb | Mar | Apr | May | Jun | Jul | Aug | Sep | Oct | Nov | Dec 
2010: Jan | Feb | Mar | Apr | May | Jun | Jul | Aug | Sep | Oct | Nov | Dec 
2009: Jan | Feb | Mar | Apr | May | Jun | Jul | Aug | Sep | Oct | Nov | Dec 
2008: Jan | Feb | Mar | Apr | May | Jun | Jul | Aug | Sep | Oct | Nov | Dec 
2007: Jan | Feb | Mar | Apr | May | Jun | Jul | Aug | Sep | Oct | Nov | Dec 
2006: Jan | Feb | Mar | Apr | May | Jun | Jul | Aug | Sep | Oct | Nov | Dec 
2005: Jan | Feb | Mar | Apr | May | Jun | Jul | Aug | Sep | Oct | Nov | Dec 
2004: Jan | Feb | Mar | Apr | May | Jun | Jul | Aug | Sep | Oct | Nov | Dec 
2003: Jan | Feb | Mar | Apr | May | Jun | Jul | Aug | Sep | Oct | Nov | Dec 
2002: Jan | Feb | Mar | Apr | May | Jun | Jul | Aug | Sep | Oct | Nov | Dec 
2001: Jan | Feb | Mar | Apr | May | Jun | Jul | Aug | Sep | Oct | Nov | Dec 
2000: Jan | Feb | Mar | Apr | May | Jun | Jul | Aug | Sep | Oct | Nov | Dec 
1999: Jan | Feb | Mar | Apr | May | Jun | Jul | Aug | Sep | Oct | Nov | Dec 
1998: Jan | Feb | Mar | Apr | May | Jun | Jul | Aug | Sep | Oct | Nov | Dec 
1997: Jan | Feb | Mar | Apr | May | Jun | Jul | Aug | Sep | Oct | Nov | Dec 
1996: Jan | Feb | Mar | Apr | May | Jun | Jul | Aug | Sep | Oct | Nov | Dec 
1995: Jan | Feb | Mar | Apr | May | Jun | Jul | Aug | Sep | Oct | Nov | Dec 

Report for 2007 11
MONTHLY CLIMATOLOGICAL SUMMARY for NOV. 2007 NAME: HornSpri CITY: Lebanon STATE: TN ELEV: 612 ft LAT: 36 14' 05" N LONG: 86 22' 55" W TEMPERATURE (F), RAIN (in), WIND SPEED (mph) HEAT COOL AVG MEAN DEG DEG WIND DOM DAY TEMP HIGH TIME LOW TIME DAYS DAYS RAIN SPEED HIGH TIME DIR ------------------------------------------------------------------------------------ 1 61.5 73.0 0:08 50.0 0:08 3.5 0.0 0.00 --- --- --- --- 2 47.0 62.0 0:08 32.0 0:08 18.0 0.0 0.00 --- --- --- --- 3 49.0 66.0 0:08 32.0 0:08 16.0 0.0 0.00 --- --- --- --- 4 47.5 64.0 0:08 31.0 0:08 17.5 0.0 0.00 --- --- --- --- 5 49.0 67.0 0:08 31.0 0:08 16.0 0.0 0.00 --- --- --- --- 6 55.5 74.0 0:08 37.0 0:08 9.5 0.0 1.32 --- --- --- --- 7 37.5 49.0 0:08 26.0 0:08 27.5 0.0 0.00 --- --- --- --- 8 39.0 50.0 0:08 28.0 0:08 26.0 0.0 0.00 --- --- --- --- 9 45.0 57.0 0:08 33.0 0:08 20.0 0.0 0.00 --- --- --- --- 10 50.0 67.0 0:08 33.0 0:08 15.0 0.0 0.00 --- --- --- --- 11 43.0 54.0 0:08 32.0 0:08 22.0 0.0 0.00 --- --- --- --- 12 13 59.5 66.0 0:08 53.0 0:08 5.5 0.0 0.11 --- --- --- --- 14 58.0 62.0 0:08 54.0 0:08 7.0 0.0 0.36 --- --- --- --- 15 58.0 74.0 0:08 42.0 0:08 7.0 0.0 1.55 --- --- --- --- 16 37.0 46.0 0:08 28.0 0:08 28.0 0.0 0.00 --- --- --- --- 17 40.0 51.0 0:08 29.0 0:08 25.0 0.0 0.00 --- --- --- --- 18 50.5 62.0 0:08 39.0 0:08 14.5 0.0 0.00 --- --- --- --- 19 51.5 64.0 0:08 39.0 0:08 13.5 0.0 0.00 --- --- --- --- 20 60.0 67.0 0:08 53.0 0:08 5.0 0.0 0.00 --- --- --- --- 21 62.0 72.0 0:08 52.0 0:08 3.0 0.0 0.00 --- --- --- --- 22 56.5 71.0 0:08 42.0 0:08 8.5 0.0 0.90 --- --- --- --- 23 37.0 44.0 0:08 30.0 0:08 28.0 0.0 0.00 --- --- --- --- 24 33.5 44.0 0:08 23.0 0:08 31.5 0.0 0.00 --- --- --- --- 25 35.5 46.0 0:08 25.0 0:08 29.5 0.0 0.00 --- --- --- --- 26 49.0 57.0 0:08 41.0 0:08 16.0 0.0 0.85 --- --- --- --- 27 50.0 60.0 0:08 40.0 0:08 15.0 0.0 0.03 --- --- --- --- 28 39.5 51.0 0:08 28.0 0:08 25.5 0.0 0.00 --- --- --- --- 29 45.0 61.0 0:08 29.0 0:08 20.0 0.0 0.00 --- --- --- --- 30 36.5 49.0 0:08 24.0 0:08 28.5 0.0 0.00 --- --- --- --- ------------------------------------------------------------------------------------- 47.7 74.0 6 23.0 24 502.0 0.0 5.12 --- --- --- --- Max >= 90.0: 0 Max <= 32.0: 0 Min <= 32.0: 15 Min <= 0.0: 0 Max Rain: 1.55 ON 11/15/07 Days of Rain: 7 (>.01 in) 6 (>.1 in) 2 (>1 in) Heat Base: 65.0 Cool Base: 65.0 Method: (High + Low) / 2