Warning: file(http://www.wunderground.com/climate/extremes.asp): failed to open stream: HTTP request failed! HTTP/1.0 500 Internal Server Error in /homepages/6/d330860172/htdocs/usaextremes.php on line 55

Warning: implode(): Invalid arguments passed in /homepages/6/d330860172/htdocs/usaextremes.php on line 55

NOAA Style Climate Reports for Lebanon, TN

NOAA style reports

NOAA-style Climate Reports

2018: Jan | Feb | Mar | Apr | May | Jun | Jul | Aug | Sep | Oct | Nov | Dec 
2017: Jan | Feb | Mar | Apr | May | Jun | Jul | Aug | Sep | Oct | Nov | Dec 
2016: Jan | Feb | Mar | Apr | May | Jun | Jul | Aug | Sep | Oct | Nov | Dec 
2015: Jan | Feb | Mar | Apr | May | Jun | Jul | Aug | Sep | Oct | Nov | Dec 
2014: Jan | Feb | Mar | Apr | May | Jun | Jul | Aug | Sep | Oct | Nov | Dec 
2013: Jan | Feb | Mar | Apr | May | Jun | Jul | Aug | Sep | Oct | Nov | Dec 
2012: Jan | Feb | Mar | Apr | May | Jun | Jul | Aug | Sep | Oct | Nov | Dec 
2011: Jan | Feb | Mar | Apr | May | Jun | Jul | Aug | Sep | Oct | Nov | Dec 
2010: Jan | Feb | Mar | Apr | May | Jun | Jul | Aug | Sep | Oct | Nov | Dec 
2009: Jan | Feb | Mar | Apr | May | Jun | Jul | Aug | Sep | Oct | Nov | Dec 
2008: Jan | Feb | Mar | Apr | May | Jun | Jul | Aug | Sep | Oct | Nov | Dec 
2007: Jan | Feb | Mar | Apr | May | Jun | Jul | Aug | Sep | Oct | Nov | Dec 
2006: Jan | Feb | Mar | Apr | May | Jun | Jul | Aug | Sep | Oct | Nov | Dec 
2005: Jan | Feb | Mar | Apr | May | Jun | Jul | Aug | Sep | Oct | Nov | Dec 
2004: Jan | Feb | Mar | Apr | May | Jun | Jul | Aug | Sep | Oct | Nov | Dec 
2003: Jan | Feb | Mar | Apr | May | Jun | Jul | Aug | Sep | Oct | Nov | Dec 
2002: Jan | Feb | Mar | Apr | May | Jun | Jul | Aug | Sep | Oct | Nov | Dec 
2001: Jan | Feb | Mar | Apr | May | Jun | Jul | Aug | Sep | Oct | Nov | Dec 
2000: Jan | Feb | Mar | Apr | May | Jun | Jul | Aug | Sep | Oct | Nov | Dec 
1999: Jan | Feb | Mar | Apr | May | Jun | Jul | Aug | Sep | Oct | Nov | Dec 
1998: Jan | Feb | Mar | Apr | May | Jun | Jul | Aug | Sep | Oct | Nov | Dec 
1997: Jan | Feb | Mar | Apr | May | Jun | Jul | Aug | Sep | Oct | Nov | Dec 
1996: Jan | Feb | Mar | Apr | May | Jun | Jul | Aug | Sep | Oct | Nov | Dec 
1995: Jan | Feb | Mar | Apr | May | Jun | Jul | Aug | Sep | Oct | Nov | Dec 

Report for 2007 12
MONTHLY CLIMATOLOGICAL SUMMARY for DEC. 2007 NAME: HornSpri CITY: Lebanon STATE: TN ELEV: 612 ft LAT: 36 14' 05" N LONG: 86 22' 55" W TEMPERATURE (F), RAIN (in), WIND SPEED (mph) HEAT COOL AVG MEAN DEG DEG WIND DOM DAY TEMP HIGH TIME LOW TIME DAYS DAYS RAIN SPEED HIGH TIME DIR ------------------------------------------------------------------------------------ 1 38.5 53.0 0:08 24.0 0:08 26.5 0.0 0.00 --- --- --- --- 2 41.5 59.0 0:08 24.0 0:08 23.5 0.0 0.00 --- --- --- --- 3 47.0 65.0 0:08 29.0 0:08 18.0 0.0 0.62 --- --- --- --- 4 32.5 40.0 0:08 25.0 0:08 32.5 0.0 0.00 --- --- --- --- 5 37.0 49.0 0:08 25.0 0:08 28.0 0.0 0.00 --- --- --- --- 6 42.0 56.0 0:08 28.0 0:08 23.0 0.0 0.00 --- --- --- --- 7 8 43.0 58.0 0:08 28.0 0:08 22.0 0.0 0.08 --- --- --- --- 9 58.0 65.0 0:08 51.0 0:08 7.0 0.0 0.12 --- --- --- --- 10 65.5 70.0 0:08 61.0 0:08 0.0 0.5 0.02 --- --- --- --- 11 59.0 69.0 0:08 49.0 0:08 6.0 0.0 0.00 --- --- --- --- 12 65.5 76.0 0:08 55.0 0:08 0.0 0.5 0.00 --- --- --- --- 13 57.0 64.0 0:08 50.0 0:08 8.0 0.0 0.85 --- --- --- --- 14 44.5 54.0 0:08 35.0 0:08 20.5 0.0 0.13 --- --- --- --- 15 36.5 40.0 0:08 33.0 0:08 28.5 0.0 0.00 --- --- --- --- 16 41.5 51.0 0:08 32.0 0:08 23.5 0.0 0.29 --- --- --- --- 17 28.5 35.0 0:08 22.0 0:08 36.5 0.0 0.00 --- --- --- --- 18 34.5 46.0 0:08 23.0 0:08 30.5 0.0 0.00 --- --- --- --- 19 41.0 51.0 0:08 31.0 0:08 24.0 0.0 0.00 --- --- --- --- 20 21 44.5 56.0 0:08 33.0 0:08 20.5 0.0 0.93 --- --- --- --- 22 52.0 62.0 0:08 42.0 0:08 13.0 0.0 0.00 --- --- --- --- 23 49.0 59.0 0:08 39.0 0:08 16.0 0.0 0.20 --- --- --- --- 24 35.5 42.0 0:08 29.0 0:08 29.5 0.0 0.00 --- --- --- --- 25 26 36.5 50.0 0:08 23.0 0:08 28.5 0.0 0.00 --- --- --- --- 27 28 29 43.5 55.0 0:08 32.0 0:08 21.5 0.0 0.81 --- --- --- --- 30 39.5 48.0 0:08 31.0 0:08 25.5 0.0 0.00 --- --- --- --- 31 38.0 49.0 0:08 27.0 0:08 27.0 0.0 0.00 --- --- --- --- ------------------------------------------------------------------------------------- 44.3 76.0 12 22.0 17 539.5 1.0 4.05 --- --- --- --- Max >= 90.0: 0 Max <= 32.0: 0 Min <= 32.0: 16 Min <= 0.0: 0 Max Rain: 0.93 ON 12/21/07 Days of Rain: 10 (>.01 in) 8 (>.1 in) 0 (>1 in) Heat Base: 65.0 Cool Base: 65.0 Method: (High + Low) / 2