Warning: file(http://www.wunderground.com/climate/extremes.asp): failed to open stream: HTTP request failed! HTTP/1.0 500 Internal Server Error in /homepages/6/d330860172/htdocs/usaextremes.php on line 55

Warning: implode(): Invalid arguments passed in /homepages/6/d330860172/htdocs/usaextremes.php on line 55

NOAA Style Climate Reports for Lebanon, TN

NOAA style reports

NOAA-style Climate Reports

2018: Jan | Feb | Mar | Apr | May | Jun | Jul | Aug | Sep | Oct | Nov | Dec 
2017: Jan | Feb | Mar | Apr | May | Jun | Jul | Aug | Sep | Oct | Nov | Dec 
2016: Jan | Feb | Mar | Apr | May | Jun | Jul | Aug | Sep | Oct | Nov | Dec 
2015: Jan | Feb | Mar | Apr | May | Jun | Jul | Aug | Sep | Oct | Nov | Dec 
2014: Jan | Feb | Mar | Apr | May | Jun | Jul | Aug | Sep | Oct | Nov | Dec 
2013: Jan | Feb | Mar | Apr | May | Jun | Jul | Aug | Sep | Oct | Nov | Dec 
2012: Jan | Feb | Mar | Apr | May | Jun | Jul | Aug | Sep | Oct | Nov | Dec 
2011: Jan | Feb | Mar | Apr | May | Jun | Jul | Aug | Sep | Oct | Nov | Dec 
2010: Jan | Feb | Mar | Apr | May | Jun | Jul | Aug | Sep | Oct | Nov | Dec 
2009: Jan | Feb | Mar | Apr | May | Jun | Jul | Aug | Sep | Oct | Nov | Dec 
2008: Jan | Feb | Mar | Apr | May | Jun | Jul | Aug | Sep | Oct | Nov | Dec 
2007: Jan | Feb | Mar | Apr | May | Jun | Jul | Aug | Sep | Oct | Nov | Dec 
2006: Jan | Feb | Mar | Apr | May | Jun | Jul | Aug | Sep | Oct | Nov | Dec 
2005: Jan | Feb | Mar | Apr | May | Jun | Jul | Aug | Sep | Oct | Nov | Dec 
2004: Jan | Feb | Mar | Apr | May | Jun | Jul | Aug | Sep | Oct | Nov | Dec 
2003: Jan | Feb | Mar | Apr | May | Jun | Jul | Aug | Sep | Oct | Nov | Dec 
2002: Jan | Feb | Mar | Apr | May | Jun | Jul | Aug | Sep | Oct | Nov | Dec 
2001: Jan | Feb | Mar | Apr | May | Jun | Jul | Aug | Sep | Oct | Nov | Dec 
2000: Jan | Feb | Mar | Apr | May | Jun | Jul | Aug | Sep | Oct | Nov | Dec 
1999: Jan | Feb | Mar | Apr | May | Jun | Jul | Aug | Sep | Oct | Nov | Dec 
1998: Jan | Feb | Mar | Apr | May | Jun | Jul | Aug | Sep | Oct | Nov | Dec 
1997: Jan | Feb | Mar | Apr | May | Jun | Jul | Aug | Sep | Oct | Nov | Dec 
1996: Jan | Feb | Mar | Apr | May | Jun | Jul | Aug | Sep | Oct | Nov | Dec 
1995: Jan | Feb | Mar | Apr | May | Jun | Jul | Aug | Sep | Oct | Nov | Dec 

Report for 2008
ANNUAL CLIMATOLOGICAL SUMMARY NAME: HornSpri CITY: Lebanon STATE: TN ELEV: 612 ft LAT: 36 14' 05" N LONG: 86 22' 54" W TEMPERATURE (F), HEAT BASE 65.0, COOL BASE 65.0 DEP. HEAT COOL MEAN MEAN FROM DEG DEG MAX MAX MIN MIN YR MO MAX MIN MEAN NORM DAYS DAYS HI DATE LOW DATE >=90 <=32 <=32 <=0 ------------------------------------------------------------------------------------ 08 1 08 2 08 3 08 4 69.0 46.5 57.7 0.9 215 19 83.8 23 29.4 15 0 0 1 0 08 5 76.7 54.9 65.8 0.1 63 89 87.4 25 41.5 4 0 0 0 0 08 6 87.8 65.7 76.8 2.5 0 353 95.1 25 51.7 18 12 0 0 0 08 7 89.5 66.9 78.2 -0.1 0 409 98.5 21 55.9 1 14 0 0 0 08 8 88.0 65.2 76.6 -0.1 0 360 95.9 4 54.1 17 13 0 0 0 08 9 84.4 62.2 73.3 3.5 1 217 93.6 13 48.8 26 5 0 0 0 08 10 71.2 46.9 59.0 1.0 225 46 85.5 6 28.5 29 0 0 3 0 08 11 57.0 34.4 45.7 -2.4 580 0 80.8 25 15.1 22 0 0 10 0 08 12 49.6 29.4 39.5 0.4 790 0 71.8 19 7.2 22 0 2 19 0 ------------------------------------------------------------------------------------ 74.7 52.4 63.6 0.7 1873 1493 98.5 JUL 7.2 DEC 44 2 33 0 PRECIPITATION (in) DEP. MAX DAYS OF RAIN FROM OBS. OVER YR MO TOTAL NORM DAY DATE .01 .1 1 --------------------------------------------- 08 1 08 2 08 3 08 4 3.12 -1.26 1.69 11 8 6 1 08 5 3.80 -1.44 0.85 3 11 8 0 08 6 1.05 -3.53 0.39 1 6 4 0 08 7 5.99 1.28 1.86 25 12 8 2 08 8 1.43 -2.59 0.92 26 4 3 0 08 9 0.20 -3.80 0.19 5 1 1 0 08 10 4.13 0.73 1.81 24 4 4 2 08 11 2.06 -2.56 0.61 24 9 6 0 08 12 6.56 1.35 2.21 9 16 10 2 --------------------------------------------- 28.34-11.82 2.21 DEC 71 50 7 WIND SPEED (mph) DOM YR MO AVG. HI DATE DIR --------------------------------- 08 1 08 2 08 3 08 4 2.2 36.0 28 WSW 08 5 1.9 37.0 11 WSW 08 6 1.5 30.0 1 WSW 08 7 1.0 33.0 30 WSW 08 8 0.9 22.0 6 N 08 9 1.2 30.0 14 N 08 10 1.2 25.0 27 N 08 11 1.9 28.0 20 WSW 08 12 3.6 36.0 24 S --------------------------------- 1.7 37.0 MAY WSW