Warning: file(http://www.wunderground.com/climate/extremes.asp): failed to open stream: HTTP request failed! HTTP/1.0 500 Internal Server Error in /homepages/6/d330860172/htdocs/usaextremes.php on line 55

Warning: implode(): Invalid arguments passed in /homepages/6/d330860172/htdocs/usaextremes.php on line 55

NOAA Style Climate Reports for Lebanon, TN

NOAA style reports

NOAA-style Climate Reports

2018: Jan | Feb | Mar | Apr | May | Jun | Jul | Aug | Sep | Oct | Nov | Dec 
2017: Jan | Feb | Mar | Apr | May | Jun | Jul | Aug | Sep | Oct | Nov | Dec 
2016: Jan | Feb | Mar | Apr | May | Jun | Jul | Aug | Sep | Oct | Nov | Dec 
2015: Jan | Feb | Mar | Apr | May | Jun | Jul | Aug | Sep | Oct | Nov | Dec 
2014: Jan | Feb | Mar | Apr | May | Jun | Jul | Aug | Sep | Oct | Nov | Dec 
2013: Jan | Feb | Mar | Apr | May | Jun | Jul | Aug | Sep | Oct | Nov | Dec 
2012: Jan | Feb | Mar | Apr | May | Jun | Jul | Aug | Sep | Oct | Nov | Dec 
2011: Jan | Feb | Mar | Apr | May | Jun | Jul | Aug | Sep | Oct | Nov | Dec 
2010: Jan | Feb | Mar | Apr | May | Jun | Jul | Aug | Sep | Oct | Nov | Dec 
2009: Jan | Feb | Mar | Apr | May | Jun | Jul | Aug | Sep | Oct | Nov | Dec 
2008: Jan | Feb | Mar | Apr | May | Jun | Jul | Aug | Sep | Oct | Nov | Dec 
2007: Jan | Feb | Mar | Apr | May | Jun | Jul | Aug | Sep | Oct | Nov | Dec 
2006: Jan | Feb | Mar | Apr | May | Jun | Jul | Aug | Sep | Oct | Nov | Dec 
2005: Jan | Feb | Mar | Apr | May | Jun | Jul | Aug | Sep | Oct | Nov | Dec 
2004: Jan | Feb | Mar | Apr | May | Jun | Jul | Aug | Sep | Oct | Nov | Dec 
2003: Jan | Feb | Mar | Apr | May | Jun | Jul | Aug | Sep | Oct | Nov | Dec 
2002: Jan | Feb | Mar | Apr | May | Jun | Jul | Aug | Sep | Oct | Nov | Dec 
2001: Jan | Feb | Mar | Apr | May | Jun | Jul | Aug | Sep | Oct | Nov | Dec 
2000: Jan | Feb | Mar | Apr | May | Jun | Jul | Aug | Sep | Oct | Nov | Dec 
1999: Jan | Feb | Mar | Apr | May | Jun | Jul | Aug | Sep | Oct | Nov | Dec 
1998: Jan | Feb | Mar | Apr | May | Jun | Jul | Aug | Sep | Oct | Nov | Dec 
1997: Jan | Feb | Mar | Apr | May | Jun | Jul | Aug | Sep | Oct | Nov | Dec 
1996: Jan | Feb | Mar | Apr | May | Jun | Jul | Aug | Sep | Oct | Nov | Dec 
1995: Jan | Feb | Mar | Apr | May | Jun | Jul | Aug | Sep | Oct | Nov | Dec 

Report for 2008 02
MONTHLY CLIMATOLOGICAL SUMMARY for FEB. 2008 NAME: HornSpri CITY: Lebanon STATE: TN ELEV: 612 ft LAT: 36 14' 05" N LONG: 86 22' 55" W TEMPERATURE (F), RAIN (in), WIND SPEED (mph) HEAT COOL AVG MEAN DEG DEG WIND DOM DAY TEMP HIGH TIME LOW TIME DAYS DAYS RAIN SPEED HIGH TIME DIR ------------------------------------------------------------------------------------ 1 37.5 45.0 0:08 30.0 0:08 27.5 0.0 1.09 --- --- --- --- 2 30.5 37.0 0:08 24.0 0:08 34.5 0.0 0.00 --- --- --- --- 3 40.5 56.0 0:08 25.0 0:08 24.5 0.0 0.00 --- --- --- --- 4 49.0 58.0 0:08 40.0 0:08 16.0 0.0 0.00 --- --- --- --- 5 61.0 65.0 0:08 57.0 0:08 4.0 0.0 0.50 --- --- --- --- 6 64.5 72.0 0:08 57.0 0:08 0.5 0.0 0.25 --- --- --- --- 7 49.5 63.0 0:08 36.0 0:08 15.5 0.0 0.00 --- --- --- --- 8 42.5 54.0 0:08 31.0 0:08 22.5 0.0 0.00 --- --- --- --- 9 43.0 55.0 0:08 31.0 0:08 22.0 0.0 0.00 --- --- --- --- 10 45.5 58.0 0:08 33.0 0:08 19.5 0.0 0.00 --- --- --- --- 11 31.5 44.0 0:08 19.0 0:08 33.5 0.0 0.00 --- --- --- --- 12 38.5 57.0 0:08 20.0 0:08 26.5 0.0 0.20 --- --- --- --- 13 38.0 54.0 0:08 22.0 0:08 27.0 0.0 0.75 --- --- --- --- 14 23.5 26.0 0:08 21.0 0:08 41.5 0.0 0.00 --- --- --- --- 15 34.5 51.0 0:08 18.0 0:08 30.5 0.0 0.00 --- --- --- --- 16 37.5 57.0 0:08 18.0 0:08 27.5 0.0 0.00 --- --- --- --- 17 40.5 62.0 0:08 19.0 0:08 24.5 0.0 0.00 --- --- --- --- 18 46.5 56.0 0:08 37.0 0:08 18.5 0.0 0.26 --- --- --- --- 19 20 48.5 66.0 0:08 31.0 0:08 16.5 0.0 0.00 --- --- --- --- 21 41.0 57.0 0:08 25.0 0:08 24.0 0.0 0.00 --- --- --- --- 22 39.0 51.0 0:08 27.0 0:08 26.0 0.0 0.30 --- --- --- --- 23 38.5 45.0 0:08 32.0 0:08 26.5 0.0 0.00 --- --- --- --- 24 34.0 38.0 0:08 30.0 0:08 31.0 0.0 0.00 --- --- --- --- 25 38.0 42.0 0:08 34.0 0:08 27.0 0.0 0.00 --- --- --- --- 26 47.5 57.0 0:08 38.0 0:08 17.5 0.0 0.02 --- --- --- --- 27 36.0 50.0 0:08 22.0 0:08 29.0 0.0 0.00 --- --- --- --- 28 28.0 35.0 0:08 21.0 0:08 37.0 0.0 0.00 --- --- --- --- 29 36.0 48.0 0:08 24.0 0:08 29.0 0.0 0.30 --- --- --- --- ------------------------------------------------------------------------------------- 40.7 72.0 6 18.0 15 679.5 0.0 3.67 --- --- --- --- Max >= 90.0: 0 Max <= 32.0: 1 Min <= 32.0: 20 Min <= 0.0: 0 Max Rain: 1.09 ON 02/01/08 Days of Rain: 9 (>.01 in) 8 (>.1 in) 1 (>1 in) Heat Base: 65.0 Cool Base: 65.0 Method: (High + Low) / 2