Warning: file(http://www.wunderground.com/climate/extremes.asp): failed to open stream: HTTP request failed! HTTP/1.0 500 Internal Server Error in /homepages/6/d330860172/htdocs/usaextremes.php on line 55

Warning: implode(): Invalid arguments passed in /homepages/6/d330860172/htdocs/usaextremes.php on line 55

NOAA Style Climate Reports for Lebanon, TN

NOAA style reports

NOAA-style Climate Reports

2018: Jan | Feb | Mar | Apr | May | Jun | Jul | Aug | Sep | Oct | Nov | Dec 
2017: Jan | Feb | Mar | Apr | May | Jun | Jul | Aug | Sep | Oct | Nov | Dec 
2016: Jan | Feb | Mar | Apr | May | Jun | Jul | Aug | Sep | Oct | Nov | Dec 
2015: Jan | Feb | Mar | Apr | May | Jun | Jul | Aug | Sep | Oct | Nov | Dec 
2014: Jan | Feb | Mar | Apr | May | Jun | Jul | Aug | Sep | Oct | Nov | Dec 
2013: Jan | Feb | Mar | Apr | May | Jun | Jul | Aug | Sep | Oct | Nov | Dec 
2012: Jan | Feb | Mar | Apr | May | Jun | Jul | Aug | Sep | Oct | Nov | Dec 
2011: Jan | Feb | Mar | Apr | May | Jun | Jul | Aug | Sep | Oct | Nov | Dec 
2010: Jan | Feb | Mar | Apr | May | Jun | Jul | Aug | Sep | Oct | Nov | Dec 
2009: Jan | Feb | Mar | Apr | May | Jun | Jul | Aug | Sep | Oct | Nov | Dec 
2008: Jan | Feb | Mar | Apr | May | Jun | Jul | Aug | Sep | Oct | Nov | Dec 
2007: Jan | Feb | Mar | Apr | May | Jun | Jul | Aug | Sep | Oct | Nov | Dec 
2006: Jan | Feb | Mar | Apr | May | Jun | Jul | Aug | Sep | Oct | Nov | Dec 
2005: Jan | Feb | Mar | Apr | May | Jun | Jul | Aug | Sep | Oct | Nov | Dec 
2004: Jan | Feb | Mar | Apr | May | Jun | Jul | Aug | Sep | Oct | Nov | Dec 
2003: Jan | Feb | Mar | Apr | May | Jun | Jul | Aug | Sep | Oct | Nov | Dec 
2002: Jan | Feb | Mar | Apr | May | Jun | Jul | Aug | Sep | Oct | Nov | Dec 
2001: Jan | Feb | Mar | Apr | May | Jun | Jul | Aug | Sep | Oct | Nov | Dec 
2000: Jan | Feb | Mar | Apr | May | Jun | Jul | Aug | Sep | Oct | Nov | Dec 
1999: Jan | Feb | Mar | Apr | May | Jun | Jul | Aug | Sep | Oct | Nov | Dec 
1998: Jan | Feb | Mar | Apr | May | Jun | Jul | Aug | Sep | Oct | Nov | Dec 
1997: Jan | Feb | Mar | Apr | May | Jun | Jul | Aug | Sep | Oct | Nov | Dec 
1996: Jan | Feb | Mar | Apr | May | Jun | Jul | Aug | Sep | Oct | Nov | Dec 
1995: Jan | Feb | Mar | Apr | May | Jun | Jul | Aug | Sep | Oct | Nov | Dec 

Report for 2008 03
MONTHLY CLIMATOLOGICAL SUMMARY for MAR. 2008 NAME: HornSpri CITY: Lebanon STATE: TN ELEV: 612 ft LAT: 36 14' 05" N LONG: 86 22' 55" W TEMPERATURE (F), RAIN (in), WIND SPEED (mph) HEAT COOL AVG MEAN DEG DEG WIND DOM DAY TEMP HIGH TIME LOW TIME DAYS DAYS RAIN SPEED HIGH TIME DIR ------------------------------------------------------------------------------------ 1 39.5 49.0 0:08 30.0 0:08 25.5 0.0 0.03 --- --- --- --- 2 45.0 56.0 0:08 34.0 0:08 20.0 0.0 0.00 --- --- --- --- 3 56.5 73.0 0:08 40.0 0:08 8.5 0.0 0.00 --- --- --- --- 4 65.5 74.0 0:08 57.0 0:08 0.0 0.5 1.00 --- --- --- --- 5 46.0 61.0 0:08 31.0 0:08 19.0 0.0 0.05 --- --- --- --- 6 37.5 46.0 0:08 29.0 0:08 27.5 0.0 0.00 --- --- --- --- 7 43.0 56.0 0:08 30.0 0:08 22.0 0.0 0.00 --- --- --- --- 8 9 28.5 36.0 0:08 21.0 0:08 36.5 0.0 0.00 --- --- --- --- 10 36.5 52.0 0:08 21.0 0:08 28.5 0.0 0.00 --- --- --- --- 11 46.0 61.0 0:08 31.0 0:08 19.0 0.0 0.00 --- --- --- --- 12 42.5 53.0 0:08 32.0 0:08 22.5 0.0 0.00 --- --- --- --- 13 53.5 71.0 0:08 36.0 0:08 11.5 0.0 0.00 --- --- --- --- 14 62.0 74.0 0:08 50.0 0:08 3.0 0.0 0.00 --- --- --- --- 15 54.0 62.0 0:08 46.0 0:08 11.0 0.0 0.05 --- --- --- --- 16 49.0 62.0 0:08 36.0 0:08 16.0 0.0 0.81 --- --- --- --- 17 48.5 58.0 0:08 39.0 0:08 16.5 0.0 0.00 --- --- --- --- 18 55.5 68.0 0:08 43.0 0:08 9.5 0.0 0.00 --- --- --- --- 19 64.0 70.0 0:08 58.0 0:08 1.0 0.0 0.00 --- --- --- --- 20 46.5 62.0 0:08 31.0 0:08 18.5 0.0 1.83 --- --- --- --- 21 48.0 65.0 0:08 31.0 0:08 17.0 0.0 0.00 --- --- --- --- 22 57.5 69.0 0:08 46.0 0:08 7.5 0.0 0.00 --- --- --- --- 23 45.5 54.0 0:08 37.0 0:08 19.5 0.0 0.00 --- --- --- --- 24 39.0 48.0 0:08 30.0 0:08 26.0 0.0 0.00 --- --- --- --- 25 35.5 46.0 0:08 25.0 0:08 29.5 0.0 0.00 --- --- --- --- 26 50.5 62.0 0:08 39.0 0:08 14.5 0.0 0.00 --- --- --- --- 27 59.0 69.0 0:08 49.0 0:08 6.0 0.0 0.00 --- --- --- --- 28 66.0 72.0 0:08 60.0 0:08 0.0 1.0 0.00 --- --- --- --- 29 56.0 72.0 0:08 40.0 0:08 9.0 0.0 0.40 --- --- --- --- 30 49.0 56.0 0:08 42.0 0:08 16.0 0.0 0.31 --- --- --- --- 31 56.5 61.0 0:08 52.0 0:08 8.5 0.0 0.10 --- --- --- --- ------------------------------------------------------------------------------------- 49.4 74.0 4 21.0 9 469.5 1.5 4.58 --- --- --- --- Max >= 90.0: 0 Max <= 32.0: 0 Min <= 32.0: 12 Min <= 0.0: 0 Max Rain: 1.83 ON 03/20/08 Days of Rain: 9 (>.01 in) 5 (>.1 in) 1 (>1 in) Heat Base: 65.0 Cool Base: 65.0 Method: (High + Low) / 2