Warning: file(http://www.wunderground.com/climate/extremes.asp): failed to open stream: HTTP request failed! HTTP/1.0 500 Internal Server Error in /homepages/6/d330860172/htdocs/usaextremes.php on line 55

Warning: implode(): Invalid arguments passed in /homepages/6/d330860172/htdocs/usaextremes.php on line 55

NOAA Style Climate Reports for Lebanon, TN

NOAA style reports

NOAA-style Climate Reports

2018: Jan | Feb | Mar | Apr | May | Jun | Jul | Aug | Sep | Oct | Nov | Dec 
2017: Jan | Feb | Mar | Apr | May | Jun | Jul | Aug | Sep | Oct | Nov | Dec 
2016: Jan | Feb | Mar | Apr | May | Jun | Jul | Aug | Sep | Oct | Nov | Dec 
2015: Jan | Feb | Mar | Apr | May | Jun | Jul | Aug | Sep | Oct | Nov | Dec 
2014: Jan | Feb | Mar | Apr | May | Jun | Jul | Aug | Sep | Oct | Nov | Dec 
2013: Jan | Feb | Mar | Apr | May | Jun | Jul | Aug | Sep | Oct | Nov | Dec 
2012: Jan | Feb | Mar | Apr | May | Jun | Jul | Aug | Sep | Oct | Nov | Dec 
2011: Jan | Feb | Mar | Apr | May | Jun | Jul | Aug | Sep | Oct | Nov | Dec 
2010: Jan | Feb | Mar | Apr | May | Jun | Jul | Aug | Sep | Oct | Nov | Dec 
2009: Jan | Feb | Mar | Apr | May | Jun | Jul | Aug | Sep | Oct | Nov | Dec 
2008: Jan | Feb | Mar | Apr | May | Jun | Jul | Aug | Sep | Oct | Nov | Dec 
2007: Jan | Feb | Mar | Apr | May | Jun | Jul | Aug | Sep | Oct | Nov | Dec 
2006: Jan | Feb | Mar | Apr | May | Jun | Jul | Aug | Sep | Oct | Nov | Dec 
2005: Jan | Feb | Mar | Apr | May | Jun | Jul | Aug | Sep | Oct | Nov | Dec 
2004: Jan | Feb | Mar | Apr | May | Jun | Jul | Aug | Sep | Oct | Nov | Dec 
2003: Jan | Feb | Mar | Apr | May | Jun | Jul | Aug | Sep | Oct | Nov | Dec 
2002: Jan | Feb | Mar | Apr | May | Jun | Jul | Aug | Sep | Oct | Nov | Dec 
2001: Jan | Feb | Mar | Apr | May | Jun | Jul | Aug | Sep | Oct | Nov | Dec 
2000: Jan | Feb | Mar | Apr | May | Jun | Jul | Aug | Sep | Oct | Nov | Dec 
1999: Jan | Feb | Mar | Apr | May | Jun | Jul | Aug | Sep | Oct | Nov | Dec 
1998: Jan | Feb | Mar | Apr | May | Jun | Jul | Aug | Sep | Oct | Nov | Dec 
1997: Jan | Feb | Mar | Apr | May | Jun | Jul | Aug | Sep | Oct | Nov | Dec 
1996: Jan | Feb | Mar | Apr | May | Jun | Jul | Aug | Sep | Oct | Nov | Dec 
1995: Jan | Feb | Mar | Apr | May | Jun | Jul | Aug | Sep | Oct | Nov | Dec 

Report for 2008 04
MONTHLY CLIMATOLOGICAL SUMMARY for APR. 2008 NAME: HornSpri CITY: Lebanon STATE: TN ELEV: 612 ft LAT: 36 14' 05" N LONG: 86 22' 55" W TEMPERATURE (F), RAIN (in), WIND SPEED (mph) HEAT COOL AVG MEAN DEG DEG WIND DOM DAY TEMP HIGH TIME LOW TIME DAYS DAYS RAIN SPEED HIGH TIME DIR ------------------------------------------------------------------------------------ 1 2 3 4 51.8 59.2 14:02 44.3 00:00 13.3 0.0 0.16 4.0 19.0 18:35 NNW 5 48.5 53.5 16:21 43.6 5:17 16.5 0.0 0.00 2.1 13.0 10:55 NNE 6 58.7 69.1 16:50 48.3 5:21 6.3 0.0 0.00 1.1 14.0 14:21 SW 7 61.8 77.0 17:35 46.7 6:34 3.2 0.0 0.00 0.5 9.0 16:37 E 8 64.4 73.2 12:10 55.7 6:20 0.6 0.0 0.00 2.4 14.0 13:19 SSE 9 65.4 72.1 17:06 58.7 10:19 0.0 0.4 0.28 1.2 17.0 13:57 SW 10 68.9 79.8 17:09 58.1 2:24 0.0 3.9 0.00 5.7 28.0 21:47 S 11 64.9 73.7 0:08 56.2 6:13 0.1 0.0 1.69 5.2 30.0 3:20 SW 12 51.2 58.7 0:01 43.6 23:59 13.8 0.0 0.00 7.7 31.0 19:25 W 13 42.1 46.4 15:50 37.8 6:04 22.9 0.0 0.01 4.2 21.0 13:39 W 14 40.3 46.4 13:38 34.3 23:56 24.7 0.0 0.00 3.8 19.0 13:48 NNW 15 45.0 60.7 17:18 29.4 5:37 20.0 0.0 0.00 0.6 13.0 10:45 ENE 16 52.7 71.3 16:40 34.1 6:16 12.3 0.0 0.00 1.3 20.0 12:07 SW 17 61.8 75.6 17:10 47.9 5:58 3.3 0.0 0.00 1.3 21.0 11:05 SW 18 62.2 76.0 13:51 48.3 3:39 2.8 0.0 0.46 3.3 25.0 20:37 S 19 53.6 60.2 12:29 47.0 6:29 11.4 0.0 0.03 2.3 21.0 13:29 WSW 20 56.5 68.3 16:31 44.6 6:30 8.5 0.0 0.00 0.8 11.0 11:03 WNW 21 60.0 74.9 15:55 45.1 6:08 5.0 0.0 0.00 0.7 12.0 14:30 N 22 63.9 80.1 16:01 47.7 6:03 1.1 0.0 0.00 0.4 10.0 15:15 E 23 68.0 83.8 16:28 52.2 6:11 0.0 3.0 0.00 0.4 11.0 13:44 N 24 69.2 81.8 15:11 56.6 3:48 0.0 4.2 0.00 0.6 13.0 9:56 SW 25 72.5 83.4 16:02 61.6 3:16 0.0 7.5 0.00 1.3 18.0 12:30 SW 26 62.8 71.6 15:59 54.1 9:51 2.2 0.0 0.28 1.8 18.0 7:37 N 27 59.6 68.9 11:26 50.2 6:01 5.4 0.0 0.16 0.5 11.0 13:54 WNW 28 51.2 63.2 15:27 39.2 23:55 13.8 0.0 0.04 3.2 36.0 17:32 NNW 29 45.6 57.8 16:52 33.4 5:32 19.4 0.0 0.01 1.4 13.0 11:42 NNW 30 56.5 76.1 17:09 36.9 5:40 8.5 0.0 0.00 0.5 14.0 17:43 WSW ------------------------------------------------------------------------------------- 57.7 83.8 23 29.4 15 214.9 19.0 3.12 2.2 36.0 28 WSW Max >= 90.0: 0 Max <= 32.0: 0 Min <= 32.0: 1 Min <= 0.0: 0 Max Rain: 1.69 ON 04/11/08 Days of Rain: 8 (>.01 in) 6 (>.1 in) 1 (>1 in) Heat Base: 65.0 Cool Base: 65.0 Method: (High + Low) / 2