Warning: file(http://www.wunderground.com/climate/extremes.asp): failed to open stream: HTTP request failed! HTTP/1.0 500 Internal Server Error in /homepages/6/d330860172/htdocs/usaextremes.php on line 55

Warning: implode(): Invalid arguments passed in /homepages/6/d330860172/htdocs/usaextremes.php on line 55

NOAA Style Climate Reports for Lebanon, TN

NOAA style reports

NOAA-style Climate Reports

2018: Jan | Feb | Mar | Apr | May | Jun | Jul | Aug | Sep | Oct | Nov | Dec 
2017: Jan | Feb | Mar | Apr | May | Jun | Jul | Aug | Sep | Oct | Nov | Dec 
2016: Jan | Feb | Mar | Apr | May | Jun | Jul | Aug | Sep | Oct | Nov | Dec 
2015: Jan | Feb | Mar | Apr | May | Jun | Jul | Aug | Sep | Oct | Nov | Dec 
2014: Jan | Feb | Mar | Apr | May | Jun | Jul | Aug | Sep | Oct | Nov | Dec 
2013: Jan | Feb | Mar | Apr | May | Jun | Jul | Aug | Sep | Oct | Nov | Dec 
2012: Jan | Feb | Mar | Apr | May | Jun | Jul | Aug | Sep | Oct | Nov | Dec 
2011: Jan | Feb | Mar | Apr | May | Jun | Jul | Aug | Sep | Oct | Nov | Dec 
2010: Jan | Feb | Mar | Apr | May | Jun | Jul | Aug | Sep | Oct | Nov | Dec 
2009: Jan | Feb | Mar | Apr | May | Jun | Jul | Aug | Sep | Oct | Nov | Dec 
2008: Jan | Feb | Mar | Apr | May | Jun | Jul | Aug | Sep | Oct | Nov | Dec 
2007: Jan | Feb | Mar | Apr | May | Jun | Jul | Aug | Sep | Oct | Nov | Dec 
2006: Jan | Feb | Mar | Apr | May | Jun | Jul | Aug | Sep | Oct | Nov | Dec 
2005: Jan | Feb | Mar | Apr | May | Jun | Jul | Aug | Sep | Oct | Nov | Dec 
2004: Jan | Feb | Mar | Apr | May | Jun | Jul | Aug | Sep | Oct | Nov | Dec 
2003: Jan | Feb | Mar | Apr | May | Jun | Jul | Aug | Sep | Oct | Nov | Dec 
2002: Jan | Feb | Mar | Apr | May | Jun | Jul | Aug | Sep | Oct | Nov | Dec 
2001: Jan | Feb | Mar | Apr | May | Jun | Jul | Aug | Sep | Oct | Nov | Dec 
2000: Jan | Feb | Mar | Apr | May | Jun | Jul | Aug | Sep | Oct | Nov | Dec 
1999: Jan | Feb | Mar | Apr | May | Jun | Jul | Aug | Sep | Oct | Nov | Dec 
1998: Jan | Feb | Mar | Apr | May | Jun | Jul | Aug | Sep | Oct | Nov | Dec 
1997: Jan | Feb | Mar | Apr | May | Jun | Jul | Aug | Sep | Oct | Nov | Dec 
1996: Jan | Feb | Mar | Apr | May | Jun | Jul | Aug | Sep | Oct | Nov | Dec 
1995: Jan | Feb | Mar | Apr | May | Jun | Jul | Aug | Sep | Oct | Nov | Dec 

Report for 2008 05
MONTHLY CLIMATOLOGICAL SUMMARY for MAY. 2008 NAME: HornSpri CITY: Lebanon STATE: TN ELEV: 612 ft LAT: 36 14' 05" N LONG: 86 22' 55" W TEMPERATURE (F), RAIN (in), WIND SPEED (mph) HEAT COOL AVG MEAN DEG DEG WIND DOM DAY TEMP HIGH TIME LOW TIME DAYS DAYS RAIN SPEED HIGH TIME DIR ------------------------------------------------------------------------------------ 1 68.2 77.2 14:52 59.2 5:57 0.0 3.2 0.00 1.7 22.0 12:03 SW 2 66.9 73.3 16:54 60.5 13:30 0.0 1.9 0.16 2.1 18.0 11:41 S 3 63.6 75.8 14:44 51.4 23:59 1.4 0.0 0.85 3.4 25.0 13:55 WSW 4 55.0 68.6 16:00 41.5 6:06 10.0 0.0 0.00 1.0 16.0 9:40 N 5 59.2 74.9 16:31 43.5 6:07 5.8 0.0 0.00 0.8 12.0 11:44 N 6 62.2 78.6 13:37 45.8 5:45 2.8 0.0 0.00 0.3 10.0 13:18 WSW 7 70.1 82.2 16:23 58.1 7:27 0.0 5.1 0.06 1.5 24.0 6:35 SW 8 66.2 72.5 0:26 59.9 22:17 0.0 1.2 0.52 1.3 20.0 15:05 WSW 9 68.8 78.1 15:02 59.6 5:40 0.0 3.8 0.01 2.1 13.0 2:24 WSW 10 68.1 77.2 16:52 58.9 6:02 0.0 3.1 0.16 1.4 13.0 8:21 N 11 58.4 63.7 0:01 53.1 23:56 6.6 0.0 0.13 9.9 37.0 11:58 WSW 12 57.7 69.3 16:20 46.0 5:48 7.3 0.0 0.00 2.5 17.0 10:44 NNW 13 60.4 76.8 14:17 43.9 4:35 4.6 0.0 0.00 0.7 12.0 11:02 E 14 62.0 68.6 14:56 55.4 6:36 3.0 0.0 0.60 1.2 20.0 12:17 WSW 15 65.4 70.9 16:05 59.9 23:56 0.0 0.4 0.60 1.4 17.0 23:09 WSW 16 55.3 62.1 17:46 48.5 00:00 9.7 0.0 0.00 2.7 16.0 0:11 NNW 17 60.8 76.1 15:58 45.5 4:27 4.2 0.0 0.00 2.6 25.0 15:37 WSW 18 63.4 75.1 14:26 51.7 23:58 1.6 0.0 0.00 3.0 22.0 18:05 WSW 19 63.8 82.0 16:24 45.5 5:38 1.3 0.0 0.00 1.2 21.0 15:47 SW 20 68.6 78.1 14:54 59.0 23:58 0.0 3.6 0.00 4.1 22.0 16:01 N 21 61.1 74.0 16:10 48.2 5:58 3.9 0.0 0.00 1.5 18.0 12:44 W 22 64.6 80.1 14:25 49.1 4:35 0.4 0.0 0.00 0.6 11.0 10:08 E 23 73.0 86.7 16:22 59.3 4:24 0.0 8.0 0.04 0.8 12.0 9:32 E 24 69.8 79.2 16:23 60.5 5:46 0.0 4.8 0.00 2.0 13.0 12:49 NE 25 70.9 87.4 16:13 54.4 5:41 0.0 5.9 0.00 0.4 8.0 11:06 W 26 75.3 85.1 13:13 65.6 23:18 0.0 10.3 0.59 1.4 35.0 13:29 WSW 27 72.9 81.6 16:29 64.2 5:25 0.0 7.9 0.00 1.2 16.0 13:02 WSW 28 64.7 68.1 0:01 61.2 9:15 0.3 0.0 0.08 1.6 14.0 7:26 NE 29 69.8 82.0 16:24 57.5 5:34 0.0 4.8 0.00 0.2 7.0 10:54 NE 30 76.1 86.7 16:12 65.6 1:19 0.0 11.1 0.00 1.0 17.0 15:15 WSW 31 78.7 87.0 16:16 70.3 6:18 0.0 13.7 0.00 2.6 20.0 14:04 WSW ------------------------------------------------------------------------------------- 65.8 87.4 25 41.5 4 62.9 88.8 3.80 1.9 37.0 11 WSW Max >= 90.0: 0 Max <= 32.0: 0 Min <= 32.0: 0 Min <= 0.0: 0 Max Rain: 0.85 ON 05/03/08 Days of Rain: 11 (>.01 in) 8 (>.1 in) 0 (>1 in) Heat Base: 65.0 Cool Base: 65.0 Method: (High + Low) / 2