Warning: file(http://www.wunderground.com/climate/extremes.asp): failed to open stream: HTTP request failed! HTTP/1.0 500 Internal Server Error in /homepages/6/d330860172/htdocs/usaextremes.php on line 55

Warning: implode(): Invalid arguments passed in /homepages/6/d330860172/htdocs/usaextremes.php on line 55

NOAA Style Climate Reports for Lebanon, TN

NOAA style reports

NOAA-style Climate Reports

2018: Jan | Feb | Mar | Apr | May | Jun | Jul | Aug | Sep | Oct | Nov | Dec 
2017: Jan | Feb | Mar | Apr | May | Jun | Jul | Aug | Sep | Oct | Nov | Dec 
2016: Jan | Feb | Mar | Apr | May | Jun | Jul | Aug | Sep | Oct | Nov | Dec 
2015: Jan | Feb | Mar | Apr | May | Jun | Jul | Aug | Sep | Oct | Nov | Dec 
2014: Jan | Feb | Mar | Apr | May | Jun | Jul | Aug | Sep | Oct | Nov | Dec 
2013: Jan | Feb | Mar | Apr | May | Jun | Jul | Aug | Sep | Oct | Nov | Dec 
2012: Jan | Feb | Mar | Apr | May | Jun | Jul | Aug | Sep | Oct | Nov | Dec 
2011: Jan | Feb | Mar | Apr | May | Jun | Jul | Aug | Sep | Oct | Nov | Dec 
2010: Jan | Feb | Mar | Apr | May | Jun | Jul | Aug | Sep | Oct | Nov | Dec 
2009: Jan | Feb | Mar | Apr | May | Jun | Jul | Aug | Sep | Oct | Nov | Dec 
2008: Jan | Feb | Mar | Apr | May | Jun | Jul | Aug | Sep | Oct | Nov | Dec 
2007: Jan | Feb | Mar | Apr | May | Jun | Jul | Aug | Sep | Oct | Nov | Dec 
2006: Jan | Feb | Mar | Apr | May | Jun | Jul | Aug | Sep | Oct | Nov | Dec 
2005: Jan | Feb | Mar | Apr | May | Jun | Jul | Aug | Sep | Oct | Nov | Dec 
2004: Jan | Feb | Mar | Apr | May | Jun | Jul | Aug | Sep | Oct | Nov | Dec 
2003: Jan | Feb | Mar | Apr | May | Jun | Jul | Aug | Sep | Oct | Nov | Dec 
2002: Jan | Feb | Mar | Apr | May | Jun | Jul | Aug | Sep | Oct | Nov | Dec 
2001: Jan | Feb | Mar | Apr | May | Jun | Jul | Aug | Sep | Oct | Nov | Dec 
2000: Jan | Feb | Mar | Apr | May | Jun | Jul | Aug | Sep | Oct | Nov | Dec 
1999: Jan | Feb | Mar | Apr | May | Jun | Jul | Aug | Sep | Oct | Nov | Dec 
1998: Jan | Feb | Mar | Apr | May | Jun | Jul | Aug | Sep | Oct | Nov | Dec 
1997: Jan | Feb | Mar | Apr | May | Jun | Jul | Aug | Sep | Oct | Nov | Dec 
1996: Jan | Feb | Mar | Apr | May | Jun | Jul | Aug | Sep | Oct | Nov | Dec 
1995: Jan | Feb | Mar | Apr | May | Jun | Jul | Aug | Sep | Oct | Nov | Dec 

Report for 2008 06
MONTHLY CLIMATOLOGICAL SUMMARY for JUN. 2008 NAME: HornSpri CITY: Lebanon STATE: TN ELEV: 612 ft LAT: 36 14' 05" N LONG: 86 22' 55" W TEMPERATURE (F), RAIN (in), WIND SPEED (mph) HEAT COOL AVG MEAN DEG DEG WIND DOM DAY TEMP HIGH TIME LOW TIME DAYS DAYS RAIN SPEED HIGH TIME DIR ------------------------------------------------------------------------------------ 1 74.1 83.4 14:34 64.7 4:17 0.0 9.1 0.39 1.2 30.0 2:31 WSW 2 74.8 85.7 16:57 63.9 5:29 0.0 9.8 0.00 0.3 8.0 11:16 E 3 79.9 89.0 16:07 70.8 5:43 0.0 14.9 0.00 2.2 24.0 17:19 WSW 4 81.7 89.7 15:16 73.7 6:02 0.0 16.7 0.00 2.7 22.0 10:12 WSW 5 82.4 90.5 15:57 74.4 6:00 0.0 17.4 0.00 1.3 19.0 9:18 SW 6 83.4 92.3 14:34 74.4 22:59 0.0 18.4 0.00 1.2 20.0 13:11 WSW 7 82.1 93.2 15:52 71.1 5:54 0.0 17.1 0.00 1.3 18.0 10:12 WSW 8 82.2 93.6 15:14 70.8 4:58 0.0 17.2 0.00 1.3 19.0 13:20 WSW 9 82.9 93.4 16:20 72.5 3:39 0.0 17.9 0.00 1.2 16.0 10:43 WSW 10 76.1 84.5 16:37 67.6 23:59 0.0 11.1 0.00 1.5 13.0 7:23 WSW 11 76.4 90.7 16:20 62.1 5:20 0.0 11.4 0.00 0.7 12.0 10:09 E 12 80.2 90.1 13:49 70.3 5:31 0.0 15.2 0.00 0.6 14.0 15:05 SE 13 80.1 89.3 13:15 70.8 5:43 0.0 15.1 0.14 0.6 18.0 13:54 WSW 14 72.9 79.0 15:52 66.9 4:49 0.0 7.9 0.07 0.7 16.0 0:11 W 15 76.9 90.5 16:29 63.4 4:38 0.0 11.9 0.00 0.4 11.0 12:19 NNE 16 76.5 90.7 16:36 62.3 5:41 0.0 11.5 0.00 2.0 19.0 16:04 W 17 68.7 79.4 16:07 58.0 23:56 0.0 3.7 0.00 2.2 16.0 13:03 N 18 66.4 81.1 16:05 51.7 5:07 0.0 1.4 0.00 1.6 17.0 13:40 N 19 69.7 85.3 16:47 54.1 5:34 0.0 4.7 0.00 1.2 16.0 16:03 WNW 20 70.1 80.9 14:43 59.3 4:18 0.0 5.1 0.00 0.3 11.0 15:21 NNE 21 75.4 85.1 13:42 65.8 23:57 0.0 10.4 0.10 0.6 14.0 15:45 ESE 22 75.2 88.0 15:51 62.3 5:55 0.0 10.2 0.01 1.1 16.0 15:35 N 23 73.3 87.4 15:51 59.2 5:04 0.0 8.3 0.00 0.9 13.0 15:39 N 24 74.3 89.7 13:48 59.0 5:34 0.0 9.3 0.00 0.5 13.0 14:39 N 25 78.2 95.1 15:51 61.3 5:27 0.0 13.2 0.00 0.9 16.0 17:53 WSW 26 80.6 92.3 15:37 68.9 5:54 0.0 15.6 0.00 1.8 21.0 12:47 WSW 27 81.6 90.7 14:49 72.5 5:39 0.0 16.6 0.00 3.0 22.0 14:45 WSW 28 80.6 88.8 13:06 72.3 5:40 0.0 15.6 0.18 3.6 26.0 16:05 WSW 29 76.4 84.3 16:23 68.6 5:04 0.0 11.4 0.16 3.9 27.0 14:55 WSW 30 69.9 80.3 16:08 59.6 00:00 0.0 4.9 0.00 3.3 21.0 13:41 N ------------------------------------------------------------------------------------- 76.8 95.1 25 51.7 18 0.0 353.1 1.05 1.5 30.0 1 WSW Max >= 90.0: 12 Max <= 32.0: 0 Min <= 32.0: 0 Min <= 0.0: 0 Max Rain: 0.39 ON 06/01/08 Days of Rain: 6 (>.01 in) 4 (>.1 in) 0 (>1 in) Heat Base: 65.0 Cool Base: 65.0 Method: (High + Low) / 2