Warning: file(http://www.wunderground.com/climate/extremes.asp): failed to open stream: HTTP request failed! HTTP/1.0 500 Internal Server Error in /homepages/6/d330860172/htdocs/usaextremes.php on line 55

Warning: implode(): Invalid arguments passed in /homepages/6/d330860172/htdocs/usaextremes.php on line 55

NOAA Style Climate Reports for Lebanon, TN

NOAA style reports

NOAA-style Climate Reports

2018: Jan | Feb | Mar | Apr | May | Jun | Jul | Aug | Sep | Oct | Nov | Dec 
2017: Jan | Feb | Mar | Apr | May | Jun | Jul | Aug | Sep | Oct | Nov | Dec 
2016: Jan | Feb | Mar | Apr | May | Jun | Jul | Aug | Sep | Oct | Nov | Dec 
2015: Jan | Feb | Mar | Apr | May | Jun | Jul | Aug | Sep | Oct | Nov | Dec 
2014: Jan | Feb | Mar | Apr | May | Jun | Jul | Aug | Sep | Oct | Nov | Dec 
2013: Jan | Feb | Mar | Apr | May | Jun | Jul | Aug | Sep | Oct | Nov | Dec 
2012: Jan | Feb | Mar | Apr | May | Jun | Jul | Aug | Sep | Oct | Nov | Dec 
2011: Jan | Feb | Mar | Apr | May | Jun | Jul | Aug | Sep | Oct | Nov | Dec 
2010: Jan | Feb | Mar | Apr | May | Jun | Jul | Aug | Sep | Oct | Nov | Dec 
2009: Jan | Feb | Mar | Apr | May | Jun | Jul | Aug | Sep | Oct | Nov | Dec 
2008: Jan | Feb | Mar | Apr | May | Jun | Jul | Aug | Sep | Oct | Nov | Dec 
2007: Jan | Feb | Mar | Apr | May | Jun | Jul | Aug | Sep | Oct | Nov | Dec 
2006: Jan | Feb | Mar | Apr | May | Jun | Jul | Aug | Sep | Oct | Nov | Dec 
2005: Jan | Feb | Mar | Apr | May | Jun | Jul | Aug | Sep | Oct | Nov | Dec 
2004: Jan | Feb | Mar | Apr | May | Jun | Jul | Aug | Sep | Oct | Nov | Dec 
2003: Jan | Feb | Mar | Apr | May | Jun | Jul | Aug | Sep | Oct | Nov | Dec 
2002: Jan | Feb | Mar | Apr | May | Jun | Jul | Aug | Sep | Oct | Nov | Dec 
2001: Jan | Feb | Mar | Apr | May | Jun | Jul | Aug | Sep | Oct | Nov | Dec 
2000: Jan | Feb | Mar | Apr | May | Jun | Jul | Aug | Sep | Oct | Nov | Dec 
1999: Jan | Feb | Mar | Apr | May | Jun | Jul | Aug | Sep | Oct | Nov | Dec 
1998: Jan | Feb | Mar | Apr | May | Jun | Jul | Aug | Sep | Oct | Nov | Dec 
1997: Jan | Feb | Mar | Apr | May | Jun | Jul | Aug | Sep | Oct | Nov | Dec 
1996: Jan | Feb | Mar | Apr | May | Jun | Jul | Aug | Sep | Oct | Nov | Dec 
1995: Jan | Feb | Mar | Apr | May | Jun | Jul | Aug | Sep | Oct | Nov | Dec 

Report for 2008 07
MONTHLY CLIMATOLOGICAL SUMMARY for JUL. 2008 NAME: HornSpri CITY: Lebanon STATE: TN ELEV: 612 ft LAT: 36 14' 05" N LONG: 86 22' 55" W TEMPERATURE (F), RAIN (in), WIND SPEED (mph) HEAT COOL AVG MEAN DEG DEG WIND DOM DAY TEMP HIGH TIME LOW TIME DAYS DAYS RAIN SPEED HIGH TIME DIR ------------------------------------------------------------------------------------ 1 70.8 85.7 16:15 55.9 5:06 0.0 5.8 0.00 0.9 14.0 11:42 NNW 2 74.3 88.8 15:59 59.8 6:14 0.0 9.3 0.00 0.9 18.0 12:15 WSW 3 78.5 89.7 14:00 67.3 4:37 0.0 13.5 0.00 1.1 18.0 11:55 WSW 4 77.1 86.3 14:23 67.8 5:07 0.0 12.1 0.16 1.1 19.0 15:46 WSW 5 77.9 86.3 15:49 69.4 23:31 0.0 12.9 0.07 1.8 14.0 11:46 WSW 6 77.1 89.3 16:37 64.8 5:58 0.0 12.1 0.00 0.8 14.0 14:15 W 7 77.8 90.7 13:19 64.8 3:51 0.0 12.8 0.12 0.7 17.0 14:29 WSW 8 82.6 94.7 15:07 70.4 0:01 0.0 17.6 0.00 1.7 18.0 14:37 WSW 9 77.9 85.3 14:40 70.4 17:12 0.0 12.9 0.78 0.7 21.0 15:35 WSW 10 77.9 85.7 15:57 70.1 4:54 0.0 12.9 0.78 1.1 16.0 4:56 WSW 11 79.8 91.6 16:19 67.9 5:07 0.0 14.8 0.00 0.4 10.0 8:30 W 12 82.0 92.9 14:55 71.1 22:44 0.0 17.0 0.09 1.2 32.0 21:14 WSW 13 72.5 82.6 16:28 62.4 23:58 0.0 7.5 0.19 1.0 13.0 18:23 NNW 14 72.3 85.7 16:38 59.0 5:06 0.0 7.3 0.00 1.1 14.0 14:43 N 15 74.0 87.6 16:12 60.4 4:42 0.0 9.0 0.00 1.1 16.0 11:59 E 16 75.0 89.5 14:40 60.5 5:26 0.0 10.0 0.00 1.2 16.0 13:46 NE 17 77.1 92.1 16:08 62.0 5:26 0.0 12.1 0.00 0.4 11.0 14:33 E 18 79.1 91.2 13:31 66.9 5:18 0.0 14.1 0.00 0.6 12.0 14:43 WSW 19 79.8 93.2 16:27 66.4 5:32 0.0 14.8 0.00 0.7 12.0 13:05 W 20 82.8 93.8 16:09 71.8 2:00 0.0 17.8 0.00 1.8 17.0 12:28 W 21 85.8 98.5 16:46 73.0 5:46 0.0 20.8 0.00 1.4 20.0 17:07 W 22 81.9 91.2 16:35 72.7 1:51 0.0 16.9 0.00 1.0 18.0 12:05 N 23 77.6 88.8 14:33 66.3 00:00 0.0 12.6 0.00 2.0 17.0 16:21 N 24 73.1 87.2 14:02 58.9 5:11 0.0 8.1 0.00 0.9 14.0 16:46 E 25 72.3 80.7 17:43 64.0 5:19 0.0 7.3 1.86 0.4 12.0 7:45 SE 26 81.2 89.9 16:38 72.5 4:47 0.0 16.2 0.03 0.6 11.0 1:31 WSW 27 82.2 93.6 17:06 70.8 5:33 0.0 17.2 0.00 0.4 10.0 11:49 N 28 80.2 90.5 15:51 69.9 4:54 0.0 15.2 0.17 0.4 14.0 13:37 WSW 29 82.9 94.0 16:34 71.8 6:21 0.0 17.9 0.00 0.6 12.0 13:04 WNW 30 82.4 93.2 14:27 71.6 22:36 0.0 17.4 1.64 1.1 33.0 15:33 WSW 31 78.2 84.3 14:14 72.0 23:44 0.0 13.2 0.10 0.9 25.0 6:47 NNW ------------------------------------------------------------------------------------- 78.2 98.5 21 55.9 1 0.0 408.6 5.99 1.0 33.0 30 WSW Max >= 90.0: 14 Max <= 32.0: 0 Min <= 32.0: 0 Min <= 0.0: 0 Max Rain: 1.86 ON 07/25/08 Days of Rain: 12 (>.01 in) 8 (>.1 in) 2 (>1 in) Heat Base: 65.0 Cool Base: 65.0 Method: (High + Low) / 2