Warning: file(http://www.wunderground.com/climate/extremes.asp): failed to open stream: HTTP request failed! HTTP/1.0 500 Internal Server Error in /homepages/6/d330860172/htdocs/usaextremes.php on line 55

Warning: implode(): Invalid arguments passed in /homepages/6/d330860172/htdocs/usaextremes.php on line 55

NOAA Style Climate Reports for Lebanon, TN

NOAA style reports

NOAA-style Climate Reports

2018: Jan | Feb | Mar | Apr | May | Jun | Jul | Aug | Sep | Oct | Nov | Dec 
2017: Jan | Feb | Mar | Apr | May | Jun | Jul | Aug | Sep | Oct | Nov | Dec 
2016: Jan | Feb | Mar | Apr | May | Jun | Jul | Aug | Sep | Oct | Nov | Dec 
2015: Jan | Feb | Mar | Apr | May | Jun | Jul | Aug | Sep | Oct | Nov | Dec 
2014: Jan | Feb | Mar | Apr | May | Jun | Jul | Aug | Sep | Oct | Nov | Dec 
2013: Jan | Feb | Mar | Apr | May | Jun | Jul | Aug | Sep | Oct | Nov | Dec 
2012: Jan | Feb | Mar | Apr | May | Jun | Jul | Aug | Sep | Oct | Nov | Dec 
2011: Jan | Feb | Mar | Apr | May | Jun | Jul | Aug | Sep | Oct | Nov | Dec 
2010: Jan | Feb | Mar | Apr | May | Jun | Jul | Aug | Sep | Oct | Nov | Dec 
2009: Jan | Feb | Mar | Apr | May | Jun | Jul | Aug | Sep | Oct | Nov | Dec 
2008: Jan | Feb | Mar | Apr | May | Jun | Jul | Aug | Sep | Oct | Nov | Dec 
2007: Jan | Feb | Mar | Apr | May | Jun | Jul | Aug | Sep | Oct | Nov | Dec 
2006: Jan | Feb | Mar | Apr | May | Jun | Jul | Aug | Sep | Oct | Nov | Dec 
2005: Jan | Feb | Mar | Apr | May | Jun | Jul | Aug | Sep | Oct | Nov | Dec 
2004: Jan | Feb | Mar | Apr | May | Jun | Jul | Aug | Sep | Oct | Nov | Dec 
2003: Jan | Feb | Mar | Apr | May | Jun | Jul | Aug | Sep | Oct | Nov | Dec 
2002: Jan | Feb | Mar | Apr | May | Jun | Jul | Aug | Sep | Oct | Nov | Dec 
2001: Jan | Feb | Mar | Apr | May | Jun | Jul | Aug | Sep | Oct | Nov | Dec 
2000: Jan | Feb | Mar | Apr | May | Jun | Jul | Aug | Sep | Oct | Nov | Dec 
1999: Jan | Feb | Mar | Apr | May | Jun | Jul | Aug | Sep | Oct | Nov | Dec 
1998: Jan | Feb | Mar | Apr | May | Jun | Jul | Aug | Sep | Oct | Nov | Dec 
1997: Jan | Feb | Mar | Apr | May | Jun | Jul | Aug | Sep | Oct | Nov | Dec 
1996: Jan | Feb | Mar | Apr | May | Jun | Jul | Aug | Sep | Oct | Nov | Dec 
1995: Jan | Feb | Mar | Apr | May | Jun | Jul | Aug | Sep | Oct | Nov | Dec 

Report for 2008 08
MONTHLY CLIMATOLOGICAL SUMMARY for AUG. 2008 NAME: HornSpri CITY: Lebanon STATE: TN ELEV: 612 ft LAT: 36 14' 05" N LONG: 86 22' 55" W TEMPERATURE (F), RAIN (in), WIND SPEED (mph) HEAT COOL AVG MEAN DEG DEG WIND DOM DAY TEMP HIGH TIME LOW TIME DAYS DAYS RAIN SPEED HIGH TIME DIR ------------------------------------------------------------------------------------ 1 81.1 91.8 16:08 70.4 3:53 0.0 16.1 0.01 0.3 9.0 13:48 WSW 2 83.6 92.3 14:52 74.9 4:27 0.0 18.6 0.00 1.6 12.0 9:13 WSW 3 78.6 90.3 15:10 66.8 5:58 0.0 13.6 0.00 0.6 12.0 15:11 E 4 80.4 95.9 16:15 65.0 6:20 0.0 15.4 0.00 0.2 8.0 10:00 ENE 5 82.9 95.6 16:14 70.3 3:19 0.0 17.9 0.00 1.0 13.0 13:33 W 6 82.1 92.7 17:12 71.5 6:14 0.0 17.1 0.32 1.3 22.0 1:49 N 7 76.9 84.3 16:38 69.4 6:00 0.0 11.9 0.00 1.0 13.0 14:48 NNW 8 72.5 84.0 15:47 61.0 6:05 0.0 7.5 0.00 1.8 18.0 12:14 N 9 71.1 84.7 16:12 57.5 6:12 0.0 6.1 0.00 0.6 13.0 15:09 WNW 10 72.2 85.3 16:11 59.0 5:22 0.0 7.2 0.00 0.5 12.0 12:36 WNW 11 71.8 84.3 14:36 59.2 6:14 0.0 6.8 0.00 1.2 16.0 14:53 NE 12 70.4 82.8 15:08 58.0 6:17 0.0 5.4 0.00 0.3 7.0 8:34 E 13 75.6 87.4 16:29 63.7 0:33 0.0 10.6 0.00 1.1 14.0 11:42 NNW 14 73.3 86.5 16:08 60.1 4:59 0.0 8.3 0.00 0.8 16.0 14:41 WNW 15 72.3 83.2 14:53 61.5 6:01 0.0 7.3 0.00 0.5 12.0 14:31 N 16 72.8 85.3 14:36 60.2 23:58 0.0 7.8 0.00 0.9 14.0 12:06 NE 17 71.4 88.8 16:29 54.1 6:33 0.0 6.4 0.00 0.8 12.0 11:11 NE 18 74.4 92.3 15:23 56.6 6:11 0.0 9.4 0.00 0.5 12.0 16:04 N 19 77.7 93.6 14:54 61.8 3:44 0.0 12.7 0.00 0.6 12.0 17:09 NE 20 79.5 94.0 13:31 65.0 6:23 0.0 14.5 0.02 0.3 10.0 14:04 E 21 79.7 89.9 16:53 69.4 23:53 0.0 14.7 0.00 0.3 12.0 10:27 SE 22 80.9 94.3 14:35 67.6 6:43 0.0 15.9 0.00 1.0 13.0 14:19 E 23 80.8 91.6 14:40 70.1 6:33 0.0 15.8 0.00 0.7 13.0 15:32 NE 24 76.2 83.6 14:03 68.8 5:31 0.0 11.2 0.00 0.5 13.0 15:35 E 25 74.8 78.5 12:55 71.1 5:53 0.0 9.8 0.16 1.7 18.0 12:50 ENE 26 72.2 76.3 16:04 68.1 6:47 0.0 7.2 0.92 3.3 20.0 16:46 NE 27 71.8 75.6 18:15 68.1 23:59 0.0 6.8 0.00 0.9 12.0 10:16 N 28 77.4 89.5 16:44 65.3 4:02 0.0 12.4 0.00 0.5 12.0 14:01 WNW 29 79.6 89.9 14:28 69.3 2:08 0.0 14.6 0.00 1.3 19.0 16:27 W 30 78.5 90.7 14:48 66.3 6:19 0.0 13.5 0.00 0.5 11.0 17:02 N 31 82.4 94.5 16:28 70.4 6:25 0.0 17.4 0.00 0.8 13.0 14:45 ENE ------------------------------------------------------------------------------------- 76.6 95.9 4 54.1 17 0.0 360.0 1.43 0.9 22.0 6 N Max >= 90.0: 13 Max <= 32.0: 0 Min <= 32.0: 0 Min <= 0.0: 0 Max Rain: 0.92 ON 08/26/08 Days of Rain: 4 (>.01 in) 3 (>.1 in) 0 (>1 in) Heat Base: 65.0 Cool Base: 65.0 Method: (High + Low) / 2