Warning: file(http://www.wunderground.com/climate/extremes.asp): failed to open stream: HTTP request failed! HTTP/1.0 500 Internal Server Error in /homepages/6/d330860172/htdocs/usaextremes.php on line 55

Warning: implode(): Invalid arguments passed in /homepages/6/d330860172/htdocs/usaextremes.php on line 55

NOAA Style Climate Reports for Lebanon, TN

NOAA style reports

NOAA-style Climate Reports

2018: Jan | Feb | Mar | Apr | May | Jun | Jul | Aug | Sep | Oct | Nov | Dec 
2017: Jan | Feb | Mar | Apr | May | Jun | Jul | Aug | Sep | Oct | Nov | Dec 
2016: Jan | Feb | Mar | Apr | May | Jun | Jul | Aug | Sep | Oct | Nov | Dec 
2015: Jan | Feb | Mar | Apr | May | Jun | Jul | Aug | Sep | Oct | Nov | Dec 
2014: Jan | Feb | Mar | Apr | May | Jun | Jul | Aug | Sep | Oct | Nov | Dec 
2013: Jan | Feb | Mar | Apr | May | Jun | Jul | Aug | Sep | Oct | Nov | Dec 
2012: Jan | Feb | Mar | Apr | May | Jun | Jul | Aug | Sep | Oct | Nov | Dec 
2011: Jan | Feb | Mar | Apr | May | Jun | Jul | Aug | Sep | Oct | Nov | Dec 
2010: Jan | Feb | Mar | Apr | May | Jun | Jul | Aug | Sep | Oct | Nov | Dec 
2009: Jan | Feb | Mar | Apr | May | Jun | Jul | Aug | Sep | Oct | Nov | Dec 
2008: Jan | Feb | Mar | Apr | May | Jun | Jul | Aug | Sep | Oct | Nov | Dec 
2007: Jan | Feb | Mar | Apr | May | Jun | Jul | Aug | Sep | Oct | Nov | Dec 
2006: Jan | Feb | Mar | Apr | May | Jun | Jul | Aug | Sep | Oct | Nov | Dec 
2005: Jan | Feb | Mar | Apr | May | Jun | Jul | Aug | Sep | Oct | Nov | Dec 
2004: Jan | Feb | Mar | Apr | May | Jun | Jul | Aug | Sep | Oct | Nov | Dec 
2003: Jan | Feb | Mar | Apr | May | Jun | Jul | Aug | Sep | Oct | Nov | Dec 
2002: Jan | Feb | Mar | Apr | May | Jun | Jul | Aug | Sep | Oct | Nov | Dec 
2001: Jan | Feb | Mar | Apr | May | Jun | Jul | Aug | Sep | Oct | Nov | Dec 
2000: Jan | Feb | Mar | Apr | May | Jun | Jul | Aug | Sep | Oct | Nov | Dec 
1999: Jan | Feb | Mar | Apr | May | Jun | Jul | Aug | Sep | Oct | Nov | Dec 
1998: Jan | Feb | Mar | Apr | May | Jun | Jul | Aug | Sep | Oct | Nov | Dec 
1997: Jan | Feb | Mar | Apr | May | Jun | Jul | Aug | Sep | Oct | Nov | Dec 
1996: Jan | Feb | Mar | Apr | May | Jun | Jul | Aug | Sep | Oct | Nov | Dec 
1995: Jan | Feb | Mar | Apr | May | Jun | Jul | Aug | Sep | Oct | Nov | Dec 

Report for 2008 09
MONTHLY CLIMATOLOGICAL SUMMARY for SEP. 2008 NAME: HornSpri CITY: Lebanon STATE: TN ELEV: 612 ft LAT: 36 14' 05" N LONG: 86 22' 55" W TEMPERATURE (F), RAIN (in), WIND SPEED (mph) HEAT COOL AVG MEAN DEG DEG WIND DOM DAY TEMP HIGH TIME LOW TIME DAYS DAYS RAIN SPEED HIGH TIME DIR ------------------------------------------------------------------------------------ 1 81.8 91.8 13:29 71.8 6:32 0.0 16.8 0.00 1.0 15.0 10:59 SE 2 80.4 91.0 14:42 69.8 6:17 0.0 15.4 0.00 0.9 13.0 17:06 ESE 3 79.0 89.9 15:12 68.1 4:56 0.0 14.0 0.00 0.3 13.0 15:15 ESE 4 76.3 85.7 16:50 66.9 5:58 0.0 11.3 0.00 2.2 21.0 23:59 SSE 5 74.1 80.3 15:46 67.9 23:16 0.0 9.1 0.19 1.0 13.0 20:00 WSW 6 70.3 77.6 17:09 63.1 23:57 0.0 5.3 0.00 1.4 13.0 4:29 NNW 7 72.8 86.1 16:18 59.6 6:19 0.0 7.8 0.00 0.5 11.0 13:00 NNW 8 77.8 92.7 16:29 62.9 5:00 0.0 12.8 0.00 0.6 8.0 8:12 E 9 73.4 80.9 13:52 66.0 23:19 0.0 8.4 0.00 2.1 17.0 15:05 N 10 77.4 88.8 16:02 66.1 0:01 0.0 12.4 0.00 0.8 10.0 0:08 NE 11 79.4 89.3 14:11 69.4 4:37 0.0 14.4 0.00 0.3 10.0 15:04 E 12 82.1 92.1 15:23 72.0 4:38 0.0 17.1 0.00 0.7 13.0 10:51 SW 13 84.0 93.6 15:55 74.4 6:37 0.0 19.0 0.00 1.3 20.0 11:13 SSW 14 74.9 81.8 11:52 68.1 23:55 0.0 9.9 0.01 4.0 30.0 12:03 W 15 67.1 74.9 12:01 59.2 6:43 0.0 2.1 0.00 2.3 17.0 16:18 N 16 64.7 76.5 16:51 52.9 5:33 0.3 0.0 0.00 1.6 17.0 16:08 N 17 67.3 82.0 16:46 52.5 6:37 0.0 2.3 0.00 1.3 18.0 12:59 N 18 69.5 85.9 15:50 53.1 5:49 0.0 4.5 0.00 1.5 17.0 11:24 E 19 70.8 84.5 14:11 57.0 6:19 0.0 5.8 0.00 0.5 11.0 11:07 SE 20 70.1 77.2 14:49 62.9 0:11 0.0 5.1 0.00 0.2 7.0 13:38 NW 21 71.8 84.1 16:32 59.5 4:40 0.0 6.8 0.00 0.3 12.0 14:46 N 22 23 24 25 26 64.3 79.9 15:52 48.8 5:21 0.7 0.0 0.00 2.6 20.0 12:32 N 27 69.2 81.2 16:43 57.2 6:44 0.0 4.2 0.00 1.2 14.0 12:26 N 28 71.0 84.5 16:00 57.5 6:12 0.0 6.0 0.00 1.2 15.0 14:30 N 29 68.9 85.9 16:53 51.9 6:40 0.0 3.9 0.00 0.5 13.0 13:40 N 30 67.6 76.7 16:29 58.6 23:59 0.0 2.6 0.00 2.1 17.0 2:06 NNW ------------------------------------------------------------------------------------- 73.3 93.6 13 48.8 26 1.0 217.0 0.20 1.2 30.0 14 N Max >= 90.0: 5 Max <= 32.0: 0 Min <= 32.0: 0 Min <= 0.0: 0 Max Rain: 0.19 ON 09/05/08 Days of Rain: 1 (>.01 in) 1 (>.1 in) 0 (>1 in) Heat Base: 65.0 Cool Base: 65.0 Method: (High + Low) / 2