Warning: file(http://www.wunderground.com/climate/extremes.asp): failed to open stream: HTTP request failed! HTTP/1.0 500 Internal Server Error in /homepages/6/d330860172/htdocs/usaextremes.php on line 55

Warning: implode(): Invalid arguments passed in /homepages/6/d330860172/htdocs/usaextremes.php on line 55

NOAA Style Climate Reports for Lebanon, TN

NOAA style reports

NOAA-style Climate Reports

2018: Jan | Feb | Mar | Apr | May | Jun | Jul | Aug | Sep | Oct | Nov | Dec 
2017: Jan | Feb | Mar | Apr | May | Jun | Jul | Aug | Sep | Oct | Nov | Dec 
2016: Jan | Feb | Mar | Apr | May | Jun | Jul | Aug | Sep | Oct | Nov | Dec 
2015: Jan | Feb | Mar | Apr | May | Jun | Jul | Aug | Sep | Oct | Nov | Dec 
2014: Jan | Feb | Mar | Apr | May | Jun | Jul | Aug | Sep | Oct | Nov | Dec 
2013: Jan | Feb | Mar | Apr | May | Jun | Jul | Aug | Sep | Oct | Nov | Dec 
2012: Jan | Feb | Mar | Apr | May | Jun | Jul | Aug | Sep | Oct | Nov | Dec 
2011: Jan | Feb | Mar | Apr | May | Jun | Jul | Aug | Sep | Oct | Nov | Dec 
2010: Jan | Feb | Mar | Apr | May | Jun | Jul | Aug | Sep | Oct | Nov | Dec 
2009: Jan | Feb | Mar | Apr | May | Jun | Jul | Aug | Sep | Oct | Nov | Dec 
2008: Jan | Feb | Mar | Apr | May | Jun | Jul | Aug | Sep | Oct | Nov | Dec 
2007: Jan | Feb | Mar | Apr | May | Jun | Jul | Aug | Sep | Oct | Nov | Dec 
2006: Jan | Feb | Mar | Apr | May | Jun | Jul | Aug | Sep | Oct | Nov | Dec 
2005: Jan | Feb | Mar | Apr | May | Jun | Jul | Aug | Sep | Oct | Nov | Dec 
2004: Jan | Feb | Mar | Apr | May | Jun | Jul | Aug | Sep | Oct | Nov | Dec 
2003: Jan | Feb | Mar | Apr | May | Jun | Jul | Aug | Sep | Oct | Nov | Dec 
2002: Jan | Feb | Mar | Apr | May | Jun | Jul | Aug | Sep | Oct | Nov | Dec 
2001: Jan | Feb | Mar | Apr | May | Jun | Jul | Aug | Sep | Oct | Nov | Dec 
2000: Jan | Feb | Mar | Apr | May | Jun | Jul | Aug | Sep | Oct | Nov | Dec 
1999: Jan | Feb | Mar | Apr | May | Jun | Jul | Aug | Sep | Oct | Nov | Dec 
1998: Jan | Feb | Mar | Apr | May | Jun | Jul | Aug | Sep | Oct | Nov | Dec 
1997: Jan | Feb | Mar | Apr | May | Jun | Jul | Aug | Sep | Oct | Nov | Dec 
1996: Jan | Feb | Mar | Apr | May | Jun | Jul | Aug | Sep | Oct | Nov | Dec 
1995: Jan | Feb | Mar | Apr | May | Jun | Jul | Aug | Sep | Oct | Nov | Dec 

Report for 2008 10
MONTHLY CLIMATOLOGICAL SUMMARY for OCT. 2008 NAME: HornSpri CITY: Lebanon STATE: TN ELEV: 612 ft LAT: 36 14' 05" N LONG: 86 22' 55" W TEMPERATURE (F), RAIN (in), WIND SPEED (mph) HEAT COOL AVG MEAN DEG DEG WIND DOM DAY TEMP HIGH TIME LOW TIME DAYS DAYS RAIN SPEED HIGH TIME DIR ------------------------------------------------------------------------------------ 1 58.4 71.8 16:17 44.9 7:00 6.6 0.0 0.00 2.4 20.0 16:27 NNW 2 55.8 71.3 16:25 40.2 6:50 9.3 0.0 0.00 0.7 13.0 14:37 N 3 58.3 76.7 16:21 39.9 5:56 6.7 0.0 0.00 0.5 13.0 12:29 N 4 61.8 81.2 16:49 42.5 6:44 3.2 0.0 0.00 0.5 12.0 13:39 N 5 66.4 84.3 16:51 48.6 6:41 0.0 1.4 0.00 0.3 12.0 14:12 WSW 6 70.0 85.5 14:03 54.5 6:25 0.0 5.0 0.00 0.8 16.0 13:45 SE 7 65.8 75.1 9:56 56.5 3:14 0.0 0.8 0.45 1.0 13.0 15:56 ESE 8 69.6 76.1 16:29 63.1 3:02 0.0 4.6 1.71 1.3 20.0 2:52 N 9 66.6 77.2 16:24 55.9 23:57 0.0 1.6 0.00 1.1 13.0 15:41 N 10 67.0 81.1 16:38 52.9 5:06 0.0 2.0 0.00 0.3 8.0 8:34 E 11 71.7 83.4 13:48 59.9 6:17 0.0 6.7 0.00 0.5 11.0 11:58 E 12 72.3 83.6 13:19 61.0 6:45 0.0 7.3 0.00 1.5 17.0 10:49 SE 13 70.6 81.6 12:35 59.6 6:59 0.0 5.6 0.00 0.4 14.0 10:35 SE 14 71.9 81.4 14:41 62.4 23:51 0.0 6.9 0.00 0.1 7.0 13:09 W 15 69.3 80.5 12:13 58.1 6:35 0.0 4.3 0.00 1.0 14.0 11:30 WSW 16 61.4 67.3 9:13 55.4 23:35 3.6 0.0 0.14 1.1 12.0 22:51 N 17 56.4 64.3 16:06 48.5 00:00 8.6 0.0 0.00 1.6 17.0 10:43 N 18 19 51.2 63.9 16:15 38.5 8:14 13.8 0.0 0.00 0.6 10.0 11:43 E 20 58.9 68.3 15:20 49.4 23:02 6.1 0.0 0.00 0.9 13.0 12:10 WSW 21 52.7 63.2 15:16 42.2 00:00 12.3 0.0 0.00 0.7 12.0 11:03 NE 22 51.4 66.6 15:48 36.2 7:04 13.6 0.0 0.00 1.5 13.0 14:42 E 23 55.5 70.1 12:35 40.9 7:01 9.5 0.0 0.01 1.8 17.0 10:24 E 24 50.0 52.8 16:59 47.3 20:28 15.0 0.0 1.81 1.2 16.0 13:01 ESE 25 50.8 59.5 14:34 42.1 23:06 14.2 0.0 0.01 1.6 18.0 11:09 W 26 56.8 71.5 15:47 42.2 3:31 8.2 0.0 0.00 2.5 22.0 23:59 WSW 27 46.5 55.1 0:01 37.9 7:28 18.5 0.0 0.00 5.2 25.0 0:21 NNW 28 40.2 48.9 15:31 31.5 23:56 24.8 0.0 0.00 3.5 21.0 3:08 NNW 29 43.6 58.7 16:06 28.5 5:52 21.4 0.0 0.00 1.8 17.0 15:13 WSW 30 47.8 65.0 13:45 30.7 7:16 17.2 0.0 0.00 0.2 8.0 13:56 E 31 52.5 69.1 14:01 36.0 6:21 12.5 0.0 0.00 0.2 8.0 10:57 WSW ------------------------------------------------------------------------------------- 59.0 85.5 6 28.5 29 224.9 46.2 4.13 1.2 25.0 27 N Max >= 90.0: 0 Max <= 32.0: 0 Min <= 32.0: 3 Min <= 0.0: 0 Max Rain: 1.81 ON 10/24/08 Days of Rain: 4 (>.01 in) 4 (>.1 in) 2 (>1 in) Heat Base: 65.0 Cool Base: 65.0 Method: (High + Low) / 2