Warning: file(http://www.wunderground.com/climate/extremes.asp): failed to open stream: HTTP request failed! HTTP/1.0 500 Internal Server Error in /homepages/6/d330860172/htdocs/usaextremes.php on line 55

Warning: implode(): Invalid arguments passed in /homepages/6/d330860172/htdocs/usaextremes.php on line 55

NOAA Style Climate Reports for Lebanon, TN

NOAA style reports

NOAA-style Climate Reports

2018: Jan | Feb | Mar | Apr | May | Jun | Jul | Aug | Sep | Oct | Nov | Dec 
2017: Jan | Feb | Mar | Apr | May | Jun | Jul | Aug | Sep | Oct | Nov | Dec 
2016: Jan | Feb | Mar | Apr | May | Jun | Jul | Aug | Sep | Oct | Nov | Dec 
2015: Jan | Feb | Mar | Apr | May | Jun | Jul | Aug | Sep | Oct | Nov | Dec 
2014: Jan | Feb | Mar | Apr | May | Jun | Jul | Aug | Sep | Oct | Nov | Dec 
2013: Jan | Feb | Mar | Apr | May | Jun | Jul | Aug | Sep | Oct | Nov | Dec 
2012: Jan | Feb | Mar | Apr | May | Jun | Jul | Aug | Sep | Oct | Nov | Dec 
2011: Jan | Feb | Mar | Apr | May | Jun | Jul | Aug | Sep | Oct | Nov | Dec 
2010: Jan | Feb | Mar | Apr | May | Jun | Jul | Aug | Sep | Oct | Nov | Dec 
2009: Jan | Feb | Mar | Apr | May | Jun | Jul | Aug | Sep | Oct | Nov | Dec 
2008: Jan | Feb | Mar | Apr | May | Jun | Jul | Aug | Sep | Oct | Nov | Dec 
2007: Jan | Feb | Mar | Apr | May | Jun | Jul | Aug | Sep | Oct | Nov | Dec 
2006: Jan | Feb | Mar | Apr | May | Jun | Jul | Aug | Sep | Oct | Nov | Dec 
2005: Jan | Feb | Mar | Apr | May | Jun | Jul | Aug | Sep | Oct | Nov | Dec 
2004: Jan | Feb | Mar | Apr | May | Jun | Jul | Aug | Sep | Oct | Nov | Dec 
2003: Jan | Feb | Mar | Apr | May | Jun | Jul | Aug | Sep | Oct | Nov | Dec 
2002: Jan | Feb | Mar | Apr | May | Jun | Jul | Aug | Sep | Oct | Nov | Dec 
2001: Jan | Feb | Mar | Apr | May | Jun | Jul | Aug | Sep | Oct | Nov | Dec 
2000: Jan | Feb | Mar | Apr | May | Jun | Jul | Aug | Sep | Oct | Nov | Dec 
1999: Jan | Feb | Mar | Apr | May | Jun | Jul | Aug | Sep | Oct | Nov | Dec 
1998: Jan | Feb | Mar | Apr | May | Jun | Jul | Aug | Sep | Oct | Nov | Dec 
1997: Jan | Feb | Mar | Apr | May | Jun | Jul | Aug | Sep | Oct | Nov | Dec 
1996: Jan | Feb | Mar | Apr | May | Jun | Jul | Aug | Sep | Oct | Nov | Dec 
1995: Jan | Feb | Mar | Apr | May | Jun | Jul | Aug | Sep | Oct | Nov | Dec 

Report for 2008 11
MONTHLY CLIMATOLOGICAL SUMMARY for NOV. 2008 NAME: HornSpri CITY: Lebanon STATE: TN ELEV: 612 ft LAT: 36 14' 05" N LONG: 86 22' 55" W TEMPERATURE (F), RAIN (in), WIND SPEED (mph) HEAT COOL AVG MEAN DEG DEG WIND DOM DAY TEMP HIGH TIME LOW TIME DAYS DAYS RAIN SPEED HIGH TIME DIR ------------------------------------------------------------------------------------ 1 53.8 70.3 13:25 37.2 7:25 11.3 0.0 0.00 0.1 6.0 11:38 WSW 2 57.8 71.8 12:54 43.8 23:52 7.2 0.0 0.00 0.2 7.0 12:34 NE 3 56.3 74.0 12:20 38.6 6:22 8.7 0.0 0.00 0.2 11.0 11:44 NE 4 56.2 72.0 13:43 40.3 6:21 8.8 0.0 0.00 0.2 8.0 10:33 W 5 56.8 74.0 12:54 39.5 6:22 8.3 0.0 0.00 0.1 7.0 12:01 SSE 6 57.8 74.0 13:06 41.6 5:33 7.2 0.0 0.00 0.9 19.0 11:25 SW 7 53.3 65.6 0:02 40.9 23:56 11.8 0.0 0.42 1.1 16.0 19:53 WSW 8 48.3 57.3 13:41 39.3 5:15 16.7 0.0 0.00 3.1 20.0 12:29 WNW 9 39.8 44.1 0:01 35.6 23:59 25.2 0.0 0.00 1.2 11.0 7:57 WNW 10 38.5 50.2 12:36 26.7 6:08 26.5 0.0 0.00 0.2 8.0 12:39 NNE 11 47.1 54.7 14:27 39.5 4:49 17.9 0.0 0.04 1.2 14.0 10:30 E 12 52.2 56.6 11:09 47.7 3:52 12.8 0.0 0.45 1.8 15.0 5:03 ESE 13 56.5 60.5 14:25 52.6 18:56 8.5 0.0 0.03 0.5 11.0 0:44 WSW 14 57.5 63.1 14:39 52.0 00:00 7.5 0.0 0.17 0.9 26.0 23:48 SW 15 44.8 52.0 0:01 37.5 23:37 20.3 0.0 0.16 5.9 27.0 10:45 WNW 16 39.7 44.3 15:38 35.0 8:19 25.3 0.0 0.00 3.0 17.0 11:05 SW 17 39.7 47.0 12:21 32.4 5:48 25.3 0.0 0.00 3.5 21.0 22:43 N 18 30.9 40.1 13:00 21.8 23:35 34.1 0.0 0.00 2.3 18.0 10:12 N 19 35.0 50.5 15:34 19.4 4:57 30.0 0.0 0.00 1.8 22.0 13:53 WSW 20 37.4 47.3 12:13 27.5 6:28 27.6 0.0 0.00 4.4 28.0 23:19 N 21 25.7 34.9 14:36 16.5 23:55 39.3 0.0 0.00 3.5 24.0 5:07 N 22 27.2 39.2 14:14 15.1 4:45 37.8 0.0 0.00 0.6 10.0 17:59 E 23 38.4 54.7 13:03 22.1 6:44 26.6 0.0 0.01 1.8 16.0 12:11 SW 24 42.2 52.9 13:36 31.5 23:54 22.8 0.0 0.61 4.9 26.0 13:46 SSW 25 53.0 80.8 22:10 25.1 23:56 12.0 0.0 0.00 2.8 25.0 8:53 WSW 26 40.8 59.2 14:33 22.4 4:27 24.2 0.0 0.00 1.9 17.0 12:56 SW 27 48.1 60.4 14:38 35.8 7:09 16.9 0.0 0.00 1.0 12.0 14:13 WSW 28 44.5 52.5 13:30 36.6 0:58 20.5 0.0 0.00 0.7 12.0 11:06 NNE 29 47.8 55.0 13:34 40.5 1:37 17.3 0.0 0.06 1.4 16.0 14:12 ESE 30 43.4 50.1 4:02 36.8 22:49 21.6 0.0 0.11 4.9 22.0 15:08 WSW ------------------------------------------------------------------------------------- 45.7 80.8 25 15.1 22 579.8 0.0 2.06 1.9 28.0 20 WSW Max >= 90.0: 0 Max <= 32.0: 0 Min <= 32.0: 10 Min <= 0.0: 0 Max Rain: 0.61 ON 11/24/08 Days of Rain: 9 (>.01 in) 6 (>.1 in) 0 (>1 in) Heat Base: 65.0 Cool Base: 65.0 Method: (High + Low) / 2