Warning: file(http://www.wunderground.com/climate/extremes.asp): failed to open stream: HTTP request failed! HTTP/1.0 500 Internal Server Error in /homepages/6/d330860172/htdocs/usaextremes.php on line 55

Warning: implode(): Invalid arguments passed in /homepages/6/d330860172/htdocs/usaextremes.php on line 55

NOAA Style Climate Reports for Lebanon, TN

NOAA style reports

NOAA-style Climate Reports

2018: Jan | Feb | Mar | Apr | May | Jun | Jul | Aug | Sep | Oct | Nov | Dec 
2017: Jan | Feb | Mar | Apr | May | Jun | Jul | Aug | Sep | Oct | Nov | Dec 
2016: Jan | Feb | Mar | Apr | May | Jun | Jul | Aug | Sep | Oct | Nov | Dec 
2015: Jan | Feb | Mar | Apr | May | Jun | Jul | Aug | Sep | Oct | Nov | Dec 
2014: Jan | Feb | Mar | Apr | May | Jun | Jul | Aug | Sep | Oct | Nov | Dec 
2013: Jan | Feb | Mar | Apr | May | Jun | Jul | Aug | Sep | Oct | Nov | Dec 
2012: Jan | Feb | Mar | Apr | May | Jun | Jul | Aug | Sep | Oct | Nov | Dec 
2011: Jan | Feb | Mar | Apr | May | Jun | Jul | Aug | Sep | Oct | Nov | Dec 
2010: Jan | Feb | Mar | Apr | May | Jun | Jul | Aug | Sep | Oct | Nov | Dec 
2009: Jan | Feb | Mar | Apr | May | Jun | Jul | Aug | Sep | Oct | Nov | Dec 
2008: Jan | Feb | Mar | Apr | May | Jun | Jul | Aug | Sep | Oct | Nov | Dec 
2007: Jan | Feb | Mar | Apr | May | Jun | Jul | Aug | Sep | Oct | Nov | Dec 
2006: Jan | Feb | Mar | Apr | May | Jun | Jul | Aug | Sep | Oct | Nov | Dec 
2005: Jan | Feb | Mar | Apr | May | Jun | Jul | Aug | Sep | Oct | Nov | Dec 
2004: Jan | Feb | Mar | Apr | May | Jun | Jul | Aug | Sep | Oct | Nov | Dec 
2003: Jan | Feb | Mar | Apr | May | Jun | Jul | Aug | Sep | Oct | Nov | Dec 
2002: Jan | Feb | Mar | Apr | May | Jun | Jul | Aug | Sep | Oct | Nov | Dec 
2001: Jan | Feb | Mar | Apr | May | Jun | Jul | Aug | Sep | Oct | Nov | Dec 
2000: Jan | Feb | Mar | Apr | May | Jun | Jul | Aug | Sep | Oct | Nov | Dec 
1999: Jan | Feb | Mar | Apr | May | Jun | Jul | Aug | Sep | Oct | Nov | Dec 
1998: Jan | Feb | Mar | Apr | May | Jun | Jul | Aug | Sep | Oct | Nov | Dec 
1997: Jan | Feb | Mar | Apr | May | Jun | Jul | Aug | Sep | Oct | Nov | Dec 
1996: Jan | Feb | Mar | Apr | May | Jun | Jul | Aug | Sep | Oct | Nov | Dec 
1995: Jan | Feb | Mar | Apr | May | Jun | Jul | Aug | Sep | Oct | Nov | Dec 

Report for 2008 12
MONTHLY CLIMATOLOGICAL SUMMARY for DEC. 2008 NAME: HornSpri CITY: Lebanon STATE: TN ELEV: 612 ft LAT: 36 14' 05" N LONG: 86 22' 55" W TEMPERATURE (F), RAIN (in), WIND SPEED (mph) HEAT COOL AVG MEAN DEG DEG WIND DOM DAY TEMP HIGH TIME LOW TIME DAYS DAYS RAIN SPEED HIGH TIME DIR ------------------------------------------------------------------------------------ 1 35.3 37.0 0:01 33.7 4:27 29.7 0.0 0.06 6.0 20.0 3:55 WSW 2 32.7 43.2 13:36 22.2 6:51 32.3 0.0 0.00 2.4 18.0 1:56 SW 3 46.3 58.4 14:40 34.3 2:09 18.7 0.0 0.01 5.5 27.0 14:14 S 4 38.7 52.6 0:01 24.7 23:55 26.3 0.0 0.49 4.0 24.0 4:10 N 5 24.3 30.7 12:52 17.8 21:17 40.8 0.0 0.00 0.8 11.0 11:40 NNE 6 29.4 40.2 15:32 18.6 1:49 35.6 0.0 0.00 1.8 19.0 23:42 WSW 7 26.2 32.4 0:01 19.9 6:40 38.8 0.0 0.00 2.0 21.0 0:29 N 8 40.3 54.1 13:28 26.6 0:02 24.7 0.0 0.00 2.9 18.0 23:15 S 9 54.5 59.2 11:05 49.8 0:33 10.5 0.0 2.21 4.5 22.0 3:19 S 10 46.3 54.7 0:02 38.0 22:48 18.7 0.0 0.54 3.7 21.0 2:31 N 11 33.8 38.2 0:05 29.4 23:58 31.2 0.0 0.58 5.4 27.0 11:50 NNE 12 31.3 39.2 12:42 23.3 00:00 33.8 0.0 0.02 1.4 19.0 9:53 NNW 13 32.2 43.3 15:07 21.1 6:20 32.8 0.0 0.00 0.8 12.0 13:28 S 14 47.8 58.7 14:08 36.8 1:48 17.3 0.0 0.00 6.7 26.0 12:53 S 15 43.8 58.4 7:48 29.1 23:47 21.3 0.0 0.36 5.8 24.0 0:06 N 16 36.5 44.1 23:10 29.0 0:29 28.5 0.0 0.31 1.9 17.0 1:23 NE 17 39.4 43.3 0:01 35.6 12:16 25.6 0.0 0.08 0.7 12.0 3:12 NNW 18 43.0 48.0 23:35 38.0 0:01 22.0 0.0 0.02 0.2 10.0 7:51 NE 19 55.6 71.8 13:05 39.3 23:54 9.4 0.0 0.01 7.0 30.0 9:29 SSW 20 43.9 52.5 18:55 35.3 5:37 21.1 0.0 0.21 2.3 24.0 22:26 NW 21 26.0 37.8 0:01 14.1 23:56 39.0 0.0 0.00 6.9 25.0 17:34 NNW 22 14.8 22.4 23:58 7.2 6:14 50.2 0.0 0.00 1.4 19.0 1:00 N 23 35.9 49.4 22:37 22.4 0:01 29.1 0.0 0.02 3.4 20.0 23:16 S 24 46.9 59.8 11:45 34.0 00:00 18.1 0.0 1.10 7.0 36.0 13:35 S 25 37.2 45.4 15:24 29.0 7:16 27.8 0.0 0.00 1.0 12.0 9:09 E 26 50.7 65.0 13:02 36.3 0:01 14.3 0.0 0.02 3.7 17.0 14:40 SSW 27 64.9 68.3 14:43 61.6 6:24 0.1 0.0 0.30 7.6 28.0 23:41 S 28 45.6 61.8 0:01 29.4 23:54 19.4 0.0 0.21 3.4 34.0 1:08 WNW 29 40.4 55.6 15:34 25.3 6:55 24.6 0.0 0.01 1.3 15.0 14:21 WSW 30 45.0 61.5 14:42 28.5 6:38 20.0 0.0 0.00 3.1 20.0 21:26 SW 31 36.5 50.5 0:03 22.4 23:59 28.5 0.0 0.00 6.4 30.0 3:51 N ------------------------------------------------------------------------------------- 39.5 71.8 19 7.2 22 789.9 0.0 6.56 3.6 36.0 24 S Max >= 90.0: 0 Max <= 32.0: 2 Min <= 32.0: 19 Min <= 0.0: 0 Max Rain: 2.21 ON 12/09/08 Days of Rain: 16 (>.01 in) 10 (>.1 in) 2 (>1 in) Heat Base: 65.0 Cool Base: 65.0 Method: (High + Low) / 2