Warning: file(http://www.wunderground.com/climate/extremes.asp): failed to open stream: HTTP request failed! HTTP/1.0 500 Internal Server Error in /homepages/6/d330860172/htdocs/usaextremes.php on line 55

Warning: implode(): Invalid arguments passed in /homepages/6/d330860172/htdocs/usaextremes.php on line 55

NOAA Style Climate Reports for Lebanon, TN

NOAA style reports

NOAA-style Climate Reports

2018: Jan | Feb | Mar | Apr | May | Jun | Jul | Aug | Sep | Oct | Nov | Dec 
2017: Jan | Feb | Mar | Apr | May | Jun | Jul | Aug | Sep | Oct | Nov | Dec 
2016: Jan | Feb | Mar | Apr | May | Jun | Jul | Aug | Sep | Oct | Nov | Dec 
2015: Jan | Feb | Mar | Apr | May | Jun | Jul | Aug | Sep | Oct | Nov | Dec 
2014: Jan | Feb | Mar | Apr | May | Jun | Jul | Aug | Sep | Oct | Nov | Dec 
2013: Jan | Feb | Mar | Apr | May | Jun | Jul | Aug | Sep | Oct | Nov | Dec 
2012: Jan | Feb | Mar | Apr | May | Jun | Jul | Aug | Sep | Oct | Nov | Dec 
2011: Jan | Feb | Mar | Apr | May | Jun | Jul | Aug | Sep | Oct | Nov | Dec 
2010: Jan | Feb | Mar | Apr | May | Jun | Jul | Aug | Sep | Oct | Nov | Dec 
2009: Jan | Feb | Mar | Apr | May | Jun | Jul | Aug | Sep | Oct | Nov | Dec 
2008: Jan | Feb | Mar | Apr | May | Jun | Jul | Aug | Sep | Oct | Nov | Dec 
2007: Jan | Feb | Mar | Apr | May | Jun | Jul | Aug | Sep | Oct | Nov | Dec 
2006: Jan | Feb | Mar | Apr | May | Jun | Jul | Aug | Sep | Oct | Nov | Dec 
2005: Jan | Feb | Mar | Apr | May | Jun | Jul | Aug | Sep | Oct | Nov | Dec 
2004: Jan | Feb | Mar | Apr | May | Jun | Jul | Aug | Sep | Oct | Nov | Dec 
2003: Jan | Feb | Mar | Apr | May | Jun | Jul | Aug | Sep | Oct | Nov | Dec 
2002: Jan | Feb | Mar | Apr | May | Jun | Jul | Aug | Sep | Oct | Nov | Dec 
2001: Jan | Feb | Mar | Apr | May | Jun | Jul | Aug | Sep | Oct | Nov | Dec 
2000: Jan | Feb | Mar | Apr | May | Jun | Jul | Aug | Sep | Oct | Nov | Dec 
1999: Jan | Feb | Mar | Apr | May | Jun | Jul | Aug | Sep | Oct | Nov | Dec 
1998: Jan | Feb | Mar | Apr | May | Jun | Jul | Aug | Sep | Oct | Nov | Dec 
1997: Jan | Feb | Mar | Apr | May | Jun | Jul | Aug | Sep | Oct | Nov | Dec 
1996: Jan | Feb | Mar | Apr | May | Jun | Jul | Aug | Sep | Oct | Nov | Dec 
1995: Jan | Feb | Mar | Apr | May | Jun | Jul | Aug | Sep | Oct | Nov | Dec 

Report for 2009
ANNUAL CLIMATOLOGICAL SUMMARY NAME: HornSpri CITY: Lebanon STATE: TN ELEV: 612 ft LAT: 36 14' 05" N LONG: 86 22' 54" W TEMPERATURE (F), HEAT BASE 65.0, COOL BASE 65.0 DEP. HEAT COOL MEAN MEAN FROM DEG DEG MAX MAX MIN MIN YR MO MAX MIN MEAN NORM DAYS DAYS HI DATE LOW DATE >=90 <=32 <=32 <=0 ------------------------------------------------------------------------------------ 09 1 43.6 25.0 34.3 -0.9 951 0 63.2 4 2.6 16 0 3 23 0 09 2 53.2 31.7 42.5 3.3 631 0 70.9 9 6.0 5 0 1 14 0 09 3 61.5 41.0 51.2 3.1 434 7 77.9 10 14.3 3 0 0 7 0 09 4 69.9 47.1 58.5 1.7 252 57 86.5 25 33.7 7 0 0 0 0 09 5 75.5 57.9 66.7 1.0 56 108 86.5 31 39.8 18 0 0 0 0 09 6 87.6 65.5 76.6 2.3 0 347 93.8 26 49.8 6 9 0 0 0 09 7 83.9 64.5 74.2 -4.1 1 286 89.9 4 53.5 19 0 0 0 0 09 8 86.3 65.9 76.1 -0.6 0 344 93.6 9 55.6 24 8 0 0 0 09 9 80.3 62.2 71.2 1.4 20 207 87.6 7 44.2 30 0 0 0 0 09 10 65.1 46.4 55.7 -2.3 294 7 84.9 9 30.9 18 0 0 2 0 09 11 61.2 38.7 49.9 1.8 452 0 73.0 7 27.5 30 0 0 5 0 09 12 46.7 29.9 38.3 -0.8 829 0 64.2 14 14.4 11 0 0 20 0 ------------------------------------------------------------------------------------ 67.9 48.0 58.0 0.5 3921 1363 93.8 JUN 2.6 JAN 17 4 71 0 PRECIPITATION (in) DEP. MAX DAYS OF RAIN FROM OBS. OVER YR MO TOTAL NORM DAY DATE .01 .1 1 --------------------------------------------- 09 1 5.03 0.47 1.68 27 9 6 1 09 2 3.01 -1.16 0.88 18 9 6 0 09 3 3.73 -1.85 1.13 14 10 7 1 09 4 4.52 0.14 1.69 2 15 7 2 09 5 8.04 2.80 2.39 1 15 11 2 09 6 2.33 -2.25 0.93 11 7 5 0 09 7 4.14 -0.57 1.17 22 12 9 1 09 8 2.75 -1.27 0.95 4 10 4 0 09 9 14.06 10.06 3.70 15 10 10 6 09 10 5.82 2.42 0.90 31 14 11 0 09 11 0.93 -3.69 0.52 30 5 2 0 09 12 4.66 -0.55 1.80 8 11 8 2 --------------------------------------------- 59.02 4.55 3.70 SEP 127 86 15 WIND SPEED (mph) DOM YR MO AVG. HI DATE DIR --------------------------------- 09 1 3.2 31.0 14 SW 09 2 4.3 47.0 11 SW 09 3 3.4 31.0 1 SSW 09 4 3.0 35.0 10 SW 09 5 1.1 34.0 27 WSW 09 6 1.0 39.0 22 WSW 09 7 0.9 29.0 26 WSW 09 8 0.6 31.0 4 WSW 09 9 0.6 25.0 28 WSW 09 10 1.3 30.0 9 WSW 09 11 1.0 21.0 11 SW 09 12 2.5 42.0 9 SW --------------------------------- 1.9 47.0 FEB WSW