Warning: file(http://www.wunderground.com/climate/extremes.asp): failed to open stream: HTTP request failed! HTTP/1.0 500 Internal Server Error in /homepages/6/d330860172/htdocs/usaextremes.php on line 55

Warning: implode(): Invalid arguments passed in /homepages/6/d330860172/htdocs/usaextremes.php on line 55

NOAA Style Climate Reports for Lebanon, TN

NOAA style reports

NOAA-style Climate Reports

2018: Jan | Feb | Mar | Apr | May | Jun | Jul | Aug | Sep | Oct | Nov | Dec 
2017: Jan | Feb | Mar | Apr | May | Jun | Jul | Aug | Sep | Oct | Nov | Dec 
2016: Jan | Feb | Mar | Apr | May | Jun | Jul | Aug | Sep | Oct | Nov | Dec 
2015: Jan | Feb | Mar | Apr | May | Jun | Jul | Aug | Sep | Oct | Nov | Dec 
2014: Jan | Feb | Mar | Apr | May | Jun | Jul | Aug | Sep | Oct | Nov | Dec 
2013: Jan | Feb | Mar | Apr | May | Jun | Jul | Aug | Sep | Oct | Nov | Dec 
2012: Jan | Feb | Mar | Apr | May | Jun | Jul | Aug | Sep | Oct | Nov | Dec 
2011: Jan | Feb | Mar | Apr | May | Jun | Jul | Aug | Sep | Oct | Nov | Dec 
2010: Jan | Feb | Mar | Apr | May | Jun | Jul | Aug | Sep | Oct | Nov | Dec 
2009: Jan | Feb | Mar | Apr | May | Jun | Jul | Aug | Sep | Oct | Nov | Dec 
2008: Jan | Feb | Mar | Apr | May | Jun | Jul | Aug | Sep | Oct | Nov | Dec 
2007: Jan | Feb | Mar | Apr | May | Jun | Jul | Aug | Sep | Oct | Nov | Dec 
2006: Jan | Feb | Mar | Apr | May | Jun | Jul | Aug | Sep | Oct | Nov | Dec 
2005: Jan | Feb | Mar | Apr | May | Jun | Jul | Aug | Sep | Oct | Nov | Dec 
2004: Jan | Feb | Mar | Apr | May | Jun | Jul | Aug | Sep | Oct | Nov | Dec 
2003: Jan | Feb | Mar | Apr | May | Jun | Jul | Aug | Sep | Oct | Nov | Dec 
2002: Jan | Feb | Mar | Apr | May | Jun | Jul | Aug | Sep | Oct | Nov | Dec 
2001: Jan | Feb | Mar | Apr | May | Jun | Jul | Aug | Sep | Oct | Nov | Dec 
2000: Jan | Feb | Mar | Apr | May | Jun | Jul | Aug | Sep | Oct | Nov | Dec 
1999: Jan | Feb | Mar | Apr | May | Jun | Jul | Aug | Sep | Oct | Nov | Dec 
1998: Jan | Feb | Mar | Apr | May | Jun | Jul | Aug | Sep | Oct | Nov | Dec 
1997: Jan | Feb | Mar | Apr | May | Jun | Jul | Aug | Sep | Oct | Nov | Dec 
1996: Jan | Feb | Mar | Apr | May | Jun | Jul | Aug | Sep | Oct | Nov | Dec 
1995: Jan | Feb | Mar | Apr | May | Jun | Jul | Aug | Sep | Oct | Nov | Dec 

Report for 2009 01
MONTHLY CLIMATOLOGICAL SUMMARY for JAN. 2009 NAME: HornSpri CITY: Lebanon STATE: TN ELEV: 612 ft LAT: 36 14' 05" N LONG: 86 22' 55" W TEMPERATURE (F), RAIN (in), WIND SPEED (mph) HEAT COOL AVG MEAN DEG DEG WIND DOM DAY TEMP HIGH TIME LOW TIME DAYS DAYS RAIN SPEED HIGH TIME DIR ------------------------------------------------------------------------------------ 1 34.1 50.5 15:12 17.7 6:27 30.9 0.0 0.00 2.6 16.0 13:56 SSW 2 48.8 56.2 13:15 41.3 4:15 16.3 0.0 0.00 1.8 15.0 2:27 SW 3 52.4 61.2 20:46 43.6 2:35 12.6 0.0 0.04 2.0 13.0 19:54 S 4 50.6 63.2 10:14 37.9 23:59 14.4 0.0 0.31 3.5 18.0 8:59 SW 5 36.3 40.3 23:05 32.2 7:05 28.8 0.0 0.60 2.5 14.0 5:14 N 6 43.2 48.6 21:29 37.8 2:28 21.8 0.0 0.97 1.1 13.0 15:03 W 7 41.4 47.3 0:50 35.6 7:22 23.6 0.0 0.06 8.7 30.0 12:28 WSW 8 33.7 43.6 0:23 23.8 22:37 31.3 0.0 0.01 3.9 21.0 12:59 NNW 9 39.0 56.3 15:08 21.6 5:40 26.0 0.0 0.00 2.1 16.0 22:26 S 10 46.8 59.5 13:35 34.0 23:17 18.3 0.0 0.47 7.3 25.0 15:34 SSW 11 29.8 34.0 0:01 25.6 22:08 35.2 0.0 0.00 2.2 17.0 4:14 NNW 12 32.6 42.2 15:46 23.0 2:37 32.4 0.0 0.00 1.4 12.0 13:52 SSW 13 29.0 41.9 9:42 16.1 23:57 36.0 0.0 0.00 4.8 26.0 11:32 NNW 14 31.0 47.3 14:53 14.8 2:09 34.0 0.0 0.00 5.8 31.0 19:13 SW 15 13.6 20.3 0:01 7.0 23:59 51.3 0.0 0.00 4.6 20.0 11:38 N 16 11.1 19.5 16:00 2.6 6:26 54.0 0.0 0.00 0.7 12.0 11:09 N 17 23.7 38.2 23:56 9.2 0:46 41.3 0.0 0.00 5.1 24.0 15:06 SSW 18 39.0 46.0 13:21 31.9 20:57 26.0 0.0 0.00 3.1 19.0 11:56 WSW 19 30.4 38.3 0:34 22.5 23:17 34.6 0.0 0.01 4.0 24.0 12:59 NNW 20 22.8 27.9 14:25 17.8 6:33 42.2 0.0 0.00 4.1 21.0 12:14 NNW 21 27.0 38.0 15:55 15.9 6:06 38.0 0.0 0.00 1.5 17.0 13:52 SW 22 40.7 54.4 16:00 27.0 0:02 24.3 0.0 0.00 3.4 15.0 14:39 SW 23 50.6 59.6 13:06 41.6 00:00 14.4 0.0 0.00 5.7 21.0 21:14 SW 24 30.3 37.6 12:09 22.9 23:55 34.8 0.0 0.02 3.8 18.0 12:18 N 25 25.6 34.7 13:04 16.5 7:06 39.4 0.0 0.00 1.8 14.0 15:05 NNE 26 32.4 37.2 14:38 27.6 5:09 32.6 0.0 0.00 1.2 10.0 21:00 N 27 36.3 41.6 15:33 30.9 2:52 28.8 0.0 1.68 1.1 13.0 18:14 NNE 28 33.7 38.8 0:06 28.5 15:00 31.3 0.0 0.86 3.1 24.0 6:11 NW 29 30.4 35.5 17:20 25.3 20:19 34.6 0.0 0.00 1.7 12.0 21:25 W 30 33.2 41.6 14:59 24.7 23:32 31.8 0.0 0.00 2.8 24.0 14:56 WSW 31 34.9 50.4 15:39 19.4 6:31 30.1 0.0 0.00 2.5 18.0 12:41 SW ------------------------------------------------------------------------------------- 34.3 63.2 4 2.6 16 951.0 0.0 5.03 3.2 31.0 14 SW Max >= 90.0: 0 Max <= 32.0: 3 Min <= 32.0: 23 Min <= 0.0: 0 Max Rain: 1.68 ON 01/27/09 Days of Rain: 9 (>.01 in) 6 (>.1 in) 1 (>1 in) Heat Base: 65.0 Cool Base: 65.0 Method: (High + Low) / 2